000
CXUS55 KABR 171646
CF6ATY
PRELIMINARY LOCAL CLIMATOLOGICAL DATA (WS FORM: F-6)

                                          STATION:   WATERTOWN SD
                                          MONTH:     FEBRUARY
                                          YEAR:      2019
                                          LATITUDE:   44 55 N
                                          LONGITUDE:  97  9 W

  TEMPERATURE IN F:       :PCPN:    SNOW:  WIND      :SUNSHINE: SKY     :PK WND
================================================================================
1   2   3   4   5  6A  6B    7    8   9   10  11  12  13   14  15   16   17  18
                                     12Z  AVG MX 2MIN
DY MAX MIN AVG DEP HDD CDD  WTR  SNW DPTH SPD SPD DIR MIN PSBL S-S WX    SPD DR
================================================================================

 1  23   1  12  -2  53   0 0.00  0.0   17 11.4 20 160   M    M   1        25 160
 2  36  15  26  12  39   0 0.00  0.0   17  7.0 20 170   M    M   0 12     22 170
 3  22  -1  11  -3  54   0 0.01  0.2   16 14.2 24 330   M    M   7 18     31 330
 4  -1  -9  -5 -19  70   0    T    T   17 17.1 25 300   M    M   5 8      35 300
 5   1  -8  -3 -17  68   0 0.02  0.4   17  8.3 15  20   M    M  10 8      19  10
 6   2  -2   0 -15  65   0 0.06  1.5   17 12.8 20 340   M    M  10 18     24 340
 7  -2 -12  -7 -22  72   0 0.08  2.5   21 21.9 31 320   M    M  10 1289   42 320
 8  -5 -23 -14 -29  79   0 0.00  0.0   19  7.4 18 300   M    M   1 18     24 290
 9   3  -7  -2 -18  67   0    T    T   19 10.8 18 120   M    M   4        30 110
10   9  -2   4 -12  61   0 0.10  1.1   19  9.0 15  50   M    M  10 18     22  60
11  19   5  12  -4  53   0 0.08  1.6   19  6.7 13  90   M    M  10 18     21 100
12  18  -7   6 -10  59   0 0.05  0.9   21 13.3 25 290   M    M   5 18     33 310
13  19 -12   4 -13  61   0 0.00  0.0   20  8.6 23 150   M    M   1 18     33 160
14  13  -9   2 -15  63   0 0.02  1.0   20 16.1 28 320   M    M   5 18     36 330
15   5 -18  -6 -23  71   0 0.00  0.0   20  5.7 14 350   M    M   0 18     17 350
16  14  -1   7 -11  58   0 0.00  0.0   19  7.6 15  90   M    M   9        23 100
================================================================================
SM  176  -90       993   0  0.42     9.2 177.9          M       88
================================================================================
AV 11.0 -5.6                              11.1 FASTST   M    M   6    MAX(MPH)
                                 MISC ---->  # 31 320               # 42  320
================================================================================
NOTES:
# LAST OF SEVERAL OCCURRENCES

COLUMN 17 PEAK WIND IN M.P.H.

PRELIMINARY LOCAL CLIMATOLOGICAL DATA (WS FORM: F-6) , PAGE 2

                                          STATION:  WATERTOWN SD
                                          MONTH:    FEBRUARY
                                          YEAR:     2019
                                          LATITUDE:   44 55 N
                                          LONGITUDE:  97  9 W

[TEMPERATURE DATA]      [PRECIPITATION DATA]       SYMBOLS USED IN COLUMN 16

AVERAGE MONTHLY:  2.7   TOTAL FOR MONTH:   0.42    1 = FOG OR MIST
DPTR FM NORMAL: -12.8   DPTR FM NORMAL:    0.15    2 = FOG REDUCING VISIBILITY
HIGHEST:    36 ON  2    GRTST 24HR  0.10 ON 10-10      TO 1/4 MILE OR LESS
LOWEST:    -23 ON  8                               3 = THUNDER
                        SNOW, ICE PELLETS, HAIL    4 = ICE PELLETS
                        TOTAL MONTH:   9.2 INCHES  5 = HAIL
                        GRTST 24HR   2.5 ON  7- 7  6 = FREEZING RAIN OR DRIZZLE
                        GRTST DEPTH:  21 ON 12, 7  7 = DUSTSTORM OR SANDSTORM:
                                                       VSBY 1/2 MILE OR LESS
                                                   8 = SMOKE OR HAZE
[NO. OF DAYS WITH]      [WEATHER - DAYS WITH]      9 = BLOWING SNOW
                                                   X = TORNADO
MAX 32 OR BELOW:  15    0.01 INCH OR MORE:   8
MAX 90 OR ABOVE:   0    0.10 INCH OR MORE:   1
MIN 32 OR BELOW:  16    0.50 INCH OR MORE:   0
MIN  0 OR BELOW:  13    1.00 INCH OR MORE:   0

[HDD (BASE 65) ]
TOTAL THIS MO.   993    CLEAR  (SCALE 0-3)   5
DPTR FM NORMAL   202    PTCLDY (SCALE 4-7)   5
TOTAL FM JUL 1  6234    CLOUDY (SCALE 8-10)  6
DPTR FM NORMAL   361

[CDD (BASE 65) ]
TOTAL THIS MO.     0
DPTR FM NORMAL     0    [PRESSURE DATA]
TOTAL FM JAN 1     0    HIGHEST SLP M ON M
DPTR FM NORMAL     0    LOWEST  SLP 29.63 ON 13

[REMARKS]
