000
CXUS55 KABR 241400
CF6ATY
PRELIMINARY LOCAL CLIMATOLOGICAL DATA (WS FORM: F-6)

                                          STATION:   WATERTOWN SD
                                          MONTH:     APRIL
                                          YEAR:      2019
                                          LATITUDE:   44 55 N
                                          LONGITUDE:  97  9 W

  TEMPERATURE IN F:       :PCPN:    SNOW:  WIND      :SUNSHINE: SKY     :PK WND
================================================================================
1   2   3   4   5  6A  6B    7    8   9   10  11  12  13   14  15   16   17  18
                                     12Z  AVG MX 2MIN
DY MAX MIN AVG DEP HDD CDD  WTR  SNW DPTH SPD SPD DIR MIN PSBL S-S WX    SPD DR
================================================================================

 1  36  25  31  -6  34   0 0.00  0.0    0  9.7 16 270   M    M   8        20 260
 2  48  24  36  -1  29   0    T    T    0 12.2 28 300   M    M   2 1      38 300
 3  45  28  37  -1  28   0 0.00  0.0    0  9.0 17 200   M    M   1        21 200
 4  40  35  38   0  27   0 0.00  0.0    0  9.0 16 150   M    M  10 12     22 110
 5  64  36  50  11  15   0 0.00  0.0    0 10.1 18 100   M    M   7 12     28 110
 6  55  38  47   8  18   0 0.45  0.0    0  8.3 20 150   M    M   8 1238   31 150
 7  65  40  53  13  12   0 0.05  0.0    0 10.7 22 320   M    M   4 13     33 150
 8  65  36  51  11  14   0    T  0.0    0 11.7 26 320   M    M   1 12     36 310
 9  51  30  41   0  24   0 0.00  0.0    0  8.9 20  40   M    M   7 12     25  50
10  31  25  28 -13  37   0 0.85 10.2    2 19.6 32  40   M    M  10 12     45  40
11  27  23  25 -17  40   0 1.26 13.0   16 27.1 38  50   M    M  10 123    54  40
12  31  23  27 -15  38   0 0.26  1.8   25 18.3 30  10   M    M  10 18     37  10
13  37  22  30 -13  35   0    T    T   21  8.4 17 330   M    M   3 1      22 290
14  36  14  25 -18  40   0 0.00  0.0   18  7.7 15 160   M    M   0 12     20 130
15  47  29  38  -6  27   0 0.00  0.0   15  7.7 18 140   M    M   2 1      25 140
16  57  27  42  -2  23   0 0.00  0.0   13  3.8 12  70   M    M   0 128    17  60
17  47  39  43  -2  22   0 0.45  0.0    7 12.4 25  40   M    M   9 13     36  40
18  56  32  44  -1  21   0 0.03  0.0    4 10.0 24 350   M    M   6 12     30 360
19  59  27  43  -3  22   0 0.00  0.0    T  8.7 17 210   M    M   0 1      25 200
20  80  42  61  15   4   0 0.00  0.0    0 11.4 18  30   M    M   0        23  50
21  66  45  56   9   9   0 0.01  0.0    0 19.1 30  20   M    M   2        40  40
22  62  37  50   3  15   0 0.04  0.0    0 16.8 30  30   M    M   5        39  20
23  67  34  51   3  14   0 0.00  0.0    0  9.7 21 190   M    M   0 1      29 200
================================================================================
SM 1172  711       548   0  3.40    25.0 270.3          M      105
================================================================================
AV 51.0 30.9                              11.8 FASTST   M    M   5    MAX(MPH)
                                 MISC ---->  # 38  50               # 54   40
================================================================================
NOTES:
# LAST OF SEVERAL OCCURRENCES

COLUMN 17 PEAK WIND IN M.P.H.

PRELIMINARY LOCAL CLIMATOLOGICAL DATA (WS FORM: F-6) , PAGE 2

                                          STATION:  WATERTOWN SD
                                          MONTH:    APRIL
                                          YEAR:     2019
                                          LATITUDE:   44 55 N
                                          LONGITUDE:  97  9 W

[TEMPERATURE DATA]      [PRECIPITATION DATA]       SYMBOLS USED IN COLUMN 16

AVERAGE MONTHLY: 40.9   TOTAL FOR MONTH:   3.40    1 = FOG OR MIST
DPTR FM NORMAL:  -1.3   DPTR FM NORMAL:    1.96    2 = FOG REDUCING VISIBILITY
HIGHEST:    80 ON 20    GRTST 24HR  1.26 ON 11-11      TO 1/4 MILE OR LESS
LOWEST:     14 ON 14                               3 = THUNDER
                        SNOW, ICE PELLETS, HAIL    4 = ICE PELLETS
                        TOTAL MONTH:  25.0 INCHES  5 = HAIL
                        GRTST 24HR  13.0 ON 11-11  6 = FREEZING RAIN OR DRIZZLE
                        GRTST DEPTH:  25 ON 12     7 = DUSTSTORM OR SANDSTORM:
                                                       VSBY 1/2 MILE OR LESS
                                                   8 = SMOKE OR HAZE
[NO. OF DAYS WITH]      [WEATHER - DAYS WITH]      9 = BLOWING SNOW
                                                   X = TORNADO
MAX 32 OR BELOW:   3    0.01 INCH OR MORE:   9
MAX 90 OR ABOVE:   0    0.10 INCH OR MORE:   5
MIN 32 OR BELOW:  13    0.50 INCH OR MORE:   2
MIN  0 OR BELOW:   0    1.00 INCH OR MORE:   1

[HDD (BASE 65) ]
TOTAL THIS MO.   548    CLEAR  (SCALE 0-3)  11
DPTR FM NORMAL    24    PTCLDY (SCALE 4-7)   6
TOTAL FM JUL 1  8812    CLOUDY (SCALE 8-10)  6
DPTR FM NORMAL   773

[CDD (BASE 65) ]
TOTAL THIS MO.     0
DPTR FM NORMAL     0    [PRESSURE DATA]
TOTAL FM JAN 1     0    HIGHEST SLP M ON M
DPTR FM NORMAL     0    LOWEST  SLP 29.55 ON 20

[REMARKS]
