000
CXUS55 KABR 251100
CF6ATY
PRELIMINARY LOCAL CLIMATOLOGICAL DATA (WS FORM: F-6)

                                          STATION:   WATERTOWN SD
                                          MONTH:     AUGUST
                                          YEAR:      2019
                                          LATITUDE:   44 55 N
                                          LONGITUDE:  97  9 W

  TEMPERATURE IN F:       :PCPN:    SNOW:  WIND      :SUNSHINE: SKY     :PK WND
================================================================================
1   2   3   4   5  6A  6B    7    8   9   10  11  12  13   14  15   16   17  18
                                     12Z  AVG MX 2MIN
DY MAX MIN AVG DEP HDD CDD  WTR  SNW DPTH SPD SPD DIR MIN PSBL S-S WX    SPD DR
================================================================================

 1  80  64  72   1   0   7 0.00  0.0    0  9.0 17 160   M    M   3        23 170
 2  74  65  70  -1   0   5 1.18  0.0    0  7.5 18  10   M    M   8 13     24 170
 3  81  65  73   3   0   8 0.00  0.0    0  5.9 16 160   M    M   5        21 160
 4  83  66  75   5   0  10 0.00  0.0    0  5.4 12 200   M    M   3 1      15 210
 5  82  63  73   3   0   8 0.00  0.0    0  6.1 21 340   M    M   1 1      27 350
 6  83  58  71   1   0   6 0.01  0.0    0  7.1 29 200   M    M   0 3      37 200
 7  80  57  69  -1   0   4 0.00  0.0    0  7.8 18 330   M    M   0        25 320
 8  75  50  63  -7   2   0 0.00  0.0    0  4.6 14 320   M    M   0 1      19 330
 9  75  56  66  -4   0   1 0.27  0.0    0  6.6 16 160   M    M   3 1      21 160
10  74  65  70   0   0   5    T  0.0    0  5.1 13 150   M    M  10 1      18 160
11  74  65  70   0   0   5 0.00  0.0    0  5.8 13  50   M    M   7 1      17  50
12  79  65  72   2   0   7 1.13  0.0    0  5.5 12 260   M    M   6 1      17 220
13  71  61  66  -3   0   1 0.00  0.0    0 11.2 24 320   M    M   8 12     32 300
14  72  58  65  -4   0   0    T  0.0    0  6.8 16 320   M    M   8        22 320
15  77  53  65  -4   0   0 0.36  0.0    0  7.3 28 310   M    M   3 13     39 310
16  78  53  66  -3   0   1 0.00  0.0    0  6.0 14 230   M    M   0        18 220
17  83  58  71   2   0   6 0.27  0.0    0 10.4 24  10   M    M   2 138    36  20
18  70  55  63  -5   2   0 0.01  0.0    0  7.0 18 320   M    M   2        24 310
19  81  55  68   0   0   3 0.00  0.0    0  9.2 17 170   M    M   0        23 180
20  80  57  69   1   0   4 0.00  0.0    0  9.8 20  20   M    M   4 1      26  20
21  74  53  64  -4   1   0 0.00  0.0    0  4.6 12 340   M    M   1        18 330
22  74  54  64  -4   1   0 0.00  0.0    0  6.8 14  90   M    M   1        21 100
23  76  55  66  -2   0   1 0.00  0.0    0 10.4 17 150   M    M   3        25 150
24  76  59  68   1   0   3 0.00  0.0    0 14.5 23 160   M    M   1        33 150
================================================================================
SM 1852 1410         6  85  3.23     0.0 180.4          M       79
================================================================================
AV 77.2 58.8                               7.5 FASTST   M    M   3    MAX(MPH)
                                 MISC ---->  # 29 200               # 39  310
================================================================================
NOTES:
# LAST OF SEVERAL OCCURRENCES

COLUMN 17 PEAK WIND IN M.P.H.

PRELIMINARY LOCAL CLIMATOLOGICAL DATA (WS FORM: F-6) , PAGE 2

                                          STATION:  WATERTOWN SD
                                          MONTH:    AUGUST
                                          YEAR:     2019
                                          LATITUDE:   44 55 N
                                          LONGITUDE:  97  9 W

[TEMPERATURE DATA]      [PRECIPITATION DATA]       SYMBOLS USED IN COLUMN 16

AVERAGE MONTHLY: 68.0   TOTAL FOR MONTH:   3.23    1 = FOG OR MIST
DPTR FM NORMAL:  -1.3   DPTR FM NORMAL:    1.05    2 = FOG REDUCING VISIBILITY
HIGHEST:    83 ON 17, 6 GRTST 24HR  1.18 ON  2- 2      TO 1/4 MILE OR LESS
LOWEST:     50 ON  8                               3 = THUNDER
                        SNOW, ICE PELLETS, HAIL    4 = ICE PELLETS
                        TOTAL MONTH:   0.0 INCH    5 = HAIL
                        GRTST 24HR     0.0         6 = FREEZING RAIN OR DRIZZLE
                        GRTST DEPTH:   0           7 = DUSTSTORM OR SANDSTORM:
                                                       VSBY 1/2 MILE OR LESS
                                                   8 = SMOKE OR HAZE
[NO. OF DAYS WITH]      [WEATHER - DAYS WITH]      9 = BLOWING SNOW
                                                   X = TORNADO
MAX 32 OR BELOW:   0    0.01 INCH OR MORE:   7
MAX 90 OR ABOVE:   0    0.10 INCH OR MORE:   5
MIN 32 OR BELOW:   0    0.50 INCH OR MORE:   2
MIN  0 OR BELOW:   0    1.00 INCH OR MORE:   2

[HDD (BASE 65) ]
TOTAL THIS MO.     6    CLEAR  (SCALE 0-3)  14
DPTR FM NORMAL   -20    PTCLDY (SCALE 4-7)   7
TOTAL FM JUL 1     9    CLOUDY (SCALE 8-10)  3
DPTR FM NORMAL   -34

[CDD (BASE 65) ]
TOTAL THIS MO.    85
DPTR FM NORMAL   -40    [PRESSURE DATA]
TOTAL FM JAN 1   415    HIGHEST SLP M ON M
DPTR FM NORMAL   -34    LOWEST  SLP 29.62 ON 17

[REMARKS]
