000
CXUS51 KGYX 200900
CF6AUG
PRELIMINARY LOCAL CLIMATOLOGICAL DATA (WS FORM: F-6)

                                          STATION:   AUGUSTA
                                          MONTH:     AUGUST
                                          YEAR:      2019
                                          LATITUDE:   44 18 N
                                          LONGITUDE:  69 48 W

  TEMPERATURE IN F:       :PCPN:    SNOW:  WIND      :SUNSHINE: SKY     :PK WND
================================================================================
1   2   3   4   5  6A  6B    7    8   9   10  11  12  13   14  15   16   17  18
                                     12Z  AVG MX 2MIN
DY MAX MIN AVG DEP HDD CDD  WTR  SNW DPTH SPD SPD DIR MIN PSBL S-S WX    SPD DR
================================================================================

 1  84  63  74   4   0   9 0.00  0.0    0  6.1 16 340   M    M   1        21 330
 2  85  58  72   2   0   7 0.00  0.0    0  4.5 12 280   M    M   0        16 270
 3  85  58  72   2   0   7 0.00  0.0    0  4.3 10 170   M    M   1        17 170
 4  80  59  70   0   0   5 0.00  0.0    0  6.9 16 340   M    M   1        21 330
 5  79  56  68  -2   0   3 0.00  0.0    0  5.9 12 300   M    M   0        16 300
 6  82  57  70   0   0   5 0.00  0.0    0  6.8 18 170   M    M   3 12     26 170
 7  80  65  73   3   0   8 0.05  0.0    0  6.1 15 160   M    M   9 13     19 160
 8  81  66  74   4   0   9 0.36  0.0    0  7.4 13 150   M    M   7 13     25 140
 9  81  60  71   2   0   6 0.04  0.0    0  5.8 17 360   M    M   3 123    22 350
10  73  56  65  -4   0   0 0.03  0.0    0  6.1 20 300   M    M   3        33 280
11  76  56  66  -3   0   1 0.00  0.0    0  8.1 17 280   M    M   2        26 280
12  85  64  75   6   0  10 0.00  0.0    0  5.0 14 260   M    M   4        21 230
13  81  66  74   5   0   9    T  0.0    M  3.6 10  20   M    M   6        14  30
14  79  59  69   0   0   4 0.00  0.0    0  5.3 12  30   M    M   2 8      16 360
15  80  59  70   1   0   5 0.00  0.0    0  4.1 10 170   M    M   3        16 250
16  77  59  68  -1   0   3 0.45  0.0    0  5.4 13 160   M    M   5 1      17 160
17  69  61  65  -3   0   0 0.01  0.0    0  5.8 13 160   M    M  10 12     19 110
18  82  64  73   5   0   8 0.05  0.0    0  3.2 12 170   M    M   8 12     16 160
19  83  64  74   6   0   9 0.40  0.0    0  4.5 17 320   M    M   7 1238   23 320
================================================================================
SM 1522 1150         0 108  1.39     0.0 104.9          M       75
================================================================================
AV 80.1 60.5                               5.5 FASTST   M    M   4    MAX(MPH)
                                 MISC ---->  # 20 300               # 33  280
================================================================================
NOTES:
# LAST OF SEVERAL OCCURRENCES

COLUMN 17 PEAK WIND IN M.P.H.

PRELIMINARY LOCAL CLIMATOLOGICAL DATA (WS FORM: F-6) , PAGE 2

                                          STATION:  AUGUSTA
                                          MONTH:    AUGUST
                                          YEAR:     2019
                                          LATITUDE:   44 18 N
                                          LONGITUDE:  69 48 W

[TEMPERATURE DATA]      [PRECIPITATION DATA]       SYMBOLS USED IN COLUMN 16

AVERAGE MONTHLY: 70.3   TOTAL FOR MONTH:   1.39    1 = FOG OR MIST
DPTR FM NORMAL:   1.1   DPTR FM NORMAL:   -0.70    2 = FOG REDUCING VISIBILITY
HIGHEST:    85 ON 12, 3 GRTST 24HR  0.45 ON 16-16      TO 1/4 MILE OR LESS
LOWEST:     56 ON 11,10                            3 = THUNDER
                        SNOW, ICE PELLETS, HAIL    4 = ICE PELLETS
                        TOTAL MONTH:   0.0 INCH    5 = HAIL
                        GRTST 24HR     0.0         6 = FREEZING RAIN OR DRIZZLE
                        GRTST DEPTH:   0           7 = DUSTSTORM OR SANDSTORM:
                                                       VSBY 1/2 MILE OR LESS
                                                   8 = SMOKE OR HAZE
[NO. OF DAYS WITH]      [WEATHER - DAYS WITH]      9 = BLOWING SNOW
                                                   X = TORNADO
MAX 32 OR BELOW:   0    0.01 INCH OR MORE:   8
MAX 90 OR ABOVE:   0    0.10 INCH OR MORE:   3
MIN 32 OR BELOW:   0    0.50 INCH OR MORE:   0
MIN  0 OR BELOW:   0    1.00 INCH OR MORE:   0

[HDD (BASE 65) ]
TOTAL THIS MO.     0    CLEAR  (SCALE 0-3)   8
DPTR FM NORMAL    -8    PTCLDY (SCALE 4-7)   9
TOTAL FM JUL 1     0    CLOUDY (SCALE 8-10)  2
DPTR FM NORMAL   -24

[CDD (BASE 65) ]
TOTAL THIS MO.   108
DPTR FM NORMAL    20    [PRESSURE DATA]
TOTAL FM JAN 1   391    HIGHEST SLP M ON M
DPTR FM NORMAL    73    LOWEST  SLP 29.56 ON  9

[REMARKS]
