000
CXUS53 KGID 230730
CF6AUH
PRELIMINARY LOCAL CLIMATOLOGICAL DATA (WS FORM: F-6)

                                          STATION:   AURORA
                                          MONTH:     AUGUST
                                          YEAR:      2019
                                          LATITUDE:   40 54 N
                                          LONGITUDE:  97 59 W

  TEMPERATURE IN F:       :PCPN:    SNOW:  WIND      :SUNSHINE: SKY     :PK WND
================================================================================
1   2   3   4   5  6A  6B    7    8   9   10  11  12  13   14  15   16   17  18
                                     12Z  AVG MX 2MIN
DY MAX MIN AVG DEP HDD CDD  WTR  SNW DPTH SPD SPD DIR MIN PSBL S-S WX    SPD DR
================================================================================

 1  80  62  71  -4   0   6 0.00    M    M  9.5 13 130   M    M   7        17 130
 2  74  66  70  -5   0   5 0.19    M    M  7.8 13 140   M    M   9 1      20 140
 3  82  66  74  -1   0   9    T    M    M  5.2  9 130   M    M   7 1       M  M
 4  86  62  74  -1   0   9 0.00    M    M  4.5  9 150   M    M   4 12      M  M
 5  83  69  76   1   0  11 0.00    M    M  6.5 10 190   M    M   1         M  M
 6  83  61  72  -3   0   7 0.00    M    M  5.0  8 130   M    M   0         M  M
 7  84  64  74  -1   0   9 1.11    M    M  6.7 24  70   M    M   3 3      35  70
 8  83  64  74   0   0   9 0.00    M    M  2.9  8  40   M    M   4 1       M  M
 9  84  64  74   0   0   9 0.00    M    M  7.2 14 170   M    M   4 1      18 160
10  86  65  76   2   0  11 1.50    M    M  8.2 18 360   M    M   4 3      28 360
11  82  68  75   1   0  10 1.77    M    M  6.2 13 110   M    M   7 1       M  M
12  84  64  74   0   0   9 0.58    M    M  6.3 15 100   M    M   3 3      31 230
13  83  62  73  -1   0   8    T    M    M  4.0  7 330   M    M   0         M  M
14  75  57  66  -8   0   1 0.07    M    M  5.2 10 350   M    M   2        33 350
15  73  55  64 -10   1   0 0.73    M    M  4.9 16 140   M    M   6 123    21 140
16  78  56  67  -7   0   2    T    M    M  4.7  9  20   M    M   3 12     17  20
17  85  63  74   0   0   9 0.00    M    M  8.3 14 170   M    M   3 12     21 170
18  74  60  67  -7   0   2 0.00    M    M  7.3 16 350   M    M   6        20 360
19  86  59  73   0   0   8 0.00    M    M  7.1 13 160   M    M   2 1      18 160
20  88  69  79   6   0  14 0.02    M    M  7.2 13  40   M    M   0 13      M  M
21  75  59  67  -6   0   2 1.14    M    M  7.4 16 140   M    M   6 3      23 310
22  73  59  66  -7   0   1    T    M    M  7.1 12 110   M    M   9 13      M  M
================================================================================
SM 1781 1374         1 151  7.11    M    139.2          M       90
================================================================================
AV 81.0 62.5                               6.3 FASTST   M    M   4    MAX(MPH)
                                 MISC ---->  # 24  70               # 35   70
================================================================================
NOTES:
# LAST OF SEVERAL OCCURRENCES

COLUMN 17 PEAK WIND IN M.P.H.

PRELIMINARY LOCAL CLIMATOLOGICAL DATA (WS FORM: F-6) , PAGE 2

                                          STATION:  AURORA
                                          MONTH:    AUGUST
                                          YEAR:     2019
                                          LATITUDE:   40 54 N
                                          LONGITUDE:  97 59 W

[TEMPERATURE DATA]      [PRECIPITATION DATA]       SYMBOLS USED IN COLUMN 16

AVERAGE MONTHLY: 71.7   TOTAL FOR MONTH:   7.11    1 = FOG OR MIST
DPTR FM NORMAL:  -2.4   DPTR FM NORMAL:    4.48    2 = FOG REDUCING VISIBILITY
HIGHEST:    88 ON 20    GRTST 24HR  1.77 ON 11-11      TO 1/4 MILE OR LESS
LOWEST:     55 ON 15                               3 = THUNDER
                        SNOW, ICE PELLETS, HAIL    4 = ICE PELLETS
                        TOTAL MONTH:    M          5 = HAIL
                        GRTST 24HR    M  ON   M    6 = FREEZING RAIN OR DRIZZLE
                        GRTST DEPTH:  M  ON   M    7 = DUSTSTORM OR SANDSTORM:
                                                       VSBY 1/2 MILE OR LESS
                                                   8 = SMOKE OR HAZE
[NO. OF DAYS WITH]      [WEATHER - DAYS WITH]      9 = BLOWING SNOW
                                                   X = TORNADO
MAX 32 OR BELOW:   0    0.01 INCH OR MORE:   9
MAX 90 OR ABOVE:   0    0.10 INCH OR MORE:   7
MIN 32 OR BELOW:   0    0.50 INCH OR MORE:   6
MIN  0 OR BELOW:   0    1.00 INCH OR MORE:   4

[HDD (BASE 65) ]
TOTAL THIS MO.     1    CLEAR  (SCALE 0-3)   8
DPTR FM NORMAL     1    PTCLDY (SCALE 4-7)  12
TOTAL FM JUL 1     1    CLOUDY (SCALE 8-10)  2
DPTR FM NORMAL    -2

[CDD (BASE 65) ]
TOTAL THIS MO.   151
DPTR FM NORMAL   -54    [PRESSURE DATA]
TOTAL FM JAN 1   710    HIGHEST SLP M ON M
DPTR FM NORMAL   -94    LOWEST  SLP M ON M

[REMARKS]
