000
CXUS53 KGID 210730
CF6AUH
PRELIMINARY LOCAL CLIMATOLOGICAL DATA (WS FORM: F-6)

                                          STATION:   AURORA
                                          MONTH:     APRIL
                                          YEAR:      2019
                                          LATITUDE:   40 54 N
                                          LONGITUDE:  97 59 W

  TEMPERATURE IN F:       :PCPN:    SNOW:  WIND      :SUNSHINE: SKY     :PK WND
================================================================================
1   2   3   4   5  6A  6B    7    8   9   10  11  12  13   14  15   16   17  18
                                     12Z  AVG MX 2MIN
DY MAX MIN AVG DEP HDD CDD  WTR  SNW DPTH SPD SPD DIR MIN PSBL S-S WX    SPD DR
================================================================================

 1  61  28  45   0  20   0 0.09    M    M 10.8 24  20   M    M   5        31  20
 2  57  31  44  -1  21   0 0.00    M    M  7.7 13  20   M    M   5        21 320
 3  54  41  48   2  17   0 0.08    M    M 12.4 21  90   M    M   9        27 130
 4  55  36  46   0  19   0 0.00    M    M  6.9 16  60   M    M   6 1       M  M
 5  74  38  56  10   9   0 0.00    M    M 11.5 22 170   M    M   3 12     29 180
 6  75  53  64  17   1   0    T    M    M 13.0 20 220   M    M   2        25 160
 7  73  48  61  14   4   0    T    M    M 12.4 30 330   M    M   3 13     39 330
 8  76  47  62  14   3   0 0.00    M    M 11.2 20 280   M    M   0        27 360
 9  75  43  59  11   6   0 0.00    M    M 12.1 22  90   M    M   0        30 150
10  58  35  47  -1  18   0 0.05    M    M 25.2 32  30   M    M   5 13     41  40
11  35  27  31 -18  34   0    M    M    M 22.8 29 280   M    M  10 1      38  30
12  42  25  34 -15  31   0 0.00    M    M 20.1 28 280   M    M   5        37 280
13  51  24  38 -11  27   0 0.00    M    M 10.7 17  20   M    M   0        25  10
14  59  21  40 -10  25   0 0.00    M    M  6.3 14 210   M    M   3        20 210
15  79  36  58   8   7   0 0.00    M    M  9.8 16 210   M    M   0        22 190
16  78  40  59   9   6   0 0.00    M    M 14.0 22 100   M    M   1        28  80
17  67  42  55   4  10   0 0.09    M    M 14.1 27 340   M    M   5 3      32 340
18  63  36  50  -1  15   0    T    M    M 15.0 30  10   M    M   2        40 350
19  65  31  48  -4  17   0 0.00    M    M  6.8 12 310   M    M   0         M  M
20  86  43  65  13   0   0 0.00    M    M 12.1 21 220   M    M   0        25 210
================================================================================
SM 1283  725       290   0  0.31    M    254.9          M       64
================================================================================
AV 64.2 36.3                              12.7 FASTST   M    M   3    MAX(MPH)
                                 MISC ---->  # 32  30               # 41   40
================================================================================
NOTES:
# LAST OF SEVERAL OCCURRENCES

COLUMN 17 PEAK WIND IN M.P.H.

PRELIMINARY LOCAL CLIMATOLOGICAL DATA (WS FORM: F-6) , PAGE 2

                                          STATION:  AURORA
                                          MONTH:    APRIL
                                          YEAR:     2019
                                          LATITUDE:   40 54 N
                                          LONGITUDE:  97 59 W

[TEMPERATURE DATA]      [PRECIPITATION DATA]       SYMBOLS USED IN COLUMN 16

AVERAGE MONTHLY: 50.2   TOTAL FOR MONTH:   0.31    1 = FOG OR MIST
DPTR FM NORMAL:   1.8   DPTR FM NORMAL:   -1.42    2 = FOG REDUCING VISIBILITY
HIGHEST:    86 ON 20    GRTST 24HR  0.09 ON 17-17      TO 1/4 MILE OR LESS
LOWEST:     21 ON 14                               3 = THUNDER
                        SNOW, ICE PELLETS, HAIL    4 = ICE PELLETS
                        TOTAL MONTH:    M          5 = HAIL
                        GRTST 24HR    M  ON   M    6 = FREEZING RAIN OR DRIZZLE
                        GRTST DEPTH:  M  ON   M    7 = DUSTSTORM OR SANDSTORM:
                                                       VSBY 1/2 MILE OR LESS
                                                   8 = SMOKE OR HAZE
[NO. OF DAYS WITH]      [WEATHER - DAYS WITH]      9 = BLOWING SNOW
                                                   X = TORNADO
MAX 32 OR BELOW:   0    0.01 INCH OR MORE:   4
MAX 90 OR ABOVE:   0    0.10 INCH OR MORE:   0
MIN 32 OR BELOW:   7    0.50 INCH OR MORE:   0
MIN  0 OR BELOW:   0    1.00 INCH OR MORE:   0

[HDD (BASE 65) ]
TOTAL THIS MO.   290    CLEAR  (SCALE 0-3)  12
DPTR FM NORMAL   -45    PTCLDY (SCALE 4-7)   6
TOTAL FM JUL 1  6348    CLOUDY (SCALE 8-10)  2
DPTR FM NORMAL   413

[CDD (BASE 65) ]
TOTAL THIS MO.     0
DPTR FM NORMAL     0    [PRESSURE DATA]
TOTAL FM JAN 1     0    HIGHEST SLP M ON M
DPTR FM NORMAL    -1    LOWEST  SLP M ON M

[REMARKS]
