000
CXUS53 KGID 170730
CF6AUH
PRELIMINARY LOCAL CLIMATOLOGICAL DATA (WS FORM: F-6)

                                          STATION:   AURORA
                                          MONTH:     FEBRUARY
                                          YEAR:      2019
                                          LATITUDE:   40 54 N
                                          LONGITUDE:  97 59 W

  TEMPERATURE IN F:       :PCPN:    SNOW:  WIND      :SUNSHINE: SKY     :PK WND
================================================================================
1   2   3   4   5  6A  6B    7    8   9   10  11  12  13   14  15   16   17  18
                                     12Z  AVG MX 2MIN
DY MAX MIN AVG DEP HDD CDD  WTR  SNW DPTH SPD SPD DIR MIN PSBL S-S WX    SPD DR
================================================================================

 1  58  19  39  14  26   0 0.00    M    M 10.7 21 220   M    M   0        25 210
 2  50  33  42  16  23   0 0.00    M    M 13.8 20 210   M    M   6 1      25 220
 3  57  24  41  15  24   0 0.00    M    M  9.8 27 340   M    M   8 12     33 340
 4  23   9  16 -10  49   0 0.00    M    M 17.8 25 340   M    M   2 1      31 340
 5  16   6  11 -15  54   0 0.00    M    M  6.8 14  20   M    M   9         M  M
 6  13   5   9 -17  56   0    M    M    M 12.6 22 360   M    M  10        27 360
 7  11  -1   5 -21  60   0    M    M    M 20.3 31 320   M    M   6        38 320
 8  22  -8   7 -20  58   0 0.00    M    M  8.0 14 140   M    M   0        18 150
 9  38  11  25  -2  40   0 0.00    M    M 17.0 25 140   M    M   2        35 140
10  32  24  28   1  37   0    T    M    M  8.6 18 140   M    M  10 1      25 140
11  26  23  25  -2  40   0    T    M    M  8.3 12 100   M    M  10 1       M  M
12  32  11  22  -6  43   0 0.00    M    M  7.8 13 300   M    M   1        17 300
13  50  17  34   6  31   0 0.00    M    M  8.6 15 170   M    M   0        20 170
14  36  11  24  -4  41   0 0.00    M    M 15.4 32 340   M    M   2        40 340
15  13   6  10 -18  55   0    M    M    M  7.9 17 360   M    M  10         M  M
16  17   9  13 -16  52   0    M    M    M  6.9 12  90   M    M  10         M  M
================================================================================
SM  494  199       689   0    T     M    180.3          M       86
================================================================================
AV 30.9 12.4                              11.3 FASTST   M    M   5    MAX(MPH)
                                 MISC ---->  # 32 340               # 40  340
================================================================================
NOTES:
# LAST OF SEVERAL OCCURRENCES

COLUMN 17 PEAK WIND IN M.P.H.

PRELIMINARY LOCAL CLIMATOLOGICAL DATA (WS FORM: F-6) , PAGE 2

                                          STATION:  AURORA
                                          MONTH:    FEBRUARY
                                          YEAR:     2019
                                          LATITUDE:   40 54 N
                                          LONGITUDE:  97 59 W

[TEMPERATURE DATA]      [PRECIPITATION DATA]       SYMBOLS USED IN COLUMN 16

AVERAGE MONTHLY: 21.7   TOTAL FOR MONTH:      T    1 = FOG OR MIST
DPTR FM NORMAL:  -5.2   DPTR FM NORMAL:   -0.38    2 = FOG REDUCING VISIBILITY
HIGHEST:    58 ON  1    GRTST 24HR    T  ON 11-11      TO 1/4 MILE OR LESS
LOWEST:     -8 ON  8                               3 = THUNDER
                        SNOW, ICE PELLETS, HAIL    4 = ICE PELLETS
                        TOTAL MONTH:    M          5 = HAIL
                        GRTST 24HR    M  ON   M    6 = FREEZING RAIN OR DRIZZLE
                        GRTST DEPTH:  M  ON   M    7 = DUSTSTORM OR SANDSTORM:
                                                       VSBY 1/2 MILE OR LESS
                                                   8 = SMOKE OR HAZE
[NO. OF DAYS WITH]      [WEATHER - DAYS WITH]      9 = BLOWING SNOW
                                                   X = TORNADO
MAX 32 OR BELOW:  10    0.01 INCH OR MORE:   0
MAX 90 OR ABOVE:   0    0.10 INCH OR MORE:   0
MIN 32 OR BELOW:  15    0.50 INCH OR MORE:   0
MIN  0 OR BELOW:   2    1.00 INCH OR MORE:   0

[HDD (BASE 65) ]
TOTAL THIS MO.   689    CLEAR  (SCALE 0-3)   7
DPTR FM NORMAL    79    PTCLDY (SCALE 4-7)   3
TOTAL FM JUL 1  4458    CLOUDY (SCALE 8-10)  6
DPTR FM NORMAL    75

[CDD (BASE 65) ]
TOTAL THIS MO.     0
DPTR FM NORMAL     0    [PRESSURE DATA]
TOTAL FM JAN 1     0    HIGHEST SLP M ON M
DPTR FM NORMAL     0    LOWEST  SLP M ON M

[REMARKS]
