000
CXUS54 KEWX 190910
CF6AUS
PRELIMINARY LOCAL CLIMATOLOGICAL DATA (WS FORM: F-6)

                                          STATION:   AUSTIN BERGSTROM
                                          MONTH:     FEBRUARY
                                          YEAR:      2019
                                          LATITUDE:   30 13 N
                                          LONGITUDE:  97 40 W

  TEMPERATURE IN F:       :PCPN:    SNOW:  WIND      :SUNSHINE: SKY     :PK WND
================================================================================
1   2   3   4   5  6A  6B    7    8   9   10  11  12  13   14  15   16   17  18
                                     12Z  AVG MX 2MIN
DY MAX MIN AVG DEP HDD CDD  WTR  SNW DPTH SPD SPD DIR MIN PSBL S-S WX    SPD DR
================================================================================

 1  67  57  62  12   3   0    T  0.0    0  3.8 10 110   M    M   9 12     16 110
 2  67  60  64  14   1   0    T  0.0    0  4.9 12 140   M    M  10 12     14 140
 3  76  62  69  19   0   4 0.02  0.0    0  9.2 20 190   M    M   9 12     24 190
 4  77  66  72  22   0   7    T  0.0    0  8.6 16 190   M    M   9 1      21 190
 5  79  68  74  24   0   9    T  0.0    0 10.4 21 180   M    M   9 18     27 180
 6  78  69  74  23   0   9 0.01  0.0    0 12.2 23 190   M    M   9 18     28 190
 7  73  40  57   6   8   0 0.01  0.0    0 17.2 29 180   M    M   9        39 170
 8  40  34  37 -14  28   0    T    T    0 17.7 26  20   M    M  10 4      32  30
 9  41  34  38 -13  27   0 0.18  0.0    0 10.1 18  20   M    M  10 18     22  30
10  49  39  44  -7  21   0 0.08  0.0    0  5.5 10  50   M    M   9 1      13  30
11  64  49  57   6   8   0 0.05    M    0  4.7 16 140   M    M  10 18     19 140
12  65  34  50  -2  15   0 0.00  0.0    0  8.9 25  10   M    M   4        31  10
13  66  27  47  -5  18   0 0.00  0.0    0  7.2 20 160   M    M   4        26 150
14  75  52  64  12   1   0 0.00  0.0    0 12.4 29 210   M    M   7        37 210
15  87  49  68  16   0   3 0.00  0.0    0  7.2 21  20   M    M   6 1      26  10
16  62  43  53   1  12   0 0.00  0.0    0 10.6 21  10   M    M   9 18     26  20
17  63  47  55   3  10   0    T  0.0    0 13.2 24  20   M    M   7 1      29  10
18  62  44  53   0  12   0 0.00  0.0    0 15.5 23  10   M    M   7        27  10
================================================================================
SM 1191  874       164  32  0.35    T    179.3          M      147
================================================================================
AV 66.2 48.6                              10.0 FASTST   M    M   8    MAX(MPH)
                                 MISC ---->  # 29 180               # 39  170
================================================================================
NOTES:
# LAST OF SEVERAL OCCURRENCES

COLUMN 17 PEAK WIND IN M.P.H.

PRELIMINARY LOCAL CLIMATOLOGICAL DATA (WS FORM: F-6) , PAGE 2

                                          STATION:  AUSTIN BERGSTROM
                                          MONTH:    FEBRUARY
                                          YEAR:     2019
                                          LATITUDE:   30 13 N
                                          LONGITUDE:  97 40 W

[TEMPERATURE DATA]      [PRECIPITATION DATA]       SYMBOLS USED IN COLUMN 16

AVERAGE MONTHLY: 57.4   TOTAL FOR MONTH:   0.35    1 = FOG OR MIST
DPTR FM NORMAL:   6.2   DPTR FM NORMAL:   -1.11    2 = FOG REDUCING VISIBILITY
HIGHEST:    87 ON 15    GRTST 24HR  0.18 ON  9- 9      TO 1/4 MILE OR LESS
LOWEST:     27 ON 13                               3 = THUNDER
                        SNOW, ICE PELLETS, HAIL    4 = ICE PELLETS
                        TOTAL MONTH:    T          5 = HAIL
                        GRTST 24HR    T  ON  8- 8  6 = FREEZING RAIN OR DRIZZLE
                        GRTST DEPTH:   0           7 = DUSTSTORM OR SANDSTORM:
                                                       VSBY 1/2 MILE OR LESS
                                                   8 = SMOKE OR HAZE
[NO. OF DAYS WITH]      [WEATHER - DAYS WITH]      9 = BLOWING SNOW
                                                   X = TORNADO
MAX 32 OR BELOW:   0    0.01 INCH OR MORE:   6
MAX 90 OR ABOVE:   0    0.10 INCH OR MORE:   1
MIN 32 OR BELOW:   1    0.50 INCH OR MORE:   0
MIN  0 OR BELOW:   0    1.00 INCH OR MORE:   0

[HDD (BASE 65) ]
TOTAL THIS MO.   164    CLEAR  (SCALE 0-3)   0
DPTR FM NORMAL   -91    PTCLDY (SCALE 4-7)   6
TOTAL FM JUL 1  1352    CLOUDY (SCALE 8-10) 12
DPTR FM NORMAL  -145

[CDD (BASE 65) ]
TOTAL THIS MO.    32
DPTR FM NORMAL    32    [PRESSURE DATA]
TOTAL FM JAN 1    34    HIGHEST SLP M ON M
DPTR FM NORMAL    29    LOWEST  SLP 29.62 ON M

[REMARKS]
