000
CXUS53 KGRB 170630
CF6AUW
PRELIMINARY LOCAL CLIMATOLOGICAL DATA (WS FORM: F-6)

                                          STATION:   WAUSAU WI
                                          MONTH:     AUGUST
                                          YEAR:      2019
                                          LATITUDE:   44 55 N
                                          LONGITUDE:  89 37 W

  TEMPERATURE IN F:       :PCPN:    SNOW:  WIND      :SUNSHINE: SKY     :PK WND
================================================================================
1   2   3   4   5  6A  6B    7    8   9   10  11  12  13   14  15   16   17  18
                                     12Z  AVG MX 2MIN
DY MAX MIN AVG DEP HDD CDD  WTR  SNW DPTH SPD SPD DIR MIN PSBL S-S WX    SPD DR
================================================================================

 1  80  50  65  -4   0   0 0.00  0.0    0  3.7 12 230   M    M   1        15 280
 2  84  58  71   2   0   6 0.00  0.0    0  4.2 13 270   M    M   2        17 240
 3  86  64  75   6   0  10    T  0.0    0  4.6 17 320   M    M   1 3      22 330
 4  85  61  73   4   0   8 0.03  0.0    0  3.6 10 220   M    M   1 1      17 240
 5  82  63  73   4   0   8 1.88  0.0    0  4.5 23 340   M    M   3 138    37 240
 6  81  62  72   3   0   7 0.00  0.0    0  4.5 15 290   M    M   4 1      19 290
 7  83  60  72   3   0   7 0.07  0.0    0  7.1 21 320   M    M   3 13     33 330
 8  74  57  66  -2   0   1 0.00  0.0    0  8.8 21 280   M    M   2        26 260
 9  77  54  66  -2   0   1 0.00  0.0    0  7.0 16 310   M    M   1        22 290
10  76  53  65  -3   0   0 0.03  0.0    0  2.7 10 240   M    M   1        13 240
11  73  62  68   0   0   3 0.03  0.0    0  2.2  8 120   M    M   8 1      11 210
12  79  61  70   2   0   5 0.00  0.0    0  3.5  9 100   M    M   4 12     17 100
13  72  60  66  -2   0   1 0.03  0.0    0  6.4 13 100   M    M   8 1      19 100
14  73  58  66  -2   0   1 0.00  0.0    0  4.6 12  80   M    M   7        16 120
15  76  53  65  -3   0   0 0.00  0.0    0  3.8 10 210   M    M   4        15 220
16  72  60  66  -2   0   1 0.37  0.0    0  7.8 16 180   M    M   7 1      24 180
================================================================================
SM 1253  936         0  59  2.44     0.0  79.0          M       57
================================================================================
AV 78.3 58.5                               4.9 FASTST   M    M   4    MAX(MPH)
                                 MISC ---->  # 23 340               # 37  240
================================================================================
NOTES:
# LAST OF SEVERAL OCCURRENCES

COLUMN 17 PEAK WIND IN M.P.H.

PRELIMINARY LOCAL CLIMATOLOGICAL DATA (WS FORM: F-6) , PAGE 2

                                          STATION:  WAUSAU WI
                                          MONTH:    AUGUST
                                          YEAR:     2019
                                          LATITUDE:   44 55 N
                                          LONGITUDE:  89 37 W

[TEMPERATURE DATA]      [PRECIPITATION DATA]       SYMBOLS USED IN COLUMN 16

AVERAGE MONTHLY: 68.4   TOTAL FOR MONTH:   2.44    1 = FOG OR MIST
DPTR FM NORMAL:  -0.0   DPTR FM NORMAL:    0.23    2 = FOG REDUCING VISIBILITY
HIGHEST:    86 ON  3    GRTST 24HR  1.88 ON  5- 5      TO 1/4 MILE OR LESS
LOWEST:     50 ON  1                               3 = THUNDER
                        SNOW, ICE PELLETS, HAIL    4 = ICE PELLETS
                        TOTAL MONTH:   0.0 INCH    5 = HAIL
                        GRTST 24HR     0.0         6 = FREEZING RAIN OR DRIZZLE
                        GRTST DEPTH:   0           7 = DUSTSTORM OR SANDSTORM:
                                                       VSBY 1/2 MILE OR LESS
                                                   8 = SMOKE OR HAZE
[NO. OF DAYS WITH]      [WEATHER - DAYS WITH]      9 = BLOWING SNOW
                                                   X = TORNADO
MAX 32 OR BELOW:   0    0.01 INCH OR MORE:   7
MAX 90 OR ABOVE:   0    0.10 INCH OR MORE:   2
MIN 32 OR BELOW:   0    0.50 INCH OR MORE:   1
MIN  0 OR BELOW:   0    1.00 INCH OR MORE:   1

[HDD (BASE 65) ]
TOTAL THIS MO.     0    CLEAR  (SCALE 0-3)   8
DPTR FM NORMAL   -16    PTCLDY (SCALE 4-7)   7
TOTAL FM JUL 1     2    CLOUDY (SCALE 8-10)  1
DPTR FM NORMAL   -37

[CDD (BASE 65) ]
TOTAL THIS MO.    59
DPTR FM NORMAL   -11    [PRESSURE DATA]
TOTAL FM JAN 1   317    HIGHEST SLP M ON M
DPTR FM NORMAL   -13    LOWEST  SLP 29.66 ON  7

[REMARKS]
