000
CXUS51 KBGM 210800
CF6AVP
PRELIMINARY LOCAL CLIMATOLOGICAL DATA (WS FORM: F-6)

                                          STATION:   AVOCA PA
                                          MONTH:     MAY
                                          YEAR:      2018
                                          LATITUDE:   41 19 N
                                          LONGITUDE:  75 44 W

  TEMPERATURE IN F:       :PCPN:    SNOW:  WIND      :SUNSHINE: SKY     :PK WND
================================================================================
1   2   3   4   5  6A  6B    7    8   9   10  11  12  13   14  15   16   17  18
                                     12Z  AVG MX 2MIN
DY MAX MIN AVG DEP HDD CDD  WTR  SNW DPTH SPD SPD DIR MIN PSBL S-S WX    SPD DR
================================================================================

 1  80  41  61   7   4   0 0.00  0.0    M  6.4 15 260   M    M   0        20 240
 2  86  53  70  15   0   5 0.00  0.0    M  9.5 24 240   M    M   0        31 230
 3  89  65  77  22   0  12 0.23  0.0    M  7.7 38 260   M    M   3 1      52 260
 4  83  62  73  18   0   8 0.02  0.0    M 10.1 32 290   M    M   5 1      39 290
 5  73  52  63   7   2   0 0.03  0.0    M  6.2 23 330   M    M   1        29 330
 6  59  49  54  -2  11   0 0.46  0.0    M  4.1 12  20   M    M   9 12     13  20
 7  69  49  59   3   6   0 0.00  0.0    M  3.3 12 330   M    M   7 1      13  20
 8  76  47  62   6   3   0 0.00  0.0    M  4.9 14 270   M    M   3        17 260
 9  78  51  65   8   0   0 0.00  0.0    M  4.8 14 160   M    M   2        24 190
10  76  56  66   9   0   1 0.31  0.0    M  5.3 21 340   M    M   4 13     25 350
11  65  51  58   1   7   0    T  0.0    M  8.1 20 350   M    M   6 1      27 360
12  62  48  55  -3  10   0 0.74  0.0    M  4.5 15 340   M    M  10 1      17 350
13  53  49  51  -7  14   0 0.23  0.0    M  2.8  9  40   M    M  10 1      14 180
14  75  51  63   5   2   0 0.00  0.0    M  3.3 15 240   M    M   6 1      20 240
15  87  57  72  14   0   7 0.42  0.0    M  8.1 44 310   M    M   3 138    65 300
16  62  55  59   0   6   0 0.55  0.0    M  3.6 13 110   M    M   9 1      20 110
17  76  57  67   8   0   2 0.04  0.0    0  1.1  7 110   M    M   5        10 280
18  74  56  65   6   0   0 0.00  0.0    0  6.5 15  60   M    M   0        20  60
19  63  48  56  -4   9   0 0.82  0.0    M  5.3 13 200   M    M  10 1      20 190
20  72  53  63   3   2   0 0.03  0.0    0  6.3 17 240   M    M   8 12     24 230
================================================================================
SM 1458 1050        76  35  3.88     0.0 111.9          M      101
================================================================================
AV 72.9 52.5                               5.6 FASTST   M    M   5    MAX(MPH)
                                 MISC ---->  # 44 310               # 65  300
================================================================================
NOTES:
# LAST OF SEVERAL OCCURRENCES

COLUMN 17 PEAK WIND IN M.P.H.

PRELIMINARY LOCAL CLIMATOLOGICAL DATA (WS FORM: F-6) , PAGE 2

                                          STATION:  AVOCA PA
                                          MONTH:    MAY
                                          YEAR:     2018
                                          LATITUDE:   41 19 N
                                          LONGITUDE:  75 44 W

[TEMPERATURE DATA]      [PRECIPITATION DATA]       SYMBOLS USED IN COLUMN 16

AVERAGE MONTHLY: 62.7   TOTAL FOR MONTH:   3.88    1 = FOG OR MIST
DPTR FM NORMAL:   5.5   DPTR FM NORMAL:    1.69    2 = FOG REDUCING VISIBILITY
HIGHEST:    89 ON  3    GRTST 24HR  0.82 ON 19-19      TO 1/4 MILE OR LESS
LOWEST:     41 ON  1                               3 = THUNDER
                        SNOW, ICE PELLETS, HAIL    4 = ICE PELLETS
                        TOTAL MONTH:   0.0 INCH    5 = HAIL
                        GRTST 24HR     0.0         6 = FREEZING RAIN OR DRIZZLE
                        GRTST DEPTH:   0           7 = DUSTSTORM OR SANDSTORM:
                                                       VSBY 1/2 MILE OR LESS
                                                   8 = SMOKE OR HAZE
[NO. OF DAYS WITH]      [WEATHER - DAYS WITH]      9 = BLOWING SNOW
                                                   X = TORNADO
MAX 32 OR BELOW:   0    0.01 INCH OR MORE:  12
MAX 90 OR ABOVE:   0    0.10 INCH OR MORE:   8
MIN 32 OR BELOW:   0    0.50 INCH OR MORE:   3
MIN  0 OR BELOW:   0    1.00 INCH OR MORE:   0

[HDD (BASE 65) ]
TOTAL THIS MO.    76    CLEAR  (SCALE 0-3)   7
DPTR FM NORMAL   -96    PTCLDY (SCALE 4-7)   7
TOTAL FM JUL 1  5826    CLOUDY (SCALE 8-10)  6
DPTR FM NORMAL  -319

[CDD (BASE 65) ]
TOTAL THIS MO.    35
DPTR FM NORMAL    22    [PRESSURE DATA]
TOTAL FM JAN 1    39    HIGHEST SLP M ON M
DPTR FM NORMAL    20    LOWEST  SLP 29.70 ON M

[REMARKS]
