000
CXUS51 KBGM 200800
CF6AVP
PRELIMINARY LOCAL CLIMATOLOGICAL DATA (WS FORM: F-6)

                                          STATION:   AVOCA PA
                                          MONTH:     FEBRUARY
                                          YEAR:      2019
                                          LATITUDE:   41 19 N
                                          LONGITUDE:  75 44 W

  TEMPERATURE IN F:       :PCPN:    SNOW:  WIND      :SUNSHINE: SKY     :PK WND
================================================================================
1   2   3   4   5  6A  6B    7    8   9   10  11  12  13   14  15   16   17  18
                                     12Z  AVG MX 2MIN
DY MAX MIN AVG DEP HDD CDD  WTR  SNW DPTH SPD SPD DIR MIN PSBL S-S WX    SPD DR
================================================================================

 1  18  -5   7 -19  58   0 0.00  0.0    M  1.6  7 240   M    M   2         9 240
 2  31   0  16 -11  49   0 0.00  0.0    M  6.2 20 230   M    M   2 18     28 230
 3  46  25  36   9  29   0 0.00  0.0    M  4.2 12 230   M    M   7 18     14 220
 4  59  30  45  18  20   0 0.00  0.0    M  3.5  9 240   M    M   1 18     14 190
 5  59  36  48  21  17   0 0.01  0.0    M  5.8 17 350   M    M   6 18     22  10
 6  41  27  34   7  31   0 0.18  0.0    M  2.9 13 360   M    M   6 1      15  10
 7  56  37  47  20  18   0 0.15  0.0    M  4.4 15 260   M    M   8 1      19 280
 8  49  24  37  10  28   0 0.21  0.0    M 14.3 33 250   M    M   4 1      43 270
 9  28  14  21  -7  44   0 0.00  0.0    M 11.9 28 320   M    M   5        37 320
10  31  12  22  -6  43   0    T    M    M  3.0 10 240   M    M   3        14 250
11  36  26  31   3  34   0    T    T    M  3.5  9  40   M    M   9 18     12  10
12  33  23  28   0  37   0 0.26  1.0    M  6.7 18 120   M    M  10 1268   30 130
13  34  27  31   3  34   0 0.04    T    M 13.1 30 260   M    M   9 168    38 270
14  39  27  33   5  32   0    T    T    0  8.1 16 250   M    M   5 8      22 240
15  56  36  46  17  19   0    T  0.0    M  7.7 22 260   M    M   6        26 280
16  36  23  30   1  35   0 0.00  0.0    M  9.6 20 310   M    M   3        27 320
17  39  17  28  -1  37   0 0.15  0.6    M  4.0 10 230   M    M   6 168    16 180
18  34  21  28  -1  37   0 0.03    T    M  7.8 23 320   M    M  10 16     29 310
19  29  17  23  -7  42   0    T    T    M  8.3 16 330   M    M   2 8      21 320
================================================================================
SM  754  417       644   0  1.03     1.6 126.6          M      104
================================================================================
AV 39.7 22.0                               6.7 FASTST   M    M   5    MAX(MPH)
                                 MISC ---->  # 33 250               # 43  270
================================================================================
NOTES:
# LAST OF SEVERAL OCCURRENCES

COLUMN 17 PEAK WIND IN M.P.H.

PRELIMINARY LOCAL CLIMATOLOGICAL DATA (WS FORM: F-6) , PAGE 2

                                          STATION:  AVOCA PA
                                          MONTH:    FEBRUARY
                                          YEAR:     2019
                                          LATITUDE:   41 19 N
                                          LONGITUDE:  75 44 W

[TEMPERATURE DATA]      [PRECIPITATION DATA]       SYMBOLS USED IN COLUMN 16

AVERAGE MONTHLY: 30.8   TOTAL FOR MONTH:   1.03    1 = FOG OR MIST
DPTR FM NORMAL:   3.0   DPTR FM NORMAL:   -0.37    2 = FOG REDUCING VISIBILITY
HIGHEST:    59 ON  5, 4 GRTST 24HR  0.26 ON 12-12      TO 1/4 MILE OR LESS
LOWEST:     -5 ON  1                               3 = THUNDER
                        SNOW, ICE PELLETS, HAIL    4 = ICE PELLETS
                        TOTAL MONTH:   1.6 INCHES  5 = HAIL
                        GRTST 24HR   1.0 ON 12-12  6 = FREEZING RAIN OR DRIZZLE
                        GRTST DEPTH:   0           7 = DUSTSTORM OR SANDSTORM:
                                                       VSBY 1/2 MILE OR LESS
                                                   8 = SMOKE OR HAZE
[NO. OF DAYS WITH]      [WEATHER - DAYS WITH]      9 = BLOWING SNOW
                                                   X = TORNADO
MAX 32 OR BELOW:   5    0.01 INCH OR MORE:   8
MAX 90 OR ABOVE:   0    0.10 INCH OR MORE:   5
MIN 32 OR BELOW:  16    0.50 INCH OR MORE:   0
MIN  0 OR BELOW:   2    1.00 INCH OR MORE:   0

[HDD (BASE 65) ]
TOTAL THIS MO.   644    CLEAR  (SCALE 0-3)   5
DPTR FM NORMAL   -62    PTCLDY (SCALE 4-7)  10
TOTAL FM JUL 1  4055    CLOUDY (SCALE 8-10)  4
DPTR FM NORMAL  -242

[CDD (BASE 65) ]
TOTAL THIS MO.     0
DPTR FM NORMAL     0    [PRESSURE DATA]
TOTAL FM JAN 1     0    HIGHEST SLP M ON M
DPTR FM NORMAL     0    LOWEST  SLP 29.55 ON 15

[REMARKS]
