000
CXUS56 KLOX 241655
CF6AVX
PRELIMINARY LOCAL CLIMATOLOGICAL DATA (WS FORM: F-6)

                                          STATION:   AVALON
                                          MONTH:     APRIL
                                          YEAR:      2019
                                          LATITUDE:   33 24 N
                                          LONGITUDE: 118 25 W

  TEMPERATURE IN F:       :PCPN:    SNOW:  WIND      :SUNSHINE: SKY     :PK WND
================================================================================
1   2   3   4   5  6A  6B    7    8   9   10  11  12  13   14  15   16   17  18
                                     12Z  AVG MX 2MIN
DY MAX MIN AVG DEP HDD CDD  WTR  SNW DPTH SPD SPD DIR MIN PSBL S-S WX    SPD DR
================================================================================

 1  76  61  69   M   0   4 0.00  0.0    0  5.4 14 250   M    M   0        15 250
 2  62  51  57   M   8   0 0.07  0.0    0 10.4 20 270   M    M   4 128    25 260
 3  59  49  54   M  11   0 0.02    M    0  7.5 16 250   M    M   8 12     20 240
 4  60  49  55   M  10   0 0.02    M    0  6.3 16 250   M    M   9 12     20 240
 5  58  50  54   M  11   0 0.01  0.0    0  8.8 18 280   M    M   9 12     22 280
 6  62  50  56   M   9   0    T  0.0    0  9.8 22 270   M    M   6 12     26 270
 7  78  53  66   M   0   1 0.00  0.0    0  6.3 14 300   M    M   0 1      18 320
 8  81  63  72   M   0   7 0.00  0.0    0 11.0 24 310   M    M   0        31 300
 9  68  52  60   M   5   0 0.00  0.0    0 18.5 38 320   M    M   2 128    52 320
10  68  50  59   M   6   0 0.00  0.0    0 14.3 21 310   M    M   0        27 320
11  65  50  58   M   7   0 0.00  0.0    0 11.8 21 300   M    M   0 18     30 300
12  64  50  57   M   8   0 0.00  0.0    0 11.7 18 250   M    M   0        25 300
13  69  56  63   M   2   0 0.00  0.0    0  6.9 15 250   M    M   0        18 260
14  67  55  61   M   4   0 0.00  0.0    0  6.0 12 250   M    M   0 128    13 250
15  60  46  53   M  12   0 0.00  0.0    0  8.7 20 240   M    M   4 128    23 230
16  58  49  54   M  11   0 0.00  0.0    0  9.5 20 270   M    M   8 128    24 260
17  67  49  58   M   7   0 0.00  0.0    0  7.9 16 260   M    M   0 12     21 250
18  80  59  70   M   0   5 0.00  0.0    0  6.8 14 250   M    M   0        16 240
19  74  50  62   M   3   0 0.00  0.0    0  8.1 22 270   M    M   3 128    26 270
20  56  48  52   M  13   0 0.00  0.0    0  9.2 23 270   M    M  10 12     26 260
21  59  49  54   M  11   0 0.00  0.0    0  7.3 16 250   M    M   6 12     20 260
22  68  49  59   M   6   0 0.00  0.0    0  6.3 16 290   M    M   1 1      20 300
23  80  59  70   M   0   5 0.00  0.0    0  7.0 14 290   M    M   0        19 320
================================================================================
SM 1539 1197       144  22  0.12     0.0 205.5          M       70
================================================================================
AV 66.9 52.0                               8.9 FASTST   M    M   3    MAX(MPH)
                                 MISC ---->  # 38 320               # 52  320
================================================================================
NOTES:
# LAST OF SEVERAL OCCURRENCES

COLUMN 17 PEAK WIND IN M.P.H.

PRELIMINARY LOCAL CLIMATOLOGICAL DATA (WS FORM: F-6) , PAGE 2

                                          STATION:  AVALON
                                          MONTH:    APRIL
                                          YEAR:     2019
                                          LATITUDE:   33 24 N
                                          LONGITUDE: 118 25 W

[TEMPERATURE DATA]      [PRECIPITATION DATA]       SYMBOLS USED IN COLUMN 16

AVERAGE MONTHLY: 59.5   TOTAL FOR MONTH:   0.12    1 = FOG OR MIST
DPTR FM NORMAL:     M   DPTR FM NORMAL:       M    2 = FOG REDUCING VISIBILITY
HIGHEST:    81 ON  8    GRTST 24HR  0.07 ON  2- 2      TO 1/4 MILE OR LESS
LOWEST:     46 ON 15                               3 = THUNDER
                        SNOW, ICE PELLETS, HAIL    4 = ICE PELLETS
                        TOTAL MONTH:   0.0 INCH    5 = HAIL
                        GRTST 24HR     0.0         6 = FREEZING RAIN OR DRIZZLE
                        GRTST DEPTH:   0           7 = DUSTSTORM OR SANDSTORM:
                                                       VSBY 1/2 MILE OR LESS
                                                   8 = SMOKE OR HAZE
[NO. OF DAYS WITH]      [WEATHER - DAYS WITH]      9 = BLOWING SNOW
                                                   X = TORNADO
MAX 32 OR BELOW:   0    0.01 INCH OR MORE:   4
MAX 90 OR ABOVE:   0    0.10 INCH OR MORE:   0
MIN 32 OR BELOW:   0    0.50 INCH OR MORE:   0
MIN  0 OR BELOW:   0    1.00 INCH OR MORE:   0

[HDD (BASE 65) ]
TOTAL THIS MO.   144    CLEAR  (SCALE 0-3)  14
DPTR FM NORMAL     M    PTCLDY (SCALE 4-7)   5
TOTAL FM JUL 1  1669    CLOUDY (SCALE 8-10)  4
DPTR FM NORMAL     M

[CDD (BASE 65) ]
TOTAL THIS MO.    22
DPTR FM NORMAL     M    [PRESSURE DATA]
TOTAL FM JAN 1    33    HIGHEST SLP M ON M
DPTR FM NORMAL     M    LOWEST  SLP 29.69 ON 12

[REMARKS]
