000
CXUS56 KLOX 191155
CF6AVX
PRELIMINARY LOCAL CLIMATOLOGICAL DATA (WS FORM: F-6)

                                          STATION:   AVALON
                                          MONTH:     FEBRUARY
                                          YEAR:      2019
                                          LATITUDE:   33 24 N
                                          LONGITUDE: 118 25 W

  TEMPERATURE IN F:       :PCPN:    SNOW:  WIND      :SUNSHINE: SKY     :PK WND
================================================================================
1   2   3   4   5  6A  6B    7    8   9   10  11  12  13   14  15   16   17  18
                                     12Z  AVG MX 2MIN
DY MAX MIN AVG DEP HDD CDD  WTR  SNW DPTH SPD SPD DIR MIN PSBL S-S WX    SPD DR
================================================================================

 1  56  48  52   M  13   0 0.01    M    0  7.0 22 130   M    M   7 12     29 130
 2  55  47  51   M  14   0    M    M    0 18.9 41 160   M    M   9 12     66 160
 3  53  47  50   M  15   0 0.09    M    0 11.4 20 230   M    M   8 12     25 240
 4  52  46  49   M  16   0 0.50    M    0 13.8 24 230   M    M   9 12     35 220
 5  48  42  45   M  20   0 0.11    M    0 16.3 26 280   M    M   6 12     34 270
 6  49  40  45   M  20   0 0.00  0.0    0 11.1 23 320   M    M   1        28 310
 7  51  42  47   M  18   0 0.00  0.0    0  6.0 12 110   M    M   1        15 110
 8  52  45  49   M  16   0 0.00  0.0    0  7.6 16 270   M    M   2        18 260
 9  53  45  49   M  16   0 0.05    M    0  8.2 17 280   M    M   5 12     22 270
10  51  43  47   M  18   0 0.25    M    0 12.7 29 280   M    M   6 12     38 260
11  52  40  46   M  19   0 0.00  0.0    0  7.2 18 340   M    M   0        23 340
12  59  44  52   M  13   0 0.00  0.0    0  7.9 15 170   M    M   0        22 150
13  54  48  51   M  14   0 0.95    M    0 17.9 36 140   M    M   9 12     46 140
14  60  48  54   M  11   0 1.45    M    0 19.8 43 270   M    M   9 12     54 210
15  53  46  50   M  15   0 0.18    M    0 12.1 24 270   M    M   6 12     30 270
16  50  44  47   M  18   0 0.00  0.0    0 17.8 29 280   M    M   2        39 280
17  50  43  47   M  18   0 0.04    M    0 22.8 35 270   M    M   4 1      47 270
18  48  42  45   M  20   0 0.00  0.0    0 12.0 22 290   M    M   2        32 290
================================================================================
SM  946  800       294   0  3.63     0.0 230.5          M       86
================================================================================
AV 52.6 44.4                              12.8 FASTST   M    M   5    MAX(MPH)
                                 MISC ---->  # 43 270               # 66  160
================================================================================
NOTES:
# LAST OF SEVERAL OCCURRENCES

COLUMN 17 PEAK WIND IN M.P.H.

PRELIMINARY LOCAL CLIMATOLOGICAL DATA (WS FORM: F-6) , PAGE 2

                                          STATION:  AVALON
                                          MONTH:    FEBRUARY
                                          YEAR:     2019
                                          LATITUDE:   33 24 N
                                          LONGITUDE: 118 25 W

[TEMPERATURE DATA]      [PRECIPITATION DATA]       SYMBOLS USED IN COLUMN 16

AVERAGE MONTHLY: 48.5   TOTAL FOR MONTH:   3.63    1 = FOG OR MIST
DPTR FM NORMAL:     M   DPTR FM NORMAL:       M    2 = FOG REDUCING VISIBILITY
HIGHEST:    60 ON 14    GRTST 24HR  1.45 ON 14-14      TO 1/4 MILE OR LESS
LOWEST:     40 ON 11, 6                            3 = THUNDER
                        SNOW, ICE PELLETS, HAIL    4 = ICE PELLETS
                        TOTAL MONTH:   0.0 INCH    5 = HAIL
                        GRTST 24HR     0.0         6 = FREEZING RAIN OR DRIZZLE
                        GRTST DEPTH:   0           7 = DUSTSTORM OR SANDSTORM:
                                                       VSBY 1/2 MILE OR LESS
                                                   8 = SMOKE OR HAZE
[NO. OF DAYS WITH]      [WEATHER - DAYS WITH]      9 = BLOWING SNOW
                                                   X = TORNADO
MAX 32 OR BELOW:   0    0.01 INCH OR MORE:  10
MAX 90 OR ABOVE:   0    0.10 INCH OR MORE:   6
MIN 32 OR BELOW:   0    0.50 INCH OR MORE:   3
MIN  0 OR BELOW:   0    1.00 INCH OR MORE:   1

[HDD (BASE 65) ]
TOTAL THIS MO.   294    CLEAR  (SCALE 0-3)   7
DPTR FM NORMAL     M    PTCLDY (SCALE 4-7)   7
TOTAL FM JUL 1  1063    CLOUDY (SCALE 8-10)  4
DPTR FM NORMAL     M

[CDD (BASE 65) ]
TOTAL THIS MO.     0
DPTR FM NORMAL     M    [PRESSURE DATA]
TOTAL FM JAN 1     3    HIGHEST SLP M ON M
DPTR FM NORMAL     M    LOWEST  SLP 29.71 ON M

[REMARKS]
