000
CXUS53 KGRR 191017
CF6AZO
PRELIMINARY LOCAL CLIMATOLOGICAL DATA (WS FORM: F-6)

                                          STATION:   KALAMAZOO
                                          MONTH:     AUGUST
                                          YEAR:      2019
                                          LATITUDE:   42 13 N
                                          LONGITUDE:  85 33 W

  TEMPERATURE IN F:       :PCPN:    SNOW:  WIND      :SUNSHINE: SKY     :PK WND
================================================================================
1   2   3   4   5  6A  6B    7    8   9   10  11  12  13   14  15   16   17  18
                                     12Z  AVG MX 2MIN
DY MAX MIN AVG DEP HDD CDD  WTR  SNW DPTH SPD SPD DIR MIN PSBL S-S WX    SPD DR
================================================================================

 1  84  56  70  -2   0   5 0.00    M    M  3.1  9 360   M    M   0        15 360
 2  85  55  70  -2   0   5 0.00    M    M  2.2  8 350   M    M   0        15  80
 3  88  57  73   1   0   8 0.00    M    M  2.9 14 310   M    M   1        20 290
 4  88  63  76   4   0  11 0.37    M    M  3.3 18 140   M    M   3 138    35 140
 5  88  61  75   3   0  10    T    M    M  4.5 14 230   M    M   2 12     20 300
 6  82  66  74   2   0   9 0.15    M    M  6.5 18 290   M    M   5 1      29 250
 7  86  62  74   2   0   9 0.00    M    M  4.6 17 310   M    M   2 18     24 310
 8  82  61  72   0   0   7 0.12    M    M  9.9 26 330   M    M   3 13     35 320
 9  80  58  69  -3   0   4 0.00    M    M  6.6 18 310   M    M   1        25 310
10  84  56  70  -2   0   5 0.00    M    M  4.8 16 330   M    M   1        22 310
11  86  59  73   2   0   8    T    M    M  3.8 15 180   M    M   7 1      23 200
12  84  69  77   6   0  12 0.02    M    M  4.3 10 200   M    M   7        16 220
13  87  68  78   7   0  13 0.00    M    M  3.6 13  20   M    M   6 18     18  30
14  85  64  75   4   0  10 0.06    M    M  3.2 22 220   M    M   6 13     30 220
15  76  60  68  -3   0   3 0.00    M    M  4.6 15 350   M    M   7 1      21 350
16  83  55  69  -2   0   4 0.23    M    M  5.5 20 230   M    M   5 1238   27 220
17  82  64  73   2   0   8    T    M    M  3.3 10 190   M    M   4 12     14 200
18  84  68  76   5   0  11 0.32    M    M  6.4 23 190   M    M   2 13     31 290
================================================================================
SM 1514 1102         0 142  1.27    M     83.1          M       62
================================================================================
AV 84.1 61.2                               4.6 FASTST   M    M   3    MAX(MPH)
                                 MISC ---->  # 26 330               # 35  140
================================================================================
NOTES:
# LAST OF SEVERAL OCCURRENCES

COLUMN 17 PEAK WIND IN M.P.H.

PRELIMINARY LOCAL CLIMATOLOGICAL DATA (WS FORM: F-6) , PAGE 2

                                          STATION:  KALAMAZOO
                                          MONTH:    AUGUST
                                          YEAR:     2019
                                          LATITUDE:   42 13 N
                                          LONGITUDE:  85 33 W

[TEMPERATURE DATA]      [PRECIPITATION DATA]       SYMBOLS USED IN COLUMN 16

AVERAGE MONTHLY: 72.7   TOTAL FOR MONTH:   1.27    1 = FOG OR MIST
DPTR FM NORMAL:   1.1   DPTR FM NORMAL:   -0.85    2 = FOG REDUCING VISIBILITY
HIGHEST:    88 ON  5, 4 GRTST 24HR  0.37 ON  4- 4      TO 1/4 MILE OR LESS
LOWEST:     55 ON 16, 2                            3 = THUNDER
                        SNOW, ICE PELLETS, HAIL    4 = ICE PELLETS
                        TOTAL MONTH:    M          5 = HAIL
                        GRTST 24HR    M  ON   M    6 = FREEZING RAIN OR DRIZZLE
                        GRTST DEPTH:  M  ON   M    7 = DUSTSTORM OR SANDSTORM:
                                                       VSBY 1/2 MILE OR LESS
                                                   8 = SMOKE OR HAZE
[NO. OF DAYS WITH]      [WEATHER - DAYS WITH]      9 = BLOWING SNOW
                                                   X = TORNADO
MAX 32 OR BELOW:   0    0.01 INCH OR MORE:   7
MAX 90 OR ABOVE:   0    0.10 INCH OR MORE:   5
MIN 32 OR BELOW:   0    0.50 INCH OR MORE:   0
MIN  0 OR BELOW:   0    1.00 INCH OR MORE:   0

[HDD (BASE 65) ]
TOTAL THIS MO.     0    CLEAR  (SCALE 0-3)  10
DPTR FM NORMAL     0    PTCLDY (SCALE 4-7)   8
TOTAL FM JUL 1     0    CLOUDY (SCALE 8-10)  0
DPTR FM NORMAL    -5

[CDD (BASE 65) ]
TOTAL THIS MO.   142
DPTR FM NORMAL    22    [PRESSURE DATA]
TOTAL FM JAN 1   657    HIGHEST SLP M ON M
DPTR FM NORMAL   111    LOWEST  SLP 29.70 ON  8

[REMARKS]
