000
CXUS53 KGRR 161017
CF6AZO
PRELIMINARY LOCAL CLIMATOLOGICAL DATA (WS FORM: F-6)

                                          STATION:   KALAMAZOO
                                          MONTH:     FEBRUARY
                                          YEAR:      2019
                                          LATITUDE:   42 13 N
                                          LONGITUDE:  85 33 W

  TEMPERATURE IN F:       :PCPN:    SNOW:  WIND      :SUNSHINE: SKY     :PK WND
================================================================================
1   2   3   4   5  6A  6B    7    8   9   10  11  12  13   14  15   16   17  18
                                     12Z  AVG MX 2MIN
DY MAX MIN AVG DEP HDD CDD  WTR  SNW DPTH SPD SPD DIR MIN PSBL S-S WX    SPD DR
================================================================================

 1  15  -1   7 -18  58   0    T    M    M  4.9 10 180   M    M   5 1      13 170
 2  42   8  25   0  40   0 0.00    M    M 10.8 16 220   M    M   6 18     22 230
 3  46  36  41  16  24   0 0.00    M    M  9.7 16 210   M    M  10 12     20 210
 4  50  38  44  19  21   0 0.12    M    M 10.4 17 300   M    M   9 1      25 310
 5  38  31  35  10  30   0    T    M    M  8.6 18 300   M    M  10 1      24 130
 6  37  33  35  10  30   0 0.39    M    M  4.4 15 130   M    M   8 136    21 120
 7  50  22  36  11  29   0 0.23    M    M 10.6 35 250   M    M  10 12     47 260
 8  22  12  17  -9  48   0    T    M    M 16.4 32 240   M    M  10 8      49 250
 9  24  14  19  -7  46   0    T    M    M  3.5 12 330   M    M   5        17 290
10  29  14  22  -4  43   0 0.01    M    M  6.2 13 130   M    M   8        18 130
11  32  23  28   2  37   0 0.01    M    M  7.8 13  90   M    M  10 6      22  80
12  34  26  30   4  35   0 0.39    M    M 11.4 24 250   M    M  10 6      34 250
13  27  14  21  -5  44   0 0.07    M    M 14.3 25 270   M    M   8 128    37 260
14  42  18  30   4  35   0 0.00    M    M  8.4 16 180   M    M   6        20 190
15  41  14  28   1  37   0    T    M    M 14.8 28 300   M    M   9 8      36 310
================================================================================
SM  529  302       557   0  1.22    M    142.2          M      124
================================================================================
AV 35.3 20.1                               9.5 FASTST   M    M   8    MAX(MPH)
                                 MISC ---->  # 35 250               # 49  250
================================================================================
NOTES:
# LAST OF SEVERAL OCCURRENCES

COLUMN 17 PEAK WIND IN M.P.H.

PRELIMINARY LOCAL CLIMATOLOGICAL DATA (WS FORM: F-6) , PAGE 2

                                          STATION:  KALAMAZOO
                                          MONTH:    FEBRUARY
                                          YEAR:     2019
                                          LATITUDE:   42 13 N
                                          LONGITUDE:  85 33 W

[TEMPERATURE DATA]      [PRECIPITATION DATA]       SYMBOLS USED IN COLUMN 16

AVERAGE MONTHLY: 27.7   TOTAL FOR MONTH:   1.22    1 = FOG OR MIST
DPTR FM NORMAL:   2.1   DPTR FM NORMAL:    0.52    2 = FOG REDUCING VISIBILITY
HIGHEST:    50 ON  7, 4 GRTST 24HR  0.39 ON 12-12      TO 1/4 MILE OR LESS
LOWEST:     -1 ON  1                               3 = THUNDER
                        SNOW, ICE PELLETS, HAIL    4 = ICE PELLETS
                        TOTAL MONTH:    M          5 = HAIL
                        GRTST 24HR    M  ON   M    6 = FREEZING RAIN OR DRIZZLE
                        GRTST DEPTH:  M  ON   M    7 = DUSTSTORM OR SANDSTORM:
                                                       VSBY 1/2 MILE OR LESS
                                                   8 = SMOKE OR HAZE
[NO. OF DAYS WITH]      [WEATHER - DAYS WITH]      9 = BLOWING SNOW
                                                   X = TORNADO
MAX 32 OR BELOW:   6    0.01 INCH OR MORE:   7
MAX 90 OR ABOVE:   0    0.10 INCH OR MORE:   4
MIN 32 OR BELOW:  12    0.50 INCH OR MORE:   0
MIN  0 OR BELOW:   1    1.00 INCH OR MORE:   0

[HDD (BASE 65) ]
TOTAL THIS MO.   557    CLEAR  (SCALE 0-3)   0
DPTR FM NORMAL   -34    PTCLDY (SCALE 4-7)   6
TOTAL FM JUL 1  4308    CLOUDY (SCALE 8-10)  9
DPTR FM NORMAL     9

[CDD (BASE 65) ]
TOTAL THIS MO.     0
DPTR FM NORMAL     0    [PRESSURE DATA]
TOTAL FM JAN 1     0    HIGHEST SLP M ON M
DPTR FM NORMAL     0    LOWEST  SLP 29.43 ON 12

[REMARKS]
