000
CXUS54 KEWX 180910
CF6BAZ
PRELIMINARY LOCAL CLIMATOLOGICAL DATA (WS FORM: F-6)

                                          STATION:   NEW BRAUNFELS
                                          MONTH:     APRIL
                                          YEAR:      2019
                                          LATITUDE:   29 43 N
                                          LONGITUDE:  98  3 W

  TEMPERATURE IN F:       :PCPN:    SNOW:  WIND      :SUNSHINE: SKY     :PK WND
================================================================================
1   2   3   4   5  6A  6B    7    8   9   10  11  12  13   14  15   16   17  18
                                     12Z  AVG MX 2MIN
DY MAX MIN AVG DEP HDD CDD  WTR  SNW DPTH SPD SPD DIR MIN PSBL S-S WX    SPD DR
================================================================================

 1  62  38  50 -16  15   0 0.00    M    M  5.7 12  20   M    M   5        15 100
 2  73  35  54 -12  11   0 0.00    M    M  7.3 16 170   M    M   0        22 150
 3  70  58  64  -2   1   0 0.01    M    M 11.7 21 160   M    M  10 18     24 150
 4  88  63  76   9   0  11    T    M    M  6.8 16 190   M    M   5 18     19 220
 5  84  57  71   4   0   6 0.00    M    M  7.2 16  90   M    M   3 18     24  80
 6  82  66  74   7   0   9 0.17    M    M  8.1 16  60   M    M   9 138    19  50
 7  76  57  67   0   0   2 1.48    M    M 10.2 25  30   M    M   7 13     34 310
 8  90  58  74   6   0   9 0.00    M    M  8.3 18 350   M    M   0        23 320
 9  90  55  73   5   0   8 0.00    M    M  5.7 15 180   M    M   0        19 180
10  94  56  75   7   0  10 0.00    M    M 12.5 30 170   M    M   0 1      36 180
11  84  57  71   3   0   6 0.00    M    M  9.1 22 340   M    M   0 8      27 340
12  81  54  68   0   0   3 0.00    M    M 10.8 18 110   M    M   3        23 120
13  76  49  63  -6   2   0 0.04    M    M 14.8 32 310   M    M   6 138    41 330
14  75  46  61  -8   4   0 0.00    M    M 10.7 28 340   M    M   0        37 350
15  82  48  65  -4   0   0 0.00    M    M 12.0 21 160   M    M   1        31 190
16  83  64  74   5   0   9 0.00    M    M 17.0 26 170   M    M   9        35 170
17  86  61  74   4   0   9 0.55    M    M 15.5 29 340   M    M  10 138    39 320
================================================================================
SM 1376  922        33  82  2.25    M    173.4          M       68
================================================================================
AV 80.9 54.2                              10.2 FASTST   M    M   4    MAX(MPH)
                                 MISC ---->  # 32 310               # 41  330
================================================================================
NOTES:
# LAST OF SEVERAL OCCURRENCES

COLUMN 17 PEAK WIND IN M.P.H.

PRELIMINARY LOCAL CLIMATOLOGICAL DATA (WS FORM: F-6) , PAGE 2

                                          STATION:  NEW BRAUNFELS
                                          MONTH:    APRIL
                                          YEAR:     2019
                                          LATITUDE:   29 43 N
                                          LONGITUDE:  98  3 W

[TEMPERATURE DATA]      [PRECIPITATION DATA]       SYMBOLS USED IN COLUMN 16

AVERAGE MONTHLY: 67.6   TOTAL FOR MONTH:   2.25    1 = FOG OR MIST
DPTR FM NORMAL:  -0.2   DPTR FM NORMAL:    0.98    2 = FOG REDUCING VISIBILITY
HIGHEST:    94 ON 10    GRTST 24HR  1.48 ON  7- 7      TO 1/4 MILE OR LESS
LOWEST:     35 ON  2                               3 = THUNDER
                        SNOW, ICE PELLETS, HAIL    4 = ICE PELLETS
                        TOTAL MONTH:    M          5 = HAIL
                        GRTST 24HR    M  ON   M    6 = FREEZING RAIN OR DRIZZLE
                        GRTST DEPTH:  M  ON   M    7 = DUSTSTORM OR SANDSTORM:
                                                       VSBY 1/2 MILE OR LESS
                                                   8 = SMOKE OR HAZE
[NO. OF DAYS WITH]      [WEATHER - DAYS WITH]      9 = BLOWING SNOW
                                                   X = TORNADO
MAX 32 OR BELOW:   0    0.01 INCH OR MORE:   5
MAX 90 OR ABOVE:   3    0.10 INCH OR MORE:   3
MIN 32 OR BELOW:   0    0.50 INCH OR MORE:   2
MIN  0 OR BELOW:   0    1.00 INCH OR MORE:   1

[HDD (BASE 65) ]
TOTAL THIS MO.    33    CLEAR  (SCALE 0-3)   9
DPTR FM NORMAL     2    PTCLDY (SCALE 4-7)   4
TOTAL FM JUL 1  1602    CLOUDY (SCALE 8-10)  4
DPTR FM NORMAL    54

[CDD (BASE 65) ]
TOTAL THIS MO.    82
DPTR FM NORMAL     4    [PRESSURE DATA]
TOTAL FM JAN 1   170    HIGHEST SLP M ON M
DPTR FM NORMAL     8    LOWEST  SLP 29.45 ON 10

[REMARKS]
