000
CXUS55 KLBF 201200
CF6BBW
PRELIMINARY LOCAL CLIMATOLOGICAL DATA (WS FORM: F-6)

                                          STATION:   BROKEN BOW
                                          MONTH:     FEBRUARY
                                          YEAR:      2019
                                          LATITUDE:   41 26 N
                                          LONGITUDE:  99 39 W

  TEMPERATURE IN F:       :PCPN:    SNOW:  WIND      :SUNSHINE: SKY     :PK WND
================================================================================
1   2   3   4   5  6A  6B    7    8   9   10  11  12  13   14  15   16   17  18
                                     12Z  AVG MX 2MIN
DY MAX MIN AVG DEP HDD CDD  WTR  SNW DPTH SPD SPD DIR MIN PSBL S-S WX    SPD DR
================================================================================

 1  59  23  41  15  24   0 0.00    M    M  7.7 17 200   M    M   0        23 230
 2  53  25  39  13  26   0 0.00    M    M  6.3 14 190   M    M   0        17 220
 3  47  18  33   7  32   0    T    M    M  8.6 32 340   M    M   4 1      41 340
 4  20   7  14 -12  51   0    T    M    M 16.8 31 340   M    M   2        40 360
 5  17   6  12 -14  53   0 0.00    M    M  5.1 12  30   M    M   6        13  20
 6  15   2   9 -17  56   0    T    M    M 13.6 26 340   M    M   9        35 350
 7   8  -2   3 -23  62   0    T    M    M 19.1 32 300   M    M   6        41 310
 8  25  -8   9 -17  56   0 0.00    M    M  9.5 22 170   M    M   0        31 170
 9  33  13  23  -3  42   0 0.00    M    M 12.1 24 170   M    M   0        31 170
10  28  15  22  -5  43   0 0.00    M    M 10.7 20 340   M    M   8 1      24 340
11  27  19  23  -4  42   0    T    M    M 10.3 20 310   M    M   9 16     26 110
12  38  11  25  -2  40   0 0.00    M    M  6.6 17 320   M    M   0        23 320
13  57  20  39  12  26   0 0.00    M    M  6.3 15 170   M    M   1        19 180
14  42  13  28   1  37   0    T    M    M 16.1 33 340   M    M   2        44 340
15  14   8  11 -17  54   0 0.10    M    M  6.8 15 360   M    M  10 1      19  10
16  16  12  14 -14  51   0 0.04    M    M  8.8 16 140   M    M  10 1      22 150
17  17   0   9 -19  56   0    T    M    M 16.8 29 330   M    M   7 1      36 340
18  16  -1   8 -20  57   0    T    M    M  7.7 17 330   M    M   5        23 350
19  19  10  15 -14  50   0 0.03    M    M  9.0 17 110   M    M  10 1      21 110
================================================================================
SM  551  191       858   0  0.17    M    197.9          M       89
================================================================================
AV 29.0 10.1                              10.4 FASTST   M    M   5    MAX(MPH)
                                 MISC ---->  # 33 340               # 44  340
================================================================================
NOTES:
# LAST OF SEVERAL OCCURRENCES

COLUMN 17 PEAK WIND IN M.P.H.

PRELIMINARY LOCAL CLIMATOLOGICAL DATA (WS FORM: F-6) , PAGE 2

                                          STATION:  BROKEN BOW
                                          MONTH:    FEBRUARY
                                          YEAR:     2019
                                          LATITUDE:   41 26 N
                                          LONGITUDE:  99 39 W

[TEMPERATURE DATA]      [PRECIPITATION DATA]       SYMBOLS USED IN COLUMN 16

AVERAGE MONTHLY: 19.5   TOTAL FOR MONTH:   0.17    1 = FOG OR MIST
DPTR FM NORMAL:  -7.3   DPTR FM NORMAL:   -0.21    2 = FOG REDUCING VISIBILITY
HIGHEST:    59 ON  1    GRTST 24HR  0.10 ON 15-15      TO 1/4 MILE OR LESS
LOWEST:     -8 ON  8                               3 = THUNDER
                        SNOW, ICE PELLETS, HAIL    4 = ICE PELLETS
                        TOTAL MONTH:    M          5 = HAIL
                        GRTST 24HR    M  ON   M    6 = FREEZING RAIN OR DRIZZLE
                        GRTST DEPTH:  M  ON   M    7 = DUSTSTORM OR SANDSTORM:
                                                       VSBY 1/2 MILE OR LESS
                                                   8 = SMOKE OR HAZE
[NO. OF DAYS WITH]      [WEATHER - DAYS WITH]      9 = BLOWING SNOW
                                                   X = TORNADO
MAX 32 OR BELOW:  12    0.01 INCH OR MORE:   3
MAX 90 OR ABOVE:   0    0.10 INCH OR MORE:   1
MIN 32 OR BELOW:  19    0.50 INCH OR MORE:   0
MIN  0 OR BELOW:   4    1.00 INCH OR MORE:   0

[HDD (BASE 65) ]
TOTAL THIS MO.   858    CLEAR  (SCALE 0-3)   8
DPTR FM NORMAL   133    PTCLDY (SCALE 4-7)   5
TOTAL FM JUL 1  4825    CLOUDY (SCALE 8-10)  6
DPTR FM NORMAL   122

[CDD (BASE 65) ]
TOTAL THIS MO.     0
DPTR FM NORMAL     0    [PRESSURE DATA]
TOTAL FM JAN 1     0    HIGHEST SLP M ON M
DPTR FM NORMAL     0    LOWEST  SLP 29.43 ON  3

[REMARKS]
