000
CXUS55 KLBF 231200
CF6BBW
PRELIMINARY LOCAL CLIMATOLOGICAL DATA (WS FORM: F-6)

                                          STATION:   BROKEN BOW
                                          MONTH:     APRIL
                                          YEAR:      2019
                                          LATITUDE:   41 26 N
                                          LONGITUDE:  99 39 W

  TEMPERATURE IN F:       :PCPN:    SNOW:  WIND      :SUNSHINE: SKY     :PK WND
================================================================================
1   2   3   4   5  6A  6B    7    8   9   10  11  12  13   14  15   16   17  18
                                     12Z  AVG MX 2MIN
DY MAX MIN AVG DEP HDD CDD  WTR  SNW DPTH SPD SPD DIR MIN PSBL S-S WX    SPD DR
================================================================================

 1  59  27  43   0  22   0    T    M    M  8.2 29 250   M    M   5 12     43 250
 2  61  26  44   1  21   0 0.00    M    M  5.5 16 310   M    M   4        20 280
 3  50  41  46   2  19   0 0.14    M    M  9.9 20  70   M    M  10 1      25  70
 4  59  39  49   5  16   0 0.00    M    M  4.6 14  60   M    M   7 1      17  70
 5  77  41  59  15   6   0 0.00    M    M 10.9 28 170   M    M   2        36 160
 6  73  43  58  14   7   0 0.00    M    M  9.2 23 160   M    M   1 1      31 180
 7  73  39  56  11   9   0 0.00    M    M 12.2 30 340   M    M   2 12     41 310
 8  74  40  57  12   8   0 0.00    M    M  7.9 22 340   M    M   0 8      28 340
 9  75  39  57  11   8   0 0.00    M    M 12.4 26  60   M    M   0        41  70
10  52  28  40  -6  25   0 0.20    M    M 21.2 47 360   M    M   7 136    63 360
11  30  23  27 -19  38   0 0.01    M    M 28.6 24 360   M    M  10 1238   62 350
12  37  24  31 -15  34   0    M    M    M 17.9 29 300   M    M   5        38 300
13  49  24  37 -10  28   0    M    M    M  5.5 18 300   M    M   0        22 300
14  60  21  41  -6  24   0    M    M    M  8.4 22 170   M    M   2        31 190
15  77  30  54   6  11   0 0.01    M    M  6.7 22 360   M    M   2        29 360
16  72  40  56   8   9   0 0.00    M    M 11.5 24  90   M    M   1        31  80
17  63  38  51   3  14   0 0.01    M    M 16.6 33 340   M    M   1 8      46 340
18  64  36  50   2  15   0 0.02    M    M 18.5 37 320   M    M   4        53 310
19  71  32  52   3  13   0 0.00    M    M  5.3 15 190   M    M   0        22 230
20  90  38  64  15   1   0 0.00    M    M  9.9 24 190   M    M   0        37 180
21  75  48  62  12   3   0 0.22    M    M 15.0 31 350   M    M   2 3      40 360
22  64  37  51   1  14   0    T    M    M 19.9 36 350   M    M   6        50 360
================================================================================
SM 1405  754       345   0  0.61    M    265.8          M       71
================================================================================
AV 63.9 34.3                              12.1 FASTST   M    M   3    MAX(MPH)
                                 MISC ---->  # 47 360               # 63  360
================================================================================
NOTES:
# LAST OF SEVERAL OCCURRENCES

COLUMN 17 PEAK WIND IN M.P.H.

PRELIMINARY LOCAL CLIMATOLOGICAL DATA (WS FORM: F-6) , PAGE 2

                                          STATION:  BROKEN BOW
                                          MONTH:    APRIL
                                          YEAR:     2019
                                          LATITUDE:   41 26 N
                                          LONGITUDE:  99 39 W

[TEMPERATURE DATA]      [PRECIPITATION DATA]       SYMBOLS USED IN COLUMN 16

AVERAGE MONTHLY: 49.1   TOTAL FOR MONTH:   0.61    1 = FOG OR MIST
DPTR FM NORMAL:   2.7   DPTR FM NORMAL:   -1.18    2 = FOG REDUCING VISIBILITY
HIGHEST:    90 ON 20    GRTST 24HR  0.22 ON 21-21      TO 1/4 MILE OR LESS
LOWEST:     21 ON 14                               3 = THUNDER
                        SNOW, ICE PELLETS, HAIL    4 = ICE PELLETS
                        TOTAL MONTH:    M          5 = HAIL
                        GRTST 24HR    M  ON   M    6 = FREEZING RAIN OR DRIZZLE
                        GRTST DEPTH:  M  ON   M    7 = DUSTSTORM OR SANDSTORM:
                                                       VSBY 1/2 MILE OR LESS
                                                   8 = SMOKE OR HAZE
[NO. OF DAYS WITH]      [WEATHER - DAYS WITH]      9 = BLOWING SNOW
                                                   X = TORNADO
MAX 32 OR BELOW:   1    0.01 INCH OR MORE:   7
MAX 90 OR ABOVE:   1    0.10 INCH OR MORE:   3
MIN 32 OR BELOW:   9    0.50 INCH OR MORE:   0
MIN  0 OR BELOW:   0    1.00 INCH OR MORE:   0

[HDD (BASE 65) ]
TOTAL THIS MO.   345    CLEAR  (SCALE 0-3)  13
DPTR FM NORMAL   -65    PTCLDY (SCALE 4-7)   7
TOTAL FM JUL 1  6655    CLOUDY (SCALE 8-10)  2
DPTR FM NORMAL   382

[CDD (BASE 65) ]
TOTAL THIS MO.     0
DPTR FM NORMAL     0    [PRESSURE DATA]
TOTAL FM JAN 1     0    HIGHEST SLP M ON M
DPTR FM NORMAL     0    LOWEST  SLP 29.43 ON 10

[REMARKS]
