000
CXUS53 KFGF 170915
CF6BDE
PRELIMINARY LOCAL CLIMATOLOGICAL DATA (WS FORM: F-6)

                                          STATION:   BAUDETTE MN
                                          MONTH:     FEBRUARY
                                          YEAR:      2019
                                          LATITUDE:   48 43 N
                                          LONGITUDE:  94 36 W

  TEMPERATURE IN F:       :PCPN:    SNOW:  WIND      :SUNSHINE: SKY     :PK WND
================================================================================
1   2   3   4   5  6A  6B    7    8   9   10  11  12  13   14  15   16   17  18
                                     12Z  AVG MX 2MIN
DY MAX MIN AVG DEP HDD CDD  WTR  SNW DPTH SPD SPD DIR MIN PSBL S-S WX    SPD DR
================================================================================

 1  17 -13   2  -5  63   0    T    M    M  6.7 14 150   M    M   8        20 170
 2  18   9  14   7  51   0 0.00    M    M  8.7 17 100   M    M   9 8      21 110
 3  18   4  11   4  54   0 0.09    M    M 11.1 20 330   M    M  10 18     26 330
 4   4  -9  -2  -9  67   0 0.07    M    M 10.9 18 350   M    M   8 8      23  20
 5   5 -21  -8 -16  73   0 0.02    M    M  4.3  9  80   M    M   7 18     12  30
 6   7   2   5  -3  60   0 0.03    M    M  8.4 14  20   M    M  10 18     19  10
 7   5  -6   0  -8  65   0 0.03    M    M 13.4 22 330   M    M  10 18     30 330
 8  -5 -21 -13 -21  78   0 0.00    M    M 10.5 20 310   M    M   4 18     27 320
 9  -3 -30 -16 -25  81   0    T    M    M  1.0  6 360   M    M   4 18      7 350
10   5 -28 -11 -20  76   0 0.00    M    M  3.6  9  40   M    M   2 18     12  30
11  20  -3   9   0  56   0    T    M    M  9.4 17 100   M    M   9 18     21 110
12  20   8  14   4  51   0 0.02    M    M  7.9 12 360   M    M  10 1      15 360
13  20   1  11   1  54   0    M    M    M  5.2 13 300   M    M   8 1      15 300
14  21  -1  10   0  55   0    M    M    M 14.7 28 310   M    M  10 128    35 310
15   9 -12  -1 -12  66   0    M    M    M  9.5 18 310   M    M   2 8      23 310
16  16 -20  -2 -13  67   0    M    M    M  1.3  6  50   M    M   2         7 340
================================================================================
SM  177 -140      1017   0  0.26    M    126.6          M      113
================================================================================
AV 11.1 -8.7                               7.9 FASTST   M    M   7    MAX(MPH)
                                 MISC ---->  # 28 310               # 35  310
================================================================================
NOTES:
# LAST OF SEVERAL OCCURRENCES

COLUMN 17 PEAK WIND IN M.P.H.

PRELIMINARY LOCAL CLIMATOLOGICAL DATA (WS FORM: F-6) , PAGE 2

                                          STATION:  BAUDETTE MN
                                          MONTH:    FEBRUARY
                                          YEAR:     2019
                                          LATITUDE:   48 43 N
                                          LONGITUDE:  94 36 W

[TEMPERATURE DATA]      [PRECIPITATION DATA]       SYMBOLS USED IN COLUMN 16

AVERAGE MONTHLY:  1.2   TOTAL FOR MONTH:   0.26    1 = FOG OR MIST
DPTR FM NORMAL:  -7.5   DPTR FM NORMAL:    0.04    2 = FOG REDUCING VISIBILITY
HIGHEST:    21 ON 14    GRTST 24HR  0.09 ON  3- 3      TO 1/4 MILE OR LESS
LOWEST:    -30 ON  9                               3 = THUNDER
                        SNOW, ICE PELLETS, HAIL    4 = ICE PELLETS
                        TOTAL MONTH:    M          5 = HAIL
                        GRTST 24HR    M  ON   M    6 = FREEZING RAIN OR DRIZZLE
                        GRTST DEPTH:  M  ON   M    7 = DUSTSTORM OR SANDSTORM:
                                                       VSBY 1/2 MILE OR LESS
                                                   8 = SMOKE OR HAZE
[NO. OF DAYS WITH]      [WEATHER - DAYS WITH]      9 = BLOWING SNOW
                                                   X = TORNADO
MAX 32 OR BELOW:  16    0.01 INCH OR MORE:   6
MAX 90 OR ABOVE:   0    0.10 INCH OR MORE:   0
MIN 32 OR BELOW:  16    0.50 INCH OR MORE:   0
MIN  0 OR BELOW:  11    1.00 INCH OR MORE:   0

[HDD (BASE 65) ]
TOTAL THIS MO.  1017    CLEAR  (SCALE 0-3)   3
DPTR FM NORMAL   116    PTCLDY (SCALE 4-7)   5
TOTAL FM JUL 1  7056    CLOUDY (SCALE 8-10)  8
DPTR FM NORMAL   267

[CDD (BASE 65) ]
TOTAL THIS MO.     0
DPTR FM NORMAL     0    [PRESSURE DATA]
TOTAL FM JAN 1     0    HIGHEST SLP M ON M
DPTR FM NORMAL     0    LOWEST  SLP 29.58 ON 14

[REMARKS]
