000
CXUS51 KOKX 180703
CF6BDR
PRELIMINARY LOCAL CLIMATOLOGICAL DATA (WS FORM: F-6)

                                          STATION:   BRIDGEPORT CT
                                          MONTH:     FEBRUARY
                                          YEAR:      2019
                                          LATITUDE:   41 10 N
                                          LONGITUDE:  73  8 W

  TEMPERATURE IN F:       :PCPN:    SNOW:  WIND      :SUNSHINE: SKY     :PK WND
================================================================================
1   2   3   4   5  6A  6B    7    8   9   10  11  12  13   14  15   16   17  18
                                     12Z  AVG MX 2MIN
DY MAX MIN AVG DEP HDD CDD  WTR  SNW DPTH SPD SPD DIR MIN PSBL S-S WX    SPD DR
================================================================================

 1  23  10  17 -13  48   0 0.00  0.0    0  7.2 15 300   M    M   0        20 270
 2  34  12  23  -8  42   0 0.00  0.0    0 10.6 22 230   M    M   1        29 230
 3  43  25  34   3  31   0 0.00  0.0    0  2.4 10 250   M    M   4 18     16 270
 4  52  26  39   8  26   0 0.00  0.0    0  2.4  8 210   M    M   0 128     M  M
 5  56  29  43  12  22   0    T  0.0    0  4.8 18 350   M    M   2 18     25 340
 6  41  32  37   6  28   0 0.39  0.0    0  8.4 15  60   M    M   4 1      20  60
 7  45  37  41  10  24   0 0.17  0.0    0  9.1 16  60   M    M  10 1      21  60
 8  56  31  44  13  21   0 0.26  0.0    0 11.2 30 290   M    M   6 12     42 290
 9  36  24  30  -2  35   0 0.00  0.0    0 14.6 26 300   M    M   0        37 300
10  37  20  29  -3  36   0 0.00  0.0    0  5.8 15 220   M    M   2        19 250
11  36  31  34   2  31   0 0.00  0.0    0  4.9 15  30   M    M   7        21  30
12  36  22  29  -3  36   0 0.74  1.8    0 15.4 26  60   M    M   8 16     34  80
13  43  32  38   6  27   0 0.08  0.0    2 12.9 26 270   M    M   6 1      40 280
14  43  32  38   6  27   0 0.00  0.0    0  9.6 21 270   M    M   3        30 290
15  49  35  42  10  23   0    T  0.0    0  5.8 17 320   M    M   5        24 330
16  49  28  39   6  26   0 0.00  0.0    0  9.2 18 330   M    M   0        25 330
17  36  24  30  -3  35   0    T  0.0    0  7.0 15 340   M    M   2 6      20 350
================================================================================
SM  715  450       518   0  1.64     1.8 141.3          M       60
================================================================================
AV 42.1 26.5                               8.3 FASTST   M    M   4    MAX(MPH)
                                 MISC ---->  # 30 290               # 42  290
================================================================================
NOTES:
# LAST OF SEVERAL OCCURRENCES

COLUMN 17 PEAK WIND IN M.P.H.

PRELIMINARY LOCAL CLIMATOLOGICAL DATA (WS FORM: F-6) , PAGE 2

                                          STATION:  BRIDGEPORT CT
                                          MONTH:    FEBRUARY
                                          YEAR:     2019
                                          LATITUDE:   41 10 N
                                          LONGITUDE:  73  8 W

[TEMPERATURE DATA]      [PRECIPITATION DATA]       SYMBOLS USED IN COLUMN 16

AVERAGE MONTHLY: 34.3   TOTAL FOR MONTH:   1.64    1 = FOG OR MIST
DPTR FM NORMAL:   2.7   DPTR FM NORMAL:    0.05    2 = FOG REDUCING VISIBILITY
HIGHEST:    56 ON  8, 5 GRTST 24HR  0.74 ON 12-12      TO 1/4 MILE OR LESS
LOWEST:     10 ON  1                               3 = THUNDER
                        SNOW, ICE PELLETS, HAIL    4 = ICE PELLETS
                        TOTAL MONTH:   1.8 INCHES  5 = HAIL
                        GRTST 24HR   1.8 ON 12-12  6 = FREEZING RAIN OR DRIZZLE
                        GRTST DEPTH:   2 ON 13     7 = DUSTSTORM OR SANDSTORM:
                                                       VSBY 1/2 MILE OR LESS
                                                   8 = SMOKE OR HAZE
[NO. OF DAYS WITH]      [WEATHER - DAYS WITH]      9 = BLOWING SNOW
                                                   X = TORNADO
MAX 32 OR BELOW:   1    0.01 INCH OR MORE:   5
MAX 90 OR ABOVE:   0    0.10 INCH OR MORE:   4
MIN 32 OR BELOW:  15    0.50 INCH OR MORE:   1
MIN  0 OR BELOW:   0    1.00 INCH OR MORE:   0

[HDD (BASE 65) ]
TOTAL THIS MO.   518    CLEAR  (SCALE 0-3)   8
DPTR FM NORMAL   -51    PTCLDY (SCALE 4-7)   8
TOTAL FM JUL 1  3362    CLOUDY (SCALE 8-10)  1
DPTR FM NORMAL  -183

[CDD (BASE 65) ]
TOTAL THIS MO.     0
DPTR FM NORMAL     0    [PRESSURE DATA]
TOTAL FM JAN 1     0    HIGHEST SLP M ON M
DPTR FM NORMAL     0    LOWEST  SLP 29.55 ON 13

[REMARKS]
