000
CXUS51 KOKX 260703
CF6BDR
PRELIMINARY LOCAL CLIMATOLOGICAL DATA (WS FORM: F-6)

                                          STATION:   BRIDGEPORT CT
                                          MONTH:     APRIL
                                          YEAR:      2019
                                          LATITUDE:   41 10 N
                                          LONGITUDE:  73  8 W

  TEMPERATURE IN F:       :PCPN:    SNOW:  WIND      :SUNSHINE: SKY     :PK WND
================================================================================
1   2   3   4   5  6A  6B    7    8   9   10  11  12  13   14  15   16   17  18
                                     12Z  AVG MX 2MIN
DY MAX MIN AVG DEP HDD CDD  WTR  SNW DPTH SPD SPD DIR MIN PSBL S-S WX    SPD DR
================================================================================

 1  48  32  40  -4  25   0 0.00  0.0    0 13.2 24 320   M    M   1        32 350
 2  48  29  39  -6  26   0 0.05  0.0    0  9.2 16  70   M    M   2        21  70
 3  68  39  54   9  11   0 0.04  0.0    0 15.8 33 290   M    M   2        51 290
 4  59  40  50   5  15   0 0.00  0.0    0 12.1 30 290   M    M   0        37 300
 5  41  35  38  -8  27   0 0.23  0.0    0  8.2 15  90   M    M   6 1      20 350
 6  66  39  53   7  12   0 0.05  0.0    0  6.0 13 310   M    M   5 18     17 320
 7  61  40  51   5  14   0 0.00  0.0    0  5.2 14 190   M    M   1        19 190
 8  61  45  53   6  12   0 0.20  0.0    0  7.1 16  30   M    M   8 18     20  10
 9  46  42  44  -3  21   0 0.07  0.0    0  8.3 17  90   M    M  10 1      22  90
10  59  37  48   0  17   0 0.00  0.0    0  9.9 18 340   M    M   5 12     25 350
11  48  35  42  -6  23   0 0.00  0.0    0  5.7 14 220   M    M   6        16 170
12  59  43  51   3  14   0 0.53  0.0    0 10.4 20  60   M    M   9 1      25  60
13  69  51  60  11   5   0 0.67  0.0    0  6.0 17 190   M    M   5 1      21 190
14  60  49  55   6  10   0 0.08  0.0    0  5.6 12  90   M    M   8 12     14 100
15  62  45  54   5  11   0 0.80  0.0    0 16.8 35 290   M    M   8 13     56 200
16  64  42  53   3  12   0 0.00  0.0    0 12.7 25 300   M    M   1        33 300
17  61  45  53   3  12   0    T  0.0    0  7.2 15 200   M    M   3        17 200
18  56  47  52   2  13   0 0.08  0.0    0 10.1 18  60   M    M   8 1      23  60
19  69  50  60   9   5   0 0.01  0.0    0 13.8 25 200   M    M   5 1      34 210
20  64  53  59   8   6   0 0.54  0.0    0  8.7 33 200   M    M  10 1      42 190
21  60  49  55   4  10   0 0.05  0.0    0  5.8 13  90   M    M   6 1      15  80
22  66  50  58   6   7   0 0.86  0.0    0  7.9 16 360   M    M   8 1      21 360
23  70  53  62  10   3   0    T  0.0    0  8.5 16 200   M    M   3        20 200
24  68  49  59   7   6   0 0.00  0.0    0 10.2 22 290   M    M   1        29 280
25  62  46  54   2  11   0 0.00  0.0    0  5.5 14 190   M    M   3        17 200
================================================================================
SM 1495 1085       328   0  4.26     0.0 229.9          M      124
================================================================================
AV 59.8 43.4                               9.2 FASTST   M    M   5    MAX(MPH)
                                 MISC ---->  # 35 290               # 56  200
================================================================================
NOTES:
# LAST OF SEVERAL OCCURRENCES

COLUMN 17 PEAK WIND IN M.P.H.

PRELIMINARY LOCAL CLIMATOLOGICAL DATA (WS FORM: F-6) , PAGE 2

                                          STATION:  BRIDGEPORT CT
                                          MONTH:    APRIL
                                          YEAR:     2019
                                          LATITUDE:   41 10 N
                                          LONGITUDE:  73  8 W

[TEMPERATURE DATA]      [PRECIPITATION DATA]       SYMBOLS USED IN COLUMN 16

AVERAGE MONTHLY: 51.6   TOTAL FOR MONTH:   4.26    1 = FOG OR MIST
DPTR FM NORMAL:   3.1   DPTR FM NORMAL:    0.78    2 = FOG REDUCING VISIBILITY
HIGHEST:    70 ON 23    GRTST 24HR  0.86 ON 22-22      TO 1/4 MILE OR LESS
LOWEST:     29 ON  2                               3 = THUNDER
                        SNOW, ICE PELLETS, HAIL    4 = ICE PELLETS
                        TOTAL MONTH:   0.0 INCH    5 = HAIL
                        GRTST 24HR     0.0         6 = FREEZING RAIN OR DRIZZLE
                        GRTST DEPTH:   0           7 = DUSTSTORM OR SANDSTORM:
                                                       VSBY 1/2 MILE OR LESS
                                                   8 = SMOKE OR HAZE
[NO. OF DAYS WITH]      [WEATHER - DAYS WITH]      9 = BLOWING SNOW
                                                   X = TORNADO
MAX 32 OR BELOW:   0    0.01 INCH OR MORE:  15
MAX 90 OR ABOVE:   0    0.10 INCH OR MORE:   7
MIN 32 OR BELOW:   2    0.50 INCH OR MORE:   5
MIN  0 OR BELOW:   0    1.00 INCH OR MORE:   0

[HDD (BASE 65) ]
TOTAL THIS MO.   328    CLEAR  (SCALE 0-3)   9
DPTR FM NORMAL   -86    PTCLDY (SCALE 4-7)  11
TOTAL FM JUL 1  4861    CLOUDY (SCALE 8-10)  5
DPTR FM NORMAL  -237

[CDD (BASE 65) ]
TOTAL THIS MO.     0
DPTR FM NORMAL     0    [PRESSURE DATA]
TOTAL FM JAN 1     0    HIGHEST SLP M ON M
DPTR FM NORMAL     0    LOWEST  SLP 29.29 ON 15

[REMARKS]
