000
CXUS53 KIWX 230800
CF6BEH
PRELIMINARY LOCAL CLIMATOLOGICAL DATA (WS FORM: F-6)

                                          STATION:   BENTON HARBOR
                                          MONTH:     APRIL
                                          YEAR:      2019
                                          LATITUDE:   42  7 N
                                          LONGITUDE:  86 26 W

  TEMPERATURE IN F:       :PCPN:    SNOW:  WIND      :SUNSHINE: SKY     :PK WND
================================================================================
1   2   3   4   5  6A  6B    7    8   9   10  11  12  13   14  15   16   17  18
                                     12Z  AVG MX 2MIN
DY MAX MIN AVG DEP HDD CDD  WTR  SNW DPTH SPD SPD DIR MIN PSBL S-S WX    SPD DR
================================================================================

 1  48  20  34  -9  31   0 0.00  0.0    0  9.3 21 200   M    M   4        31 210
 2  58  36  47   3  18   0 0.00  0.0    0 12.0 24 270   M    M   4        33 260
 3  57  38  48   4  17   0 0.00  0.0    0 12.9 22 240   M    M   2        30 230
 4  48  37  43  -1  22   0 0.11    M    0 10.4 20 110   M    M  10        29 110
 5  50  37  44  -1  21   0    T  0.0    0  5.2 16 110   M    M  10 18     23 120
 6  67  35  51   6  14   0 0.00  0.0    0  3.1  9 330   M    M   5 128    14 140
 7  72  45  59  13   6   0 0.24  0.0    0  8.0 24 240   M    M   3 138    32 280
 8  66  46  56  10   9   0 0.00  0.0    0  8.5 24 260   M    M   0 1      35 250
 9  64  41  53   7  12   0 0.00  0.0    0  7.1 22 270   M    M   1 8      33 260
10  48  35  42  -5  23   0 0.10  0.0    0  9.4 20  80   M    M   5 1      30  80
11  58  37  48   1  17   0 0.05    M    0 20.9 35 120   M    M   1        47 120
12  54  40  47   0  18   0 0.67    M    0 13.8 31 250   M    M   5 13     43 250
13  49  36  43  -5  22   0 0.00  0.0    0 10.6 21 240   M    M   0        29 280
14  40  33  37 -11  28   0 0.96    M    M  8.5 18  80   M    M   9 1      32 100
15  49  34  42  -6  23   0    T    M    M  8.0 16 270   M    M   4        30 350
16  68  45  57   8   8   0    T    M    0  7.3 17 250   M    M   6        26 230
17  71  50  61  12   4   0 0.00  0.0    0 12.0 22 210   M    M   5 38     34 220
18  70  40  55   5  10   0 0.64  0.0    0  7.3 20 240   M    M   8 123    30 220
19  44  37  41  -9  24   0 0.00  0.0    0  7.2 15  10   M    M   7        29  20
20  50  33  42  -8  23   0 0.00  0.0    0  8.1 15 350   M    M   0        29 320
21  74  34  54   3  11   0 0.00  0.0    0  5.5 13 190   M    M   1        20 140
22  79  52  66  15   0   1 0.06  0.0    0 11.4 22 170   M    M   0 3      34 160
================================================================================
SM 1284  841       361   1  2.83     0.0 206.5          M       90
================================================================================
AV 58.4 38.2                               9.4 FASTST   M    M   4    MAX(MPH)
                                 MISC ---->  # 35 120               # 47  120
================================================================================
NOTES:
# LAST OF SEVERAL OCCURRENCES

COLUMN 17 PEAK WIND IN M.P.H.

PRELIMINARY LOCAL CLIMATOLOGICAL DATA (WS FORM: F-6) , PAGE 2

                                          STATION:  BENTON HARBOR
                                          MONTH:    APRIL
                                          YEAR:     2019
                                          LATITUDE:   42  7 N
                                          LONGITUDE:  86 26 W

[TEMPERATURE DATA]      [PRECIPITATION DATA]       SYMBOLS USED IN COLUMN 16

AVERAGE MONTHLY: 48.3   TOTAL FOR MONTH:   2.83    1 = FOG OR MIST
DPTR FM NORMAL:   1.1   DPTR FM NORMAL:    0.37    2 = FOG REDUCING VISIBILITY
HIGHEST:    79 ON 22    GRTST 24HR  0.96 ON 14-14      TO 1/4 MILE OR LESS
LOWEST:     20 ON  1                               3 = THUNDER
                        SNOW, ICE PELLETS, HAIL    4 = ICE PELLETS
                        TOTAL MONTH:   0.0 INCH    5 = HAIL
                        GRTST 24HR     0.0         6 = FREEZING RAIN OR DRIZZLE
                        GRTST DEPTH:   0           7 = DUSTSTORM OR SANDSTORM:
                                                       VSBY 1/2 MILE OR LESS
                                                   8 = SMOKE OR HAZE
[NO. OF DAYS WITH]      [WEATHER - DAYS WITH]      9 = BLOWING SNOW
                                                   X = TORNADO
MAX 32 OR BELOW:   0    0.01 INCH OR MORE:   8
MAX 90 OR ABOVE:   0    0.10 INCH OR MORE:   6
MIN 32 OR BELOW:   1    0.50 INCH OR MORE:   3
MIN  0 OR BELOW:   0    1.00 INCH OR MORE:   0

[HDD (BASE 65) ]
TOTAL THIS MO.   361    CLEAR  (SCALE 0-3)   8
DPTR FM NORMAL   -36    PTCLDY (SCALE 4-7)  11
TOTAL FM JUL 1  5906    CLOUDY (SCALE 8-10)  3
DPTR FM NORMAL   176

[CDD (BASE 65) ]
TOTAL THIS MO.     1
DPTR FM NORMAL    -3    [PRESSURE DATA]
TOTAL FM JAN 1     1    HIGHEST SLP M ON M
DPTR FM NORMAL    -4    LOWEST  SLP 29.48 ON 14

[REMARKS]
