000
CXAK56 PAFC 171433
CF6BET

PRELIMINARY LOCAL CLIMATOLOGICAL DATA (WS FORM: F-6)

                                          STATION:   BETHEL
                                          MONTH:     FEBRUARY
                                          YEAR:      2019
                                          LATITUDE:   60 46 N
                                          LONGITUDE: 161 48 W

  TEMPERATURE IN F:       :PCPN:    SNOW:  WIND      :SUNSHINE: SKY     :PK WND
================================================================================
1   2   3   4   5  6A  6B    7    8   9   10  11  12  13   14  15   16   17  18
                                     12Z  AVG MX 2MIN
DY MAX MIN AVG DEP HDD CDD  WTR  SNW DPTH SPD SPD DIR MIN PSBL S-S WX    SPD DR
================================================================================

 1  30   9  20  12  45   0 0.04    M    M  8.5 14  40   M    M   7 1      16  40
 2  35  26  31  23  34   0 0.28    M    M 16.2 33 160   M    M  10 126    40 170
 3  33  27  30  21  35   0 0.07    M    M  7.5 14 220   M    M   9 126    18 220
 4  36  26  31  22  34   0 0.22    M    M 15.1 25 170   M    M   7 12     31 110
 5  35  32  34  25  31   0 0.03    M    M 21.8 35 170   M    M   9 19     45 150
 6  37  32  35  26  30   0 0.25    M    M 20.4 30 160   M    M   9 1      38 150
 7  37  32  35  25  30   0 0.51    M    M 21.1 33 170   M    M  10 1      41 160
 8  33  26  30  20  35   0 0.01    M    M  7.6 18 190   M    M   6 1       M  M
 9  38  26  32  22  33   0 0.09    M    M 12.1 20 160   M    M  10 6       M  M
10  35  21  28  18  37   0 0.08    M    M 14.5 30 280   M    M   5 1      40 280
11  36  23  30  20  35   0 0.02    M    M 26.8 43 210   M    M   9 169    53 190
12  34  22  28  17  37   0    T    M    M 17.3 41 220   M    M   7 18     52 220
13  27  17  22  11  43   0 0.03    M    M  5.8 15 250   M    M   9 1      18 240
14  29  17  23  12  42   0 0.11    M    M  9.5 16 190   M    M   9 12      M  M
15  34  20  27  16  38   0 0.09    M    M 12.6 31 150   M    M   8 189    37 140
16  30  21  26  14  39   0    T    M    M 11.5 21  50   M    M   1 1      26  50
================================================================================
SM  539  377       578   0  1.83    M    228.3          M      125
================================================================================
AV 33.7 23.6                              14.3 FASTST   M    M   8    MAX(MPH)
                                 MISC ---->  # 43 210               # 53  190
================================================================================
NOTES:
# LAST OF SEVERAL OCCURRENCES

COLUMN 17 PEAK WIND IN M.P.H.

PRELIMINARY LOCAL CLIMATOLOGICAL DATA (WS FORM: F-6) , PAGE 2

                                          STATION:  BETHEL
                                          MONTH:    FEBRUARY
                                          YEAR:     2019
                                          LATITUDE:   60 46 N
                                          LONGITUDE: 161 48 W

[TEMPERATURE DATA]      [PRECIPITATION DATA]       SYMBOLS USED IN COLUMN 16

AVERAGE MONTHLY: 28.6   TOTAL FOR MONTH:   1.83    1 = FOG OR MIST
DPTR FM NORMAL:  18.8   DPTR FM NORMAL:    1.42    2 = FOG REDUCING VISIBILITY
HIGHEST:    38 ON  9    GRTST 24HR  0.51 ON  7- 7      TO 1/4 MILE OR LESS
LOWEST:      9 ON  1                               3 = THUNDER
                        SNOW, ICE PELLETS, HAIL    4 = ICE PELLETS
                        TOTAL MONTH:    M          5 = HAIL
                        GRTST 24HR    M  ON   M    6 = FREEZING RAIN OR DRIZZLE
                        GRTST DEPTH:  M  ON   M    7 = DUSTSTORM OR SANDSTORM:
                                                       VSBY 1/2 MILE OR LESS
                                                   8 = SMOKE OR HAZE
[NO. OF DAYS WITH]      [WEATHER - DAYS WITH]      9 = BLOWING SNOW
                                                   X = TORNADO
MAX 32 OR BELOW:   4    0.01 INCH OR MORE:  14
MAX 90 OR ABOVE:   0    0.10 INCH OR MORE:   5
MIN 32 OR BELOW:  16    0.50 INCH OR MORE:   1
MIN  0 OR BELOW:   0    1.00 INCH OR MORE:   0

[HDD (BASE 65) ]
TOTAL THIS MO.   578    CLEAR  (SCALE 0-3)   1
DPTR FM NORMAL  -303    PTCLDY (SCALE 4-7)   6
TOTAL FM JUL 1  6876    CLOUDY (SCALE 8-10)  9
DPTR FM NORMAL -1232

[CDD (BASE 65) ]
TOTAL THIS MO.     0
DPTR FM NORMAL     0    [PRESSURE DATA]
TOTAL FM JAN 1     0    HIGHEST SLP M ON M
DPTR FM NORMAL     0    LOWEST  SLP 29.49 ON  4

[REMARKS]
