000
CXAK56 PAFC 241317 RRA
CF6BET

PRELIMINARY LOCAL CLIMATOLOGICAL DATA (WS FORM: F-6)

                                          STATION:   BETHEL
                                          MONTH:     APRIL
                                          YEAR:      2019
                                          LATITUDE:   60 46 N
                                          LONGITUDE: 161 48 W

  TEMPERATURE IN F:       :PCPN:    SNOW:  WIND      :SUNSHINE: SKY     :PK WND
================================================================================
1   2   3   4   5  6A  6B    7    8   9   10  11  12  13   14  15   16   17  18
                                     12Z  AVG MX 2MIN
DY MAX MIN AVG DEP HDD CDD  WTR  SNW DPTH SPD SPD DIR MIN PSBL S-S WX    SPD DR
================================================================================

 1  49  29  39  20  26   0 0.00    M    M  4.6 12 340   M    M   5        13 340
 2  47  26  37  17  28   0 0.00    M    M  8.9 17  40   M    M   0        22  30
 3  42  26  34  14  31   0 0.00    M    M 16.0 28  30   M    M   0        35  30
 4  37  18  28   8  37   0 0.00    M    M 20.0 29  20   M    M   1 8      36  30
 5  37  20  29   8  36   0 0.00    M    M 14.7 22  10   M    M   5 8      28  10
 6  40  19  30   8  35   0    T    M    M 13.7 21 360   M    M   4        24 360
 7  43  20  32  10  33   0 0.00    M    M  9.8 17  40   M    M   5        20  30
 8  39  30  35  12  30   0 0.05    M    M  7.8 15 170   M    M  10        18 170
 9  40  27  34  11  31   0 0.01    M    M  6.1 17 170   M    M   7 1      22 180
10  52  21  37  13  28   0 0.00    M    M  9.1 18  80   M    M   0        22  90
11  50  33  42  18  23   0 0.00    M    M 19.0 37  70   M    M   2        46  70
12  48  30  39  14  26   0 0.00    M    M  8.3 17  70   M    M   4         M  M
13  37  26  32   7  33   0    T    M    M  8.9 13 330   M    M   5 1      16 290
14  47  22  35   9  30   0 0.00    M    M  9.3 17 350   M    M   1        20  30
15  45  20  33   7  32   0 0.00    M    M 10.9 29 340   M    M   3 1      34 340
16  28  16  22  -5  43   0    T    M    M 15.3 24 340   M    M   7 1      29 340
17  27  19  23  -5  42   0    T    M    M  7.3 15 310   M    M  10 18     18 310
18  31  21  26  -2  39   0    T    M    M  6.6 13 330   M    M   8        19 310
19  30  17  24  -5  41   0    T    M    M  5.3 12 280   M    M   7        13 310
20  30  22  26  -3  39   0 0.05    M    0  7.7 17 330   M    M  10 1      21 330
21  30  16  23  -7  42   0    T    M    0 18.5 30 320   M    M  10 18     36 320
22  22  16  19 -12  46   0 0.09    M    M 16.3 25 280   M    M  10 1      32 280
23  31  17  24  -7  41   0    T    M    1  7.5 16 160   M    M   9 18     19 150
================================================================================
SM  882  511       792   0  0.20    M    251.6          M      123
================================================================================
AV 38.4 22.2                              10.9 FASTST   M    M   5    MAX(MPH)
                                 MISC ---->  # 37  70               # 46   70
================================================================================
NOTES:
# LAST OF SEVERAL OCCURRENCES

COLUMN 17 PEAK WIND IN M.P.H.

PRELIMINARY LOCAL CLIMATOLOGICAL DATA (WS FORM: F-6) , PAGE 2

                                          STATION:  BETHEL
                                          MONTH:    APRIL
                                          YEAR:     2019
                                          LATITUDE:   60 46 N
                                          LONGITUDE: 161 48 W

[TEMPERATURE DATA]      [PRECIPITATION DATA]       SYMBOLS USED IN COLUMN 16

AVERAGE MONTHLY: 30.3   TOTAL FOR MONTH:   0.20    1 = FOG OR MIST
DPTR FM NORMAL:   5.4   DPTR FM NORMAL:   -0.34    2 = FOG REDUCING VISIBILITY
HIGHEST:    52 ON 10    GRTST 24HR  0.09 ON 22-22      TO 1/4 MILE OR LESS
LOWEST:     16 ON 22,21                            3 = THUNDER
                        SNOW, ICE PELLETS, HAIL    4 = ICE PELLETS
                        TOTAL MONTH:    M          5 = HAIL
                        GRTST 24HR    M  ON   M    6 = FREEZING RAIN OR DRIZZLE
                        GRTST DEPTH:   1 ON 23     7 = DUSTSTORM OR SANDSTORM:
                                                       VSBY 1/2 MILE OR LESS
                                                   8 = SMOKE OR HAZE
[NO. OF DAYS WITH]      [WEATHER - DAYS WITH]      9 = BLOWING SNOW
                                                   X = TORNADO
MAX 32 OR BELOW:   8    0.01 INCH OR MORE:   4
MAX 90 OR ABOVE:   0    0.10 INCH OR MORE:   0
MIN 32 OR BELOW:  22    0.50 INCH OR MORE:   0
MIN  0 OR BELOW:   0    1.00 INCH OR MORE:   0

[HDD (BASE 65) ]
TOTAL THIS MO.   792    CLEAR  (SCALE 0-3)   7
DPTR FM NORMAL  -128    PTCLDY (SCALE 4-7)   9
TOTAL FM JUL 1  9141    CLOUDY (SCALE 8-10)  7
DPTR FM NORMAL -2061

[CDD (BASE 65) ]
TOTAL THIS MO.     0
DPTR FM NORMAL     0    [PRESSURE DATA]
TOTAL FM JAN 1     0    HIGHEST SLP M ON M
DPTR FM NORMAL     0    LOWEST  SLP 29.12 ON 11

[REMARKS]
