000
CXUS51 KCTP 180700
CF6BFD
PRELIMINARY LOCAL CLIMATOLOGICAL DATA (WS FORM: F-6)

                                          STATION:   BRADFORD
                                          MONTH:     AUGUST
                                          YEAR:      2019
                                          LATITUDE:   41 47 N
                                          LONGITUDE:  78 38 W

  TEMPERATURE IN F:       :PCPN:    SNOW:  WIND      :SUNSHINE: SKY     :PK WND
================================================================================
1   2   3   4   5  6A  6B    7    8   9   10  11  12  13   14  15   16   17  18
                                     12Z  AVG MX 2MIN
DY MAX MIN AVG DEP HDD CDD  WTR  SNW DPTH SPD SPD DIR MIN PSBL S-S WX    SPD DR
================================================================================

 1  81  54  68   3   0   3 0.00    M    M  3.4 12 360   M    M   2 1      16  60
 2  81  55  68   3   0   3 0.55    M    M  2.9 25 100   M    M   6 123    32 110
 3  81  54  68   3   0   3 0.00    M    M  4.0 14 330   M    M   4 12     18 330
 4  80  51  66   1   0   1 0.00    M    M  4.6 14  10   M    M   2 1      19 310
 5  81  53  67   2   0   2 0.00  0.0    0  2.6 13 190   M    M   2 1      19 200
 6  83  57  70   5   0   5 0.01  0.0    0  5.1 18 320   M    M   3 123    24 290
 7  74  60  67   2   0   2 0.58    M    M  4.8 15 280   M    M   8 123    20 270
 8  76  59  68   3   0   3 0.63  0.0    0  6.9 26 300   M    M   6 123    36 290
 9  73  55  64  -1   1   0    T    M    M  5.6 18 310   M    M   4 12     27 290
10  72  49  61  -4   4   0 0.00    M    M  6.8 20 330   M    M   3 1      27 320
11  75  43  59  -6   6   0 0.00    M    M  2.9 12 310   M    M   2 1      16 280
12  81  51  66   1   0   1 0.00    M    M  3.5 12 230   M    M   6        20 240
13  73  64  69   5   0   4    T    M    M  2.7  8 240   M    M   8 1      12 220
14  80  62  71   7   0   6 0.00    M    M  3.5 10  60   M    M   8 12     13  60
15  80  58  69   5   0   4 1.12    M    M  3.7 15  50   M    M   5 13     18  50
16  80  56  68   4   0   3    T    M    M  3.7 12 260   M    M   5 12     17 220
17  78  53  66   2   0   1 0.27    M    M  3.7 38 310   M    M   4 138    54 290
================================================================================
SM 1329  934        11  41  3.16     0.0  70.4          M       78
================================================================================
AV 78.2 54.9                               4.1 FASTST   M    M   5    MAX(MPH)
                                 MISC ---->  # 38 310               # 54  290
================================================================================
NOTES:
# LAST OF SEVERAL OCCURRENCES

COLUMN 17 PEAK WIND IN M.P.H.

PRELIMINARY LOCAL CLIMATOLOGICAL DATA (WS FORM: F-6) , PAGE 2

                                          STATION:  BRADFORD
                                          MONTH:    AUGUST
                                          YEAR:     2019
                                          LATITUDE:   41 47 N
                                          LONGITUDE:  78 38 W

[TEMPERATURE DATA]      [PRECIPITATION DATA]       SYMBOLS USED IN COLUMN 16

AVERAGE MONTHLY: 66.6   TOTAL FOR MONTH:   3.16    1 = FOG OR MIST
DPTR FM NORMAL:   1.9   DPTR FM NORMAL:    0.89    2 = FOG REDUCING VISIBILITY
HIGHEST:    83 ON  6    GRTST 24HR  1.12 ON 15-15      TO 1/4 MILE OR LESS
LOWEST:     43 ON 11                               3 = THUNDER
                        SNOW, ICE PELLETS, HAIL    4 = ICE PELLETS
                        TOTAL MONTH:   0.0 INCH    5 = HAIL
                        GRTST 24HR     0.0         6 = FREEZING RAIN OR DRIZZLE
                        GRTST DEPTH:   0           7 = DUSTSTORM OR SANDSTORM:
                                                       VSBY 1/2 MILE OR LESS
                                                   8 = SMOKE OR HAZE
[NO. OF DAYS WITH]      [WEATHER - DAYS WITH]      9 = BLOWING SNOW
                                                   X = TORNADO
MAX 32 OR BELOW:   0    0.01 INCH OR MORE:   6
MAX 90 OR ABOVE:   0    0.10 INCH OR MORE:   5
MIN 32 OR BELOW:   0    0.50 INCH OR MORE:   4
MIN  0 OR BELOW:   0    1.00 INCH OR MORE:   1

[HDD (BASE 65) ]
TOTAL THIS MO.    11    CLEAR  (SCALE 0-3)   6
DPTR FM NORMAL     2    PTCLDY (SCALE 4-7)  10
TOTAL FM JUL 1    23    CLOUDY (SCALE 8-10)  1
DPTR FM NORMAL   -50

[CDD (BASE 65) ]
TOTAL THIS MO.    41
DPTR FM NORMAL     7    [PRESSURE DATA]
TOTAL FM JAN 1   231    HIGHEST SLP M ON M
DPTR FM NORMAL    73    LOWEST  SLP 29.69 ON  7

[REMARKS]
