000
CXUS51 KCTP 230700
CF6BFD
PRELIMINARY LOCAL CLIMATOLOGICAL DATA (WS FORM: F-6)

                                          STATION:   BRADFORD
                                          MONTH:     APRIL
                                          YEAR:      2019
                                          LATITUDE:   41 47 N
                                          LONGITUDE:  78 38 W

  TEMPERATURE IN F:       :PCPN:    SNOW:  WIND      :SUNSHINE: SKY     :PK WND
================================================================================
1   2   3   4   5  6A  6B    7    8   9   10  11  12  13   14  15   16   17  18
                                     12Z  AVG MX 2MIN
DY MAX MIN AVG DEP HDD CDD  WTR  SNW DPTH SPD SPD DIR MIN PSBL S-S WX    SPD DR
================================================================================

 1  36  19  28 -10  37   0    T    M    M  7.6 22 310   M    M   5 18     32 290
 2  46  19  33  -5  32   0 0.00    M    M  6.0 15 200   M    M   0        22 140
 3  48  33  41   2  24   0 0.00    M    M 12.5 32 310   M    M   2        48 310
 4  47  25  36  -3  29   0 0.00    M    M  4.5 16 320   M    M   0        19 330
 5  40  31  36  -4  29   0 0.33    M    M  8.9 20 140   M    M  10 16     25 140
 6  62  37  50  10  15   0 0.00    M    M  3.7 16 320   M    M   7 12     25 310
 7  66  33  50   9  15   0 0.15    M    M  6.0 14 150   M    M   3 1      20 140
 8  65  40  53  12  12   0 0.09    M    M  9.3 23 290   M    M   5 12     31 310
 9  59  37  48   7  17   0    T    M    M 10.6 28 310   M    M   5 12     37 330
10  45  32  39  -3  26   0    T    M    M  7.7 16 330   M    M   6        20 310
11  53  30  42   0  23   0 0.01    M    M 11.1 21 120   M    M   5 1      25 120
12  68  46  57  14   8   0 0.43    M    M  9.4 22 290   M    M   4 1      33 300
13  65  42  54  11  11   0 0.00    M    M  6.4 18 220   M    M   1        28 220
14  64  43  54  11  11   0 1.33    M    M  6.8 25 240   M    M  10 138    39 260
15  54  33  44   0  21   0 0.16    M    M 14.8 28 290   M    M   7 1      38 280
16  44  31  38  -6  27   0 0.14    M    M  4.3 14 320   M    M   7 1      17 300
17  63  39  51   7  14   0    T    M    0  7.4 18 140   M    M   6 1      24 140
18  73  46  60  15   5   0 0.07    M    M 11.4 21 150   M    M   2 3      30 140
19  68  56  62  17   3   0 0.25    M    M  7.1 20 180   M    M   7 1      30 200
20  70  43  57  12   8   0 0.69    M    M  7.0 21 160   M    M   9 123    30 210
21  51  37  44  -2  21   0 0.11    M    M  5.0 13 310   M    M   9 12     15 310
22  67  35  51   5  14   0 0.00    M    M  2.7 13  40   M    M   5 12     15  40
================================================================================
SM 1254  787       402   0  3.76    M    170.2          M      115
================================================================================
AV 57.0 35.8                               7.7 FASTST   M    M   5    MAX(MPH)
                                 MISC ---->  # 32 310               # 48  310
================================================================================
NOTES:
# LAST OF SEVERAL OCCURRENCES

COLUMN 17 PEAK WIND IN M.P.H.

PRELIMINARY LOCAL CLIMATOLOGICAL DATA (WS FORM: F-6) , PAGE 2

                                          STATION:  BRADFORD
                                          MONTH:    APRIL
                                          YEAR:     2019
                                          LATITUDE:   41 47 N
                                          LONGITUDE:  78 38 W

[TEMPERATURE DATA]      [PRECIPITATION DATA]       SYMBOLS USED IN COLUMN 16

AVERAGE MONTHLY: 46.4   TOTAL FOR MONTH:   3.76    1 = FOG OR MIST
DPTR FM NORMAL:   4.2   DPTR FM NORMAL:    1.15    2 = FOG REDUCING VISIBILITY
HIGHEST:    73 ON 18    GRTST 24HR  1.33 ON 14-14      TO 1/4 MILE OR LESS
LOWEST:     19 ON  2, 1                            3 = THUNDER
                        SNOW, ICE PELLETS, HAIL    4 = ICE PELLETS
                        TOTAL MONTH:    M          5 = HAIL
                        GRTST 24HR    M  ON   M    6 = FREEZING RAIN OR DRIZZLE
                        GRTST DEPTH:   0           7 = DUSTSTORM OR SANDSTORM:
                                                       VSBY 1/2 MILE OR LESS
                                                   8 = SMOKE OR HAZE
[NO. OF DAYS WITH]      [WEATHER - DAYS WITH]      9 = BLOWING SNOW
                                                   X = TORNADO
MAX 32 OR BELOW:   0    0.01 INCH OR MORE:  12
MAX 90 OR ABOVE:   0    0.10 INCH OR MORE:   9
MIN 32 OR BELOW:   7    0.50 INCH OR MORE:   2
MIN  0 OR BELOW:   0    1.00 INCH OR MORE:   1

[HDD (BASE 65) ]
TOTAL THIS MO.   402    CLEAR  (SCALE 0-3)   5
DPTR FM NORMAL    14    PTCLDY (SCALE 4-7)  13
TOTAL FM JUL 1  6695    CLOUDY (SCALE 8-10)  4
DPTR FM NORMAL  -300

[CDD (BASE 65) ]
TOTAL THIS MO.     0
DPTR FM NORMAL     0    [PRESSURE DATA]
TOTAL FM JAN 1     0    HIGHEST SLP M ON M
DPTR FM NORMAL     0    LOWEST  SLP 29.24 ON 14

[REMARKS]
