000
CXUS51 KCTP 170700
CF6BFD
PRELIMINARY LOCAL CLIMATOLOGICAL DATA (WS FORM: F-6)

                                          STATION:   BRADFORD
                                          MONTH:     FEBRUARY
                                          YEAR:      2019
                                          LATITUDE:   41 47 N
                                          LONGITUDE:  78 38 W

  TEMPERATURE IN F:       :PCPN:    SNOW:  WIND      :SUNSHINE: SKY     :PK WND
================================================================================
1   2   3   4   5  6A  6B    7    8   9   10  11  12  13   14  15   16   17  18
                                     12Z  AVG MX 2MIN
DY MAX MIN AVG DEP HDD CDD  WTR  SNW DPTH SPD SPD DIR MIN PSBL S-S WX    SPD DR
================================================================================

 1  16 -13   2 -20  63   0 0.00  0.0    M  1.5  9 280   M    M   2 8      12 300
 2  37  -5  16  -6  49   0 0.00    M    M  7.3 15 230   M    M   4 18     24 250
 3  51  31  41  19  24   0 0.00    M    M  6.3 16 230   M    M   6 1      27 210
 4  56  34  45  23  20   0    T    M    M  6.0 16 210   M    M   5        23 210
 5  49  32  41  19  24   0    T    M    M  7.0 16 280   M    M   9 1      22 300
 6  44  32  38  16  27   0 0.28    M    M  7.3 15 150   M    M  10 12     21 160
 7  55  38  47  25  18   0 0.63    M    M  5.1 16 330   M    M  10 12     19 170
 8  55  13  34  11  31   0 0.26    M    M 13.7 26 290   M    M   8 18     40 270
 9  17   4  11 -12  54   0    T    M    M  5.1 23 290   M    M   7 8      34 310
10  27   2  15  -8  50   0 0.02    M    M  3.5  9 140   M    M   4 1      11 150
11  29  23  26   3  39   0    T    M    M  7.1 16 110   M    M   9 18     20 110
12  34  26  30   7  35   0 0.57    M    M 17.1 28 140   M    M  10 16     38 150
13  34  20  27   4  38   0 0.05    M    M 12.6 23 280   M    M  10 128    37 260
14  38  20  29   6  36   0    T    M    M  8.6 17 280   M    M   8 18     26 270
15  43  23  33   9  32   0 0.04    M    M 10.7 24 310   M    M   8 1      34 280
16  25  19  22  -2  43   0    T    M    M  9.4 18 320   M    M  10 1      23 300
================================================================================
SM  610  299       583   0  1.85     0.0 128.3          M      120
================================================================================
AV 38.1 18.7                               8.0 FASTST   M    M   8    MAX(MPH)
                                 MISC ---->  # 28 140               # 40  270
================================================================================
NOTES:
# LAST OF SEVERAL OCCURRENCES

COLUMN 17 PEAK WIND IN M.P.H.

PRELIMINARY LOCAL CLIMATOLOGICAL DATA (WS FORM: F-6) , PAGE 2

                                          STATION:  BRADFORD
                                          MONTH:    FEBRUARY
                                          YEAR:     2019
                                          LATITUDE:   41 47 N
                                          LONGITUDE:  78 38 W

[TEMPERATURE DATA]      [PRECIPITATION DATA]       SYMBOLS USED IN COLUMN 16

AVERAGE MONTHLY: 28.4   TOTAL FOR MONTH:   1.85    1 = FOG OR MIST
DPTR FM NORMAL:   5.7   DPTR FM NORMAL:    0.51    2 = FOG REDUCING VISIBILITY
HIGHEST:    56 ON  4    GRTST 24HR  0.63 ON  7- 7      TO 1/4 MILE OR LESS
LOWEST:    -13 ON  1                               3 = THUNDER
                        SNOW, ICE PELLETS, HAIL    4 = ICE PELLETS
                        TOTAL MONTH:   0.0 INCH    5 = HAIL
                        GRTST 24HR     0.0         6 = FREEZING RAIN OR DRIZZLE
                        GRTST DEPTH:  M  ON   M    7 = DUSTSTORM OR SANDSTORM:
                                                       VSBY 1/2 MILE OR LESS
                                                   8 = SMOKE OR HAZE
[NO. OF DAYS WITH]      [WEATHER - DAYS WITH]      9 = BLOWING SNOW
                                                   X = TORNADO
MAX 32 OR BELOW:   5    0.01 INCH OR MORE:   7
MAX 90 OR ABOVE:   0    0.10 INCH OR MORE:   4
MIN 32 OR BELOW:  14    0.50 INCH OR MORE:   2
MIN  0 OR BELOW:   2    1.00 INCH OR MORE:   0

[HDD (BASE 65) ]
TOTAL THIS MO.   583    CLEAR  (SCALE 0-3)   1
DPTR FM NORMAL    -6    PTCLDY (SCALE 4-7)   7
TOTAL FM JUL 1  4738    CLOUDY (SCALE 8-10)  8
DPTR FM NORMAL  -262

[CDD (BASE 65) ]
TOTAL THIS MO.     0
DPTR FM NORMAL     0    [PRESSURE DATA]
TOTAL FM JAN 1     0    HIGHEST SLP M ON M
DPTR FM NORMAL     0    LOWEST  SLP 29.55 ON 15

[REMARKS]
