000
CXUS55 KCYS 191000
CF6BFF
PRELIMINARY LOCAL CLIMATOLOGICAL DATA (WS FORM: F-6)

                                          STATION:   SCOTTSBLUFF NE AIRPORT
                                          MONTH:     FEBRUARY
                                          YEAR:      2019
                                          LATITUDE:   41 52 N
                                          LONGITUDE: 103 36 W

  TEMPERATURE IN F:       :PCPN:    SNOW:  WIND      :SUNSHINE: SKY     :PK WND
================================================================================
1   2   3   4   5  6A  6B    7    8   9   10  11  12  13   14  15   16   17  18
                                     12Z  AVG MX 2MIN
DY MAX MIN AVG DEP HDD CDD  WTR  SNW DPTH SPD SPD DIR MIN PSBL S-S WX    SPD DR
================================================================================

 1  64  19  42  14  23   0 0.00  0.0    0  6.8 23 260   M    M   0        28 270
 2  67  18  43  15  22   0 0.00  0.0    0  6.7 29 250   M    M   0        35 250
 3  55  14  35   7  30   0    T  0.0    0 11.1 32 300   M    M   4        42 280
 4  23  12  18 -10  47   0    T    T    0 10.1 18 120   M    M   6 18     22 120
 5  38  16  27  -1  38   0 0.00  0.0    0 15.6 23 130   M    M   6 1      27 130
 6  20  -1  10 -19  55   0 0.18  3.5    0 10.7 22  40   M    M  10 126    28  40
 7  10 -13  -1 -30  66   0 0.00  0.0    4  8.7 22 330   M    M   2 189    27 330
 8  28 -14   7 -22  58   0 0.00  0.0    2  6.9 21 120   M    M   0        23 180
 9  29  -1  14 -15  51   0    T    T    1  7.2 18  50   M    M   2 1      23  50
10  23   4  14 -15  51   0    T    T    T  9.4 22 120   M    M   6 1      26 120
11  35  13  24  -5  41   0 0.00  0.0    0 12.7 24 310   M    M   4        30 300
12  47  17  32   2  33   0 0.00  0.0    0 12.1 28 280   M    M   0        35 290
13  61  28  45  15  20   0 0.00  0.0    0  6.4 22 260   M    M   2        29 250
14  46  21  34   4  31   0 0.00  0.0    0  9.9 29  20   M    M   6        36  10
15  31  11  21  -9  44   0 0.11  1.1    1 18.2 23 110   M    M   4 1      30 150
16  39  10  25  -5  40   0 0.00  0.0    0 14.3 31 320   M    M   5        38 330
17  25   0  13 -18  52   0 0.00  0.0    0 13.6 23 350   M    M   6        28 350
18  19  -5   7 -24  58   0    T    M    0  7.8 22 110   M    M   6        26 120
================================================================================
SM  660  149       760   0  0.29     4.6 188.2          M       69
================================================================================
AV 36.7  8.3                              10.5 FASTST   M    M   4    MAX(MPH)
                                 MISC ---->  # 32 300               # 42  280
================================================================================
NOTES:
# LAST OF SEVERAL OCCURRENCES

COLUMN 17 PEAK WIND IN M.P.H.

PRELIMINARY LOCAL CLIMATOLOGICAL DATA (WS FORM: F-6) , PAGE 2

                                          STATION:  SCOTTSBLUFF NE AIRPORT
                                          MONTH:    FEBRUARY
                                          YEAR:     2019
                                          LATITUDE:   41 52 N
                                          LONGITUDE: 103 36 W

[TEMPERATURE DATA]      [PRECIPITATION DATA]       SYMBOLS USED IN COLUMN 16

AVERAGE MONTHLY: 22.5   TOTAL FOR MONTH:   0.29    1 = FOG OR MIST
DPTR FM NORMAL:  -6.7   DPTR FM NORMAL:   -0.06    2 = FOG REDUCING VISIBILITY
HIGHEST:    67 ON  2    GRTST 24HR  0.18 ON  6- 6      TO 1/4 MILE OR LESS
LOWEST:    -14 ON  8                               3 = THUNDER
                        SNOW, ICE PELLETS, HAIL    4 = ICE PELLETS
                        TOTAL MONTH:   4.6 INCHES  5 = HAIL
                        GRTST 24HR   3.5 ON  6- 6  6 = FREEZING RAIN OR DRIZZLE
                        GRTST DEPTH:   4 ON  7     7 = DUSTSTORM OR SANDSTORM:
                                                       VSBY 1/2 MILE OR LESS
                                                   8 = SMOKE OR HAZE
[NO. OF DAYS WITH]      [WEATHER - DAYS WITH]      9 = BLOWING SNOW
                                                   X = TORNADO
MAX 32 OR BELOW:   9    0.01 INCH OR MORE:   2
MAX 90 OR ABOVE:   0    0.10 INCH OR MORE:   2
MIN 32 OR BELOW:  18    0.50 INCH OR MORE:   0
MIN  0 OR BELOW:   6    1.00 INCH OR MORE:   0

[HDD (BASE 65) ]
TOTAL THIS MO.   760    CLEAR  (SCALE 0-3)   7
DPTR FM NORMAL   117    PTCLDY (SCALE 4-7)  10
TOTAL FM JUL 1  4438    CLOUDY (SCALE 8-10)  1
DPTR FM NORMAL  -147

[CDD (BASE 65) ]
TOTAL THIS MO.     0
DPTR FM NORMAL     0    [PRESSURE DATA]
TOTAL FM JAN 1     0    HIGHEST SLP M ON M
DPTR FM NORMAL     0    LOWEST  SLP 29.32 ON  3

[REMARKS]
