000
CXUS55 KCYS 221000
CF6BFF
PRELIMINARY LOCAL CLIMATOLOGICAL DATA (WS FORM: F-6)

                                          STATION:   SCOTTSBLUFF NE AIRPORT
                                          MONTH:     AUGUST
                                          YEAR:      2019
                                          LATITUDE:   41 52 N
                                          LONGITUDE: 103 36 W

  TEMPERATURE IN F:       :PCPN:    SNOW:  WIND      :SUNSHINE: SKY     :PK WND
================================================================================
1   2   3   4   5  6A  6B    7    8   9   10  11  12  13   14  15   16   17  18
                                     12Z  AVG MX 2MIN
DY MAX MIN AVG DEP HDD CDD  WTR  SNW DPTH SPD SPD DIR MIN PSBL S-S WX    SPD DR
================================================================================

 1  86  67  77   3   0  12 0.01  0.0    0  6.5 18  70   M    M   5 138    23 150
 2  91  63  77   3   0  12 0.00  0.0    0  4.4 14  60   M    M   4 12     20  50
 3  93  58  76   2   0  11 0.00  0.0    0  6.8 16 100   M    M   0 3      23 130
 4 100  64  82   8   0  17 0.09  0.0    0 10.3 22 290   M    M   1 13     30 220
 5  93  64  79   5   0  14 0.09  0.0    0  7.6 25  30   M    M   1 3      33  30
 6  95  58  77   3   0  12 0.00  0.0    0  6.5 26  10   M    M   0        33  20
 7  93  61  77   3   0  12 0.05  0.0    0  7.5 21  30   M    M   1 3      33 240
 8  86  62  74   0   0   9 0.01  0.0    0  6.3 15 140   M    M   1        20 130
 9  97  64  81   8   0  16 0.00  0.0    0  8.4 15 330   M    M   0 1      21 280
10  87  62  75   2   0  10 0.00  0.0    0  5.7 14  90   M    M   1        17  80
11  87  61  74   1   0   9 0.52  0.0    0  7.2 28 210   M    M   3 13     32 210
12  89  59  74   1   0   9 0.00  0.0    0  9.1 18 290   M    M   3 12     26 280
13  81  58  70  -3   0   5 0.00  0.0    0  7.4 18  60   M    M   2        23  40
14  81  57  69  -4   0   4 0.00  0.0    0 13.2 24 110   M    M   0        29 110
15  86  57  72   0   0   7 0.25  0.0    0  8.6 31 320   M    M   2 138    46 340
16  83  56  70  -2   0   5 0.65  0.0    0  7.5 25  40   M    M   4 13     33 320
17  91  56  74   2   0   9    T  0.0    0  7.9 32  40   M    M   3 12     45  40
18  89  58  74   2   0   9 0.00  0.0    0  9.4 16 110   M    M   4 1      23 120
19 100  60  80   8   0  15 0.00  0.0    0  5.5 13 280   M    M   2 12     17 300
20  91  56  74   2   0   9 1.18  0.0    0  9.6 54 310   M    M   1 138    73 300
21  83  58  71   0   0   6 0.01  0.0    0  5.6 26 260   M    M   1 3      40 250
================================================================================
SM 1882 1259         0 212  2.86     0.0 161.0          M       39
================================================================================
AV 89.6 60.0                               7.7 FASTST   M    M   2    MAX(MPH)
                                 MISC ---->  # 54 310               # 73  300
================================================================================
NOTES:
# LAST OF SEVERAL OCCURRENCES

COLUMN 17 PEAK WIND IN M.P.H.

PRELIMINARY LOCAL CLIMATOLOGICAL DATA (WS FORM: F-6) , PAGE 2

                                          STATION:  SCOTTSBLUFF NE AIRPORT
                                          MONTH:    AUGUST
                                          YEAR:     2019
                                          LATITUDE:   41 52 N
                                          LONGITUDE: 103 36 W

[TEMPERATURE DATA]      [PRECIPITATION DATA]       SYMBOLS USED IN COLUMN 16

AVERAGE MONTHLY: 74.8   TOTAL FOR MONTH:   2.86    1 = FOG OR MIST
DPTR FM NORMAL:   1.8   DPTR FM NORMAL:    1.93    2 = FOG REDUCING VISIBILITY
HIGHEST:   100 ON 19, 4 GRTST 24HR  1.18 ON 20-20      TO 1/4 MILE OR LESS
LOWEST:     56 ON 20,17                            3 = THUNDER
                        SNOW, ICE PELLETS, HAIL    4 = ICE PELLETS
                        TOTAL MONTH:   0.0 INCH    5 = HAIL
                        GRTST 24HR     0.0         6 = FREEZING RAIN OR DRIZZLE
                        GRTST DEPTH:   0           7 = DUSTSTORM OR SANDSTORM:
                                                       VSBY 1/2 MILE OR LESS
                                                   8 = SMOKE OR HAZE
[NO. OF DAYS WITH]      [WEATHER - DAYS WITH]      9 = BLOWING SNOW
                                                   X = TORNADO
MAX 32 OR BELOW:   0    0.01 INCH OR MORE:  10
MAX 90 OR ABOVE:  10    0.10 INCH OR MORE:   4
MIN 32 OR BELOW:   0    0.50 INCH OR MORE:   3
MIN  0 OR BELOW:   0    1.00 INCH OR MORE:   1

[HDD (BASE 65) ]
TOTAL THIS MO.     0    CLEAR  (SCALE 0-3)  17
DPTR FM NORMAL     0    PTCLDY (SCALE 4-7)   4
TOTAL FM JUL 1     0    CLOUDY (SCALE 8-10)  0
DPTR FM NORMAL    -6

[CDD (BASE 65) ]
TOTAL THIS MO.   212
DPTR FM NORMAL    40    [PRESSURE DATA]
TOTAL FM JAN 1   614    HIGHEST SLP M ON M
DPTR FM NORMAL     6    LOWEST  SLP 29.63 ON 17

[REMARKS]
