000
CXUS56 KHNX 231146
CF6BFL
PRELIMINARY LOCAL CLIMATOLOGICAL DATA (WS FORM: F-6)

                                          STATION:   BAKERSFIELD CA
                                          MONTH:     FEBRUARY
                                          YEAR:      2019
                                          LATITUDE:   35 25 N
                                          LONGITUDE: 119  3 W

  TEMPERATURE IN F:       :PCPN:    SNOW:  WIND      :SUNSHINE: SKY     :PK WND
================================================================================
1   2   3   4   5  6A  6B    7    8   9   10  11  12  13   14  15   16   17  18
                                     12Z  AVG MX 2MIN
DY MAX MIN AVG DEP HDD CDD  WTR  SNW DPTH SPD SPD DIR MIN PSBL S-S WX    SPD DR
================================================================================

 1  64  45  55   5  10   0    T  0.0    0  8.2 25 130   M    M   3 128    31 130
 2  67  51  59   9   6   0 0.10  0.0    0 13.9 39 140   M    M   7 1      53 150
 3  64  52  58   8   7   0 0.14  0.0    0  6.4 16 140   M    M  10        19 130
 4  61  47  54   4  11   0 0.09  0.0    0  8.2 20 280   M    M   7 1      24 250
 5  52  37  45  -5  20   0 0.01  0.0    0  7.3 22 320   M    M   6        28 290
 6  51  34  43  -8  22   0 0.00  0.0    0  2.8 12 310   M    M   3        13 320
 7  57  32  45  -6  20   0 0.00  0.0    0  3.0  9  50   M    M   0        12 350
 8  60  32  46  -5  19   0    T  0.0    0  2.8  9  90   M    M   1        11  90
 9  59  46  53   2  12   0 0.05  0.0    0  5.0 13  40   M    M   8        17 320
10  52  36  44  -8  21   0 0.12  0.0    0  8.3 31 330   M    M   6 1      36 320
11  54  33  44  -8  21   0 0.00  0.0    0  4.0  9 360   M    M   1        10 360
12  60  32  46  -6  19   0 0.00  0.0    0  2.6 13  70   M    M   0        15  70
13  67  52  60   8   5   0 0.01  0.0    0 16.2 38 130   M    M   6 8      45 140
14  67  47  57   5   8   0 0.26  0.0    0 10.7 29 270   M    M   4        38 270
15  57  43  50  -3  15   0 0.05  0.0    0  6.6 22 290   M    M   8 1      27 270
16  56  38  47  -6  18   0 0.01  0.0    0  5.0 13 350   M    M   7 1      15 300
17  53  36  45  -8  20   0 0.03  0.0    0  7.3 21 320   M    M   5 1      27 330
18  51  36  44  -9  21   0 0.00  0.0    0  4.4 12 310   M    M   6        15 320
19  53  36  45  -9  20   0 0.00  0.0    0  4.2 14 280   M    M   2        17 270
20  53  34  44 -10  21   0 0.02    M    0  5.3 14 330   M    M   6        18  20
21  49  39  44 -10  21   0 0.18    M    0  6.6 13 310   M    M   6 1      14 290
22  54  33  44 -10  21   0 0.00  0.0    0  5.0 14 140   M    M   1        16 150
================================================================================
SM 1261  871       358   0  1.07     0.0 143.8          M      103
================================================================================
AV 57.3 39.6                               6.5 FASTST   M    M   5    MAX(MPH)
                                 MISC ---->  # 39 140               # 53  150
================================================================================
NOTES:
# LAST OF SEVERAL OCCURRENCES

COLUMN 17 PEAK WIND IN M.P.H.

PRELIMINARY LOCAL CLIMATOLOGICAL DATA (WS FORM: F-6) , PAGE 2

                                          STATION:  BAKERSFIELD CA
                                          MONTH:    FEBRUARY
                                          YEAR:     2019
                                          LATITUDE:   35 25 N
                                          LONGITUDE: 119  3 W

[TEMPERATURE DATA]      [PRECIPITATION DATA]       SYMBOLS USED IN COLUMN 16

AVERAGE MONTHLY: 48.5   TOTAL FOR MONTH:   1.07    1 = FOG OR MIST
DPTR FM NORMAL:  -3.5   DPTR FM NORMAL:    0.09    2 = FOG REDUCING VISIBILITY
HIGHEST:    67 ON 14,13 GRTST 24HR  0.41 ON 31- 1      TO 1/4 MILE OR LESS
LOWEST:     32 ON 12, 8                            3 = THUNDER
                        SNOW, ICE PELLETS, HAIL    4 = ICE PELLETS
                        TOTAL MONTH:   0.0 INCH    5 = HAIL
                        GRTST 24HR     0.0         6 = FREEZING RAIN OR DRIZZLE
                        GRTST DEPTH:   0           7 = DUSTSTORM OR SANDSTORM:
                                                       VSBY 1/2 MILE OR LESS
                                                   8 = SMOKE OR HAZE
[NO. OF DAYS WITH]      [WEATHER - DAYS WITH]      9 = BLOWING SNOW
                                                   X = TORNADO
MAX 32 OR BELOW:   0    0.01 INCH OR MORE:  13
MAX 90 OR ABOVE:   0    0.10 INCH OR MORE:   5
MIN 32 OR BELOW:   3    0.50 INCH OR MORE:   0
MIN  0 OR BELOW:   0    1.00 INCH OR MORE:   0

[HDD (BASE 65) ]
TOTAL THIS MO.   358    CLEAR  (SCALE 0-3)   8
DPTR FM NORMAL    71    PTCLDY (SCALE 4-7)  13
TOTAL FM JUL 1  1333    CLOUDY (SCALE 8-10)  1
DPTR FM NORMAL  -380

[CDD (BASE 65) ]
TOTAL THIS MO.     0
DPTR FM NORMAL     0    [PRESSURE DATA]
TOTAL FM JAN 1     0    HIGHEST SLP M ON M
DPTR FM NORMAL     0    LOWEST  SLP 29.53 ON 14

[REMARKS]
