000
CXUS54 KAMA 171015
CF6BGD
PRELIMINARY LOCAL CLIMATOLOGICAL DATA (WS FORM: F-6)

                                          STATION:   BORGER
                                          MONTH:     AUGUST
                                          YEAR:      2019
                                          LATITUDE:   35 42 N
                                          LONGITUDE: 101 24 W

  TEMPERATURE IN F:       :PCPN:    SNOW:  WIND      :SUNSHINE: SKY     :PK WND
================================================================================
1   2   3   4   5  6A  6B    7    8   9   10  11  12  13   14  15   16   17  18
                                     12Z  AVG MX 2MIN
DY MAX MIN AVG DEP HDD CDD  WTR  SNW DPTH SPD SPD DIR MIN PSBL S-S WX    SPD DR
================================================================================

 1 105  78  92  10   0  27 0.00  0.0    0 11.1 20 250   M    M   0        26 200
 2 102  77  90   8   0  25 0.00  0.0    0  9.9 16 190   M    M   1        24 190
 3  96  74  85   3   0  20 0.00  0.0    0  9.3 20  30   M    M   1 8      25  30
 4  98  69  84   2   0  19 0.00  0.0    0  6.1 15  50   M    M   1        19  50
 5 100  72  86   4   0  21 0.03  0.0    0  8.6 17 180   M    M   1 3      24 180
 6 103  73  88   6   0  23 0.00  0.0    0  7.8 21 210   M    M   1 3      29 240
 7 106  77  92  10   0  27    T  0.0    0  9.9 25 180   M    M   2 3      36 190
 8 100  77  89   7   0  24 0.01  0.0    0 10.9 20 180   M    M   2 3      28 180
 9  98  73  86   5   0  21 0.01  0.0    0  6.3 22 180   M    M   3 1      26 180
10 104  71  88   7   0  23 0.00  0.0    0  8.6 21 280   M    M   1        29 280
11 104  73  89   8   0  24 0.02  0.0    0  9.9 28 260   M    M   2 3      40 250
12  99  71  85   4   0  20 0.41  0.0    0  5.4 24 130   M    M   3 3      35 120
13  94  69  82   1   0  17 0.00  0.0    0  6.8 26  50   M    M   0        34  40
14  93  67  80  -1   0  15 0.01  0.0    0  6.9 23  10   M    M   1        31  20
15 100  63  82   2   0  17 0.74  0.0    0 13.1 39 350   M    M   1 3      50 350
16 104  73  89   9   0  24 0.03  0.0    0 13.4 33 160   M    M   0 3      43 140
================================================================================
SM 1606 1157         0 347  1.26     0.0 144.0          M       20
================================================================================
AV100.4 72.3                               9.0 FASTST   M    M   1    MAX(MPH)
                                 MISC ---->  # 39 350               # 50  350
================================================================================
NOTES:
# LAST OF SEVERAL OCCURRENCES

COLUMN 17 PEAK WIND IN M.P.H.

PRELIMINARY LOCAL CLIMATOLOGICAL DATA (WS FORM: F-6) , PAGE 2

                                          STATION:  BORGER
                                          MONTH:    AUGUST
                                          YEAR:     2019
                                          LATITUDE:   35 42 N
                                          LONGITUDE: 101 24 W

[TEMPERATURE DATA]      [PRECIPITATION DATA]       SYMBOLS USED IN COLUMN 16

AVERAGE MONTHLY: 86.3   TOTAL FOR MONTH:   1.26    1 = FOG OR MIST
DPTR FM NORMAL:   5.0   DPTR FM NORMAL:   -0.21    2 = FOG REDUCING VISIBILITY
HIGHEST:   106 ON  7    GRTST 24HR  0.74 ON 15-15      TO 1/4 MILE OR LESS
LOWEST:     63 ON 15                               3 = THUNDER
                        SNOW, ICE PELLETS, HAIL    4 = ICE PELLETS
                        TOTAL MONTH:   0.0 INCH    5 = HAIL
                        GRTST 24HR     0.0         6 = FREEZING RAIN OR DRIZZLE
                        GRTST DEPTH:   0           7 = DUSTSTORM OR SANDSTORM:
                                                       VSBY 1/2 MILE OR LESS
                                                   8 = SMOKE OR HAZE
[NO. OF DAYS WITH]      [WEATHER - DAYS WITH]      9 = BLOWING SNOW
                                                   X = TORNADO
MAX 32 OR BELOW:   0    0.01 INCH OR MORE:   8
MAX 90 OR ABOVE:  16    0.10 INCH OR MORE:   2
MIN 32 OR BELOW:   0    0.50 INCH OR MORE:   1
MIN  0 OR BELOW:   0    1.00 INCH OR MORE:   0

[HDD (BASE 65) ]
TOTAL THIS MO.     0    CLEAR  (SCALE 0-3)  16
DPTR FM NORMAL     0    PTCLDY (SCALE 4-7)   0
TOTAL FM JUL 1     0    CLOUDY (SCALE 8-10)  0
DPTR FM NORMAL     0

[CDD (BASE 65) ]
TOTAL THIS MO.   347
DPTR FM NORMAL    84    [PRESSURE DATA]
TOTAL FM JAN 1  1435    HIGHEST SLP M ON M
DPTR FM NORMAL    91    LOWEST  SLP 29.65 ON 16

[REMARKS]
