000
CXUS51 KBGM 240800
CF6BGM
PRELIMINARY LOCAL CLIMATOLOGICAL DATA (WS FORM: F-6)

                                          STATION:   BINGHAMTON NY
                                          MONTH:     APRIL
                                          YEAR:      2019
                                          LATITUDE:   42 13 N
                                          LONGITUDE:  75 59 W

  TEMPERATURE IN F:       :PCPN:    SNOW:  WIND      :SUNSHINE: SKY     :PK WND
================================================================================
1   2   3   4   5  6A  6B    7    8   9   10  11  12  13   14  15   16   17  18
                                     12Z  AVG MX 2MIN
DY MAX MIN AVG DEP HDD CDD  WTR  SNW DPTH SPD SPD DIR MIN PSBL S-S WX    SPD DR
================================================================================

 1  35  20  28 -11  37   0 0.03  0.7    T  9.6 20 330   M    M   6 18     27 280
 2  46  23  35  -4  30   0 0.00  0.0    0  8.1 20 170   M    M   1        27 170
 3  52  31  42   2  23   0 0.00  0.0    0 13.7 33 280   M    M   1        44 290
 4  42  25  34  -6  31   0 0.00  0.0    0  8.9 22 310   M    M   1        33 290
 5  34  27  31 -10  34   0 0.28  0.4    0  8.2 14 150   M    M   8 1      19 150
 6  56  34  45   4  20   0 0.00  0.0    0  6.1 17 350   M    M   6 1      23 300
 7  66  39  53  11  12   0 0.00  0.0    0  6.4 14 200   M    M   3        21 200
 8  71  49  60  18   5   0 0.24  0.0    0 10.7 26 270   M    M   6 1      34 270
 9  65  40  53  11  12   0 0.02  0.0    0 11.7 30 280   M    M   5 123    44 290
10  40  30  35  -8  30   0    T    T    0  9.7 21 340   M    M   8        28 340
11  44  29  37  -6  28   0 0.00  0.0    0  6.4 14 150   M    M   6        18 150
12  64  40  52   8  13   0 0.35  0.0    0 11.2 24 210   M    M   8 1      36 230
13  66  50  58  14   7   0 0.00  0.0    0  9.0 17 250   M    M   3        24 260
14  63  45  54  10  11   0 0.32  0.0    0  7.9 20 160   M    M   8 13     27 170
15  63  33  48   3  17   0 0.65    T    0 12.7 32 270   M    M   8 13     43 280
16  51  31  41  -4  24   0 0.04    T    0  9.3 20 320   M    M   4        27 330
17  59  35  47   1  18   0    T  0.0    0  4.2 15 160   M    M   5 12     23 170
18  62  46  54   8  11   0    T  0.0    0 12.4 22 170   M    M   7        29 180
19  68  60  64  17   1   0 0.61  0.0    0 10.1 23 210   M    M   6 1      33 200
20  72  55  64  17   1   0 0.15  0.0    0 11.8 23 150   M    M   5 1      38 150
21  62  47  55   8  10   0    T  0.0    0  7.8 14 360   M    M   9        20 180
22  61  43  52   4  13   0 0.00  0.0    0 10.0 18 340   M    M   5        25 340
23  72  44  58  10   7   0 0.05  0.0    0  6.8 15 200   M    M   4        22 180
================================================================================
SM 1314  876       395   0  2.74     1.1 212.7          M      123
================================================================================
AV 57.1 38.1                               9.2 FASTST   M    M   5    MAX(MPH)
                                 MISC ---->  # 33 280               # 44  290
================================================================================
NOTES:
# LAST OF SEVERAL OCCURRENCES

COLUMN 17 PEAK WIND IN M.P.H.

PRELIMINARY LOCAL CLIMATOLOGICAL DATA (WS FORM: F-6) , PAGE 2

                                          STATION:  BINGHAMTON NY
                                          MONTH:    APRIL
                                          YEAR:     2019
                                          LATITUDE:   42 13 N
                                          LONGITUDE:  75 59 W

[TEMPERATURE DATA]      [PRECIPITATION DATA]       SYMBOLS USED IN COLUMN 16

AVERAGE MONTHLY: 47.6   TOTAL FOR MONTH:   2.74    1 = FOG OR MIST
DPTR FM NORMAL:   4.0   DPTR FM NORMAL:    0.09    2 = FOG REDUCING VISIBILITY
HIGHEST:    72 ON 23,20 GRTST 24HR  0.65 ON 15-15      TO 1/4 MILE OR LESS
LOWEST:     20 ON  1                               3 = THUNDER
                        SNOW, ICE PELLETS, HAIL    4 = ICE PELLETS
                        TOTAL MONTH:   1.1 INCHES  5 = HAIL
                        GRTST 24HR   0.7 ON  1- 1  6 = FREEZING RAIN OR DRIZZLE
                        GRTST DEPTH:   T           7 = DUSTSTORM OR SANDSTORM:
                                                       VSBY 1/2 MILE OR LESS
                                                   8 = SMOKE OR HAZE
[NO. OF DAYS WITH]      [WEATHER - DAYS WITH]      9 = BLOWING SNOW
                                                   X = TORNADO
MAX 32 OR BELOW:   0    0.01 INCH OR MORE:  11
MAX 90 OR ABOVE:   0    0.10 INCH OR MORE:   7
MIN 32 OR BELOW:   8    0.50 INCH OR MORE:   2
MIN  0 OR BELOW:   0    1.00 INCH OR MORE:   0

[HDD (BASE 65) ]
TOTAL THIS MO.   395    CLEAR  (SCALE 0-3)   4
DPTR FM NORMAL   -98    PTCLDY (SCALE 4-7)  17
TOTAL FM JUL 1  6641    CLOUDY (SCALE 8-10)  2
DPTR FM NORMAL   -48

[CDD (BASE 65) ]
TOTAL THIS MO.     0
DPTR FM NORMAL     0    [PRESSURE DATA]
TOTAL FM JAN 1     0    HIGHEST SLP M ON M
DPTR FM NORMAL     0    LOWEST  SLP 29.24 ON 15

[REMARKS]
