000
CXUS51 KBGM 170800
CF6BGM
PRELIMINARY LOCAL CLIMATOLOGICAL DATA (WS FORM: F-6)

                                          STATION:   BINGHAMTON NY
                                          MONTH:     FEBRUARY
                                          YEAR:      2019
                                          LATITUDE:   42 13 N
                                          LONGITUDE:  75 59 W

  TEMPERATURE IN F:       :PCPN:    SNOW:  WIND      :SUNSHINE: SKY     :PK WND
================================================================================
1   2   3   4   5  6A  6B    7    8   9   10  11  12  13   14  15   16   17  18
                                     12Z  AVG MX 2MIN
DY MAX MIN AVG DEP HDD CDD  WTR  SNW DPTH SPD SPD DIR MIN PSBL S-S WX    SPD DR
================================================================================

 1  13  -5   4 -19  61   0 0.00  0.0    9  5.0 12 260   M    M   0        14 250
 2  33   0  17  -6  48   0 0.00  0.0    8  7.9 15 230   M    M   5        21 220
 3  44  31  38  15  27   0 0.00  0.0    8  7.0 14 220   M    M   7 1      20 190
 4  56  40  48  25  17   0 0.00  0.0    4  8.2 13 220   M    M   4        17 200
 5  52  28  40  17  25   0 0.02  0.0    1 10.7 21 350   M    M   9        24 350
 6  36  24  30   7  35   0 0.39  0.0    T  7.1 13 160   M    M   8 1      18 180
 7  49  34  42  19  23   0 0.31  0.0    T  7.5 20 150   M    M   9 12     26 150
 8  48  17  33   9  32   0 0.14    T    0 16.1 29 260   M    M   6 1      41 280
 9  20  11  16  -8  49   0    T  0.1    T 14.0 36 290   M    M   8 19     50 280
10  28  10  19  -5  46   0 0.00  0.0    T  3.1 12 260   M    M   3        14 230
11  30  22  26   2  39   0 0.01  0.2    T  5.2  9  70   M    M   9 18     12  40
12  28  19  24   0  41   0 0.50  4.0    T 14.4 24 150   M    M  10 126    33 150
13  32  22  27   3  38   0 0.04    T    3 16.2 26 280   M    M   9 168    36 270
14  36  20  28   4  37   0    T  0.4    4  9.9 23 280   M    M   8 18     31 270
15  48  25  37  12  28   0 0.05  0.0    3 11.3 24 260   M    M   7 1      37 260
16  26  19  23  -2  42   0    T    T    1 11.1 21 350   M    M   9        27 330
================================================================================
SM  579  317       588   0  1.46     4.7 154.7          M      111
================================================================================
AV 36.2 19.8                               9.7 FASTST   M    M   7    MAX(MPH)
                                 MISC ---->  # 36 290               # 50  280
================================================================================
NOTES:
# LAST OF SEVERAL OCCURRENCES

COLUMN 17 PEAK WIND IN M.P.H.

PRELIMINARY LOCAL CLIMATOLOGICAL DATA (WS FORM: F-6) , PAGE 2

                                          STATION:  BINGHAMTON NY
                                          MONTH:    FEBRUARY
                                          YEAR:     2019
                                          LATITUDE:   42 13 N
                                          LONGITUDE:  75 59 W

[TEMPERATURE DATA]      [PRECIPITATION DATA]       SYMBOLS USED IN COLUMN 16

AVERAGE MONTHLY: 28.0   TOTAL FOR MONTH:   1.46    1 = FOG OR MIST
DPTR FM NORMAL:   4.3   DPTR FM NORMAL:    0.17    2 = FOG REDUCING VISIBILITY
HIGHEST:    56 ON  4    GRTST 24HR  0.50 ON 12-12      TO 1/4 MILE OR LESS
LOWEST:     -5 ON  1                               3 = THUNDER
                        SNOW, ICE PELLETS, HAIL    4 = ICE PELLETS
                        TOTAL MONTH:   4.7 INCHES  5 = HAIL
                        GRTST 24HR   4.0 ON 12-12  6 = FREEZING RAIN OR DRIZZLE
                        GRTST DEPTH:   9 ON  1     7 = DUSTSTORM OR SANDSTORM:
                                                       VSBY 1/2 MILE OR LESS
                                                   8 = SMOKE OR HAZE
[NO. OF DAYS WITH]      [WEATHER - DAYS WITH]      9 = BLOWING SNOW
                                                   X = TORNADO
MAX 32 OR BELOW:   7    0.01 INCH OR MORE:   8
MAX 90 OR ABOVE:   0    0.10 INCH OR MORE:   4
MIN 32 OR BELOW:  14    0.50 INCH OR MORE:   1
MIN  0 OR BELOW:   2    1.00 INCH OR MORE:   0

[HDD (BASE 65) ]
TOTAL THIS MO.   588    CLEAR  (SCALE 0-3)   1
DPTR FM NORMAL   -74    PTCLDY (SCALE 4-7)   7
TOTAL FM JUL 1  4687    CLOUDY (SCALE 8-10)  8
DPTR FM NORMAL   -47

[CDD (BASE 65) ]
TOTAL THIS MO.     0
DPTR FM NORMAL     0    [PRESSURE DATA]
TOTAL FM JAN 1     0    HIGHEST SLP M ON M
DPTR FM NORMAL     0    LOWEST  SLP 29.55 ON 15

[REMARKS]
