000
CXUS51 KCAR 230600
CF6BGR
PRELIMINARY LOCAL CLIMATOLOGICAL DATA (WS FORM: F-6)

                                          STATION:   BANGOR ME
                                          MONTH:     AUGUST
                                          YEAR:      2019
                                          LATITUDE:   44 47 N
                                          LONGITUDE:  68 49 W

  TEMPERATURE IN F:       :PCPN:    SNOW:  WIND      :SUNSHINE: SKY     :PK WND
================================================================================
1   2   3   4   5  6A  6B    7    8   9   10  11  12  13   14  15   16   17  18
                                     12Z  AVG MX 2MIN
DY MAX MIN AVG DEP HDD CDD  WTR  SNW DPTH SPD SPD DIR MIN PSBL S-S WX    SPD DR
================================================================================

 1  83  58  71   2   0   6    T  0.0    0  6.6 15 340   M    M   3 1      20  20
 2  85  54  70   1   0   5 0.00  0.0    0  3.6 13 250   M    M   2 1      17 240
 3  85  57  71   2   0   6 0.00  0.0    0  5.8 17 180   M    M   5        21 190
 4  79  56  68  -1   0   3    T  0.0    0  8.6 16 340   M    M   5        20 320
 5  80  49  65  -4   0   0 0.00  0.0    0  5.4 15 320   M    M   1        20 320
 6  81  56  69   1   0   4    T  0.0    0  9.3 22 170   M    M   3        27 180
 7  78  64  71   3   0   6 0.49  0.0    0  8.8 17 190   M    M  10 13     25 190
 8  68  66  67  -1   0   2 3.11  0.0    0  9.3 16 160   M    M  10 13     20 140
 9  80  60  70   2   0   5 0.17  0.0    0  5.9 15 310   M    M   7 123    19 310
10  73  56  65  -3   0   0 0.01  0.0    0  5.7 22 320   M    M   6 12     27 320
11  76  51  64  -4   1   0 0.00  0.0    0  5.6 16 230   M    M   5        23 230
12  83  58  71   3   0   6    T  0.0    0  5.2 15 240   M    M   6        20 220
13  82  61  72   4   0   7 0.07  0.0    0  5.3 13 180   M    M   5 13     15 180
14  79  57  68   0   0   3 0.00  0.0    0  4.9 12 320   M    M   3        17 350
15  79  55  67  -1   0   2 0.00  0.0    0  2.7 10 190   M    M   4        13 230
16  75  55  65  -2   0   0 0.23  0.0    0  5.6 15 180   M    M   7 1      18 180
17  72  60  66  -1   0   1    T  0.0    0  7.5 15 190   M    M  10 1      25 180
18  77  64  71   4   0   6 0.62  0.0    0  3.3  9 270   M    M   8 1      13 260
19  80  62  71   4   0   6 0.15  0.0    0  5.9 14 180   M    M   8 1      18 180
20  81  63  72   5   0   7 0.00  0.0    0  5.5 13 320   M    M   1 1      17 340
21  79  58  69   3   0   4 0.70  0.0    0  6.3 16 180   M    M   7 1      21 200
22  84  65  75   9   0  10 0.35  0.0    0  5.8 14 170   M    M   8 1      19 190
================================================================================
SM 1739 1285         1  89  5.90     0.0 132.6          M      124
================================================================================
AV 79.1 58.4                               6.0 FASTST   M    M   6    MAX(MPH)
                                 MISC ---->  # 22 170               # 27  180
================================================================================
NOTES:
# LAST OF SEVERAL OCCURRENCES

COLUMN 17 PEAK WIND IN M.P.H.

PRELIMINARY LOCAL CLIMATOLOGICAL DATA (WS FORM: F-6) , PAGE 2

                                          STATION:  BANGOR ME
                                          MONTH:    AUGUST
                                          YEAR:     2019
                                          LATITUDE:   44 47 N
                                          LONGITUDE:  68 49 W

[TEMPERATURE DATA]      [PRECIPITATION DATA]       SYMBOLS USED IN COLUMN 16

AVERAGE MONTHLY: 68.7   TOTAL FOR MONTH:   5.90    1 = FOG OR MIST
DPTR FM NORMAL:   0.9   DPTR FM NORMAL:    3.72    2 = FOG REDUCING VISIBILITY
HIGHEST:    85 ON  3, 2 GRTST 24HR  3.11 ON  8- 8      TO 1/4 MILE OR LESS
LOWEST:     49 ON  5                               3 = THUNDER
                        SNOW, ICE PELLETS, HAIL    4 = ICE PELLETS
                        TOTAL MONTH:   0.0 INCH    5 = HAIL
                        GRTST 24HR     0.0         6 = FREEZING RAIN OR DRIZZLE
                        GRTST DEPTH:   0           7 = DUSTSTORM OR SANDSTORM:
                                                       VSBY 1/2 MILE OR LESS
                                                   8 = SMOKE OR HAZE
[NO. OF DAYS WITH]      [WEATHER - DAYS WITH]      9 = BLOWING SNOW
                                                   X = TORNADO
MAX 32 OR BELOW:   0    0.01 INCH OR MORE:  10
MAX 90 OR ABOVE:   0    0.10 INCH OR MORE:   8
MIN 32 OR BELOW:   0    0.50 INCH OR MORE:   3
MIN  0 OR BELOW:   0    1.00 INCH OR MORE:   1

[HDD (BASE 65) ]
TOTAL THIS MO.     1    CLEAR  (SCALE 0-3)   5
DPTR FM NORMAL   -22    PTCLDY (SCALE 4-7)  13
TOTAL FM JUL 1     1    CLOUDY (SCALE 8-10)  4
DPTR FM NORMAL   -45

[CDD (BASE 65) ]
TOTAL THIS MO.    89
DPTR FM NORMAL     9    [PRESSURE DATA]
TOTAL FM JAN 1   315    HIGHEST SLP M ON M
DPTR FM NORMAL    45    LOWEST  SLP 29.53 ON  9

[REMARKS]
