000
CXUS55 KBYZ 201056
CF6BHK
PRELIMINARY LOCAL CLIMATOLOGICAL DATA (WS FORM: F-6)

                                          STATION:   BAKER MT
                                          MONTH:     FEBRUARY
                                          YEAR:      2019
                                          LATITUDE:   46 20 N
                                          LONGITUDE: 104 15 W

  TEMPERATURE IN F:       :PCPN:    SNOW:  WIND      :SUNSHINE: SKY     :PK WND
================================================================================
1   2   3   4   5  6A  6B    7    8   9   10  11  12  13   14  15   16   17  18
                                     12Z  AVG MX 2MIN
DY MAX MIN AVG DEP HDD CDD  WTR  SNW DPTH SPD SPD DIR MIN PSBL S-S WX    SPD DR
================================================================================

 1  46  29  38  19  27   0 0.00    M    M 11.0 18 240   M    M   0        23 230
 2  48  20  34  15  31   0 0.00    M    M  6.4 23  20   M    M   2 1      27  10
 3  20 -10   5 -14  60   0    T    M    M 13.9 21  30   M    M  10 128    24 300
 4  -4 -16 -10 -29  75   0    T    M    M  9.1 17 310   M    M   4 8      21 320
 5  -1  -5  -3 -23  68   0    T    M    M  9.7 18 120   M    M  10 18     21 120
 6  -2 -10  -6 -26  71   0 0.01    M    M 10.4 17 350   M    M  10 18     21 350
 7  -6 -30 -18 -38  83   0 0.02    M    M  7.9 17 300   M    M   3 18     20 300
 8   6 -30 -12 -32  77   0 0.00    M    M 14.0 31 110   M    M   3        35 110
 9  -1  -6  -3 -23  68   0    T    M    M  9.8 31 110   M    M  10 18     35 110
10   1 -14  -6 -26  71   0    T    M    M 16.6 33 120   M    M   9 18     37 130
11   8  -5   2 -19  63   0    T    M    M 10.1 32 120   M    M   6 18     37 120
12  11 -17  -3 -24  68   0 0.00    M    M  7.7 16 120   M    M   1        18 120
13  28   0  14  -7  51   0    T    M    M  7.6 20 340   M    M   3 1      27 220
14   3 -16  -6 -27  71   0    T    M    M 10.7 20 300   M    M   3 18     24 300
15   9 -14  -2 -24  67   0    T    M    M 23.9 33 130   M    M   6 18     39 130
16  10   1   6 -16  59   0    T    M    M 12.9 28 140   M    M   9 12     33 140
17   4  -3   1 -21  64   0    T    M    M 13.6 20 310   M    M  10 18     23 290
18   3 -20  -8 -30  73   0    T    M    M  6.2 10 270   M    M   5 18     13 290
19   7 -19  -6 -29  71   0 0.00    M    M  8.7 18 130   M    M   2 18     20 130
================================================================================
SM  190 -165      1218   0  0.03    M    210.2          M      106
================================================================================
AV 10.0 -8.7                              11.1 FASTST   M    M   6    MAX(MPH)
                                 MISC ---->  # 33 120               # 39  130
================================================================================
NOTES:
# LAST OF SEVERAL OCCURRENCES

COLUMN 17 PEAK WIND IN M.P.H.

PRELIMINARY LOCAL CLIMATOLOGICAL DATA (WS FORM: F-6) , PAGE 2

                                          STATION:  BAKER MT
                                          MONTH:    FEBRUARY
                                          YEAR:     2019
                                          LATITUDE:   46 20 N
                                          LONGITUDE: 104 15 W

[TEMPERATURE DATA]      [PRECIPITATION DATA]       SYMBOLS USED IN COLUMN 16

AVERAGE MONTHLY:  0.7   TOTAL FOR MONTH:   0.03    1 = FOG OR MIST
DPTR FM NORMAL: -19.9   DPTR FM NORMAL:   -0.15    2 = FOG REDUCING VISIBILITY
HIGHEST:    48 ON  2    GRTST 24HR  0.02 ON  7- 7      TO 1/4 MILE OR LESS
LOWEST:    -30 ON  8, 7                            3 = THUNDER
                        SNOW, ICE PELLETS, HAIL    4 = ICE PELLETS
                        TOTAL MONTH:    M          5 = HAIL
                        GRTST 24HR    M  ON   M    6 = FREEZING RAIN OR DRIZZLE
                        GRTST DEPTH:  M  ON   M    7 = DUSTSTORM OR SANDSTORM:
                                                       VSBY 1/2 MILE OR LESS
                                                   8 = SMOKE OR HAZE
[NO. OF DAYS WITH]      [WEATHER - DAYS WITH]      9 = BLOWING SNOW
                                                   X = TORNADO
MAX 32 OR BELOW:  17    0.01 INCH OR MORE:   2
MAX 90 OR ABOVE:   0    0.10 INCH OR MORE:   0
MIN 32 OR BELOW:  19    0.50 INCH OR MORE:   0
MIN  0 OR BELOW:  16    1.00 INCH OR MORE:   0

[HDD (BASE 65) ]
TOTAL THIS MO.  1218    CLEAR  (SCALE 0-3)   6
DPTR FM NORMAL   373    PTCLDY (SCALE 4-7)   6
TOTAL FM JUL 1  5818    CLOUDY (SCALE 8-10)  7
DPTR FM NORMAL    28

[CDD (BASE 65) ]
TOTAL THIS MO.     0
DPTR FM NORMAL     0    [PRESSURE DATA]
TOTAL FM JAN 1     0    HIGHEST SLP M ON M
DPTR FM NORMAL     0    LOWEST  SLP 29.36 ON 13

[REMARKS]
