000
CXUS55 KBYZ 251057
CF6BHK
PRELIMINARY LOCAL CLIMATOLOGICAL DATA (WS FORM: F-6)

                                          STATION:   BAKER MT
                                          MONTH:     APRIL
                                          YEAR:      2019
                                          LATITUDE:   46 20 N
                                          LONGITUDE: 104 15 W

  TEMPERATURE IN F:       :PCPN:    SNOW:  WIND      :SUNSHINE: SKY     :PK WND
================================================================================
1   2   3   4   5  6A  6B    7    8   9   10  11  12  13   14  15   16   17  18
                                     12Z  AVG MX 2MIN
DY MAX MIN AVG DEP HDD CDD  WTR  SNW DPTH SPD SPD DIR MIN PSBL S-S WX    SPD DR
================================================================================

 1  45  31  38   0  27   0    T    M    M  9.6 18 320   M    M   9 1      24 300
 2  49  24  37  -1  28   0    T    M    M 11.5 25 290   M    M   4 1      32 290
 3  53  24  39   1  26   0 0.00    M    M 19.2 32 160   M    M   5        40 150
 4  67  35  51  12  14   0 0.00    M    M 11.5 25 150   M    M   5        33 250
 5  67  36  52  13  13   0 0.00    M    M 11.1 23 100   M    M   6        30 100
 6  71  43  57  18   8   0    T    M    M 13.0 25 300   M    M   6 13     33 290
 7  70  37  54  14  11   0 0.00    M    M 13.1 25 290   M    M   1        35 300
 8  63  40  52  12  13   0    T    M    M 15.0 31 290   M    M   3        41 270
 9  49  34  42   2  23   0 0.27    M    M 16.3 29 100   M    M   9 1      34 100
10  34  25  30 -11  35   0 0.00    M    M 14.4 24  70   M    M  10        29 100
11  39  23  31 -10  34   0 0.00    M    M 12.5 24  50   M    M   7 1      29  50
12  46  23  35  -6  30   0 0.00    M    M 13.9 28 340   M    M   7        36 330
13  52  20  36  -6  29   0 0.00    M    M 10.4 24 160   M    M   1        32 170
14  61  31  46   4  19   0    T    M    M 12.8 22 270   M    M   7        26 270
15  58  33  46   4  19   0 0.00    M    M 10.4 26 310   M    M   5        33 310
16  56  32  44   1  21   0 0.25    M    M 14.7 28  80   M    M   6 1      33  80
17  59  37  48   5  17   0 0.02    M    M 13.2 31 290   M    M   6 1      41 300
18  61  33  47   3  18   0 0.00    M    M 14.3 29 340   M    M   1        36 320
19  79  43  61  17   4   0    T    M    M 12.7 28 270   M    M   3        36 290
20  69  43  56  12   9   0 0.00    M    M 10.5 22  30   M    M   1        26  10
21  57  44  51   6  14   0 0.64    M    M 10.4 22  30   M    M   9 13     28  70
22  64  37  51   6  14   0 0.00    M    M  6.3 14 340   M    M   2 1      17 340
23  68  40  54   9  11   0 0.00    M    M  9.9 21 290   M    M   1        25 300
24  66  42  54   8  11   0 0.00    M    M 10.1 24 300   M    M   4        33 290
================================================================================
SM 1403  810       448   0  1.18    M    296.8          M      118
================================================================================
AV 58.5 33.8                              12.4 FASTST   M    M   5    MAX(MPH)
                                 MISC ---->  # 32 160               # 41  270
================================================================================
NOTES:
# LAST OF SEVERAL OCCURRENCES

COLUMN 17 PEAK WIND IN M.P.H.

PRELIMINARY LOCAL CLIMATOLOGICAL DATA (WS FORM: F-6) , PAGE 2

                                          STATION:  BAKER MT
                                          MONTH:    APRIL
                                          YEAR:     2019
                                          LATITUDE:   46 20 N
                                          LONGITUDE: 104 15 W

[TEMPERATURE DATA]      [PRECIPITATION DATA]       SYMBOLS USED IN COLUMN 16

AVERAGE MONTHLY: 46.1   TOTAL FOR MONTH:   1.18    1 = FOG OR MIST
DPTR FM NORMAL:   4.5   DPTR FM NORMAL:    0.30    2 = FOG REDUCING VISIBILITY
HIGHEST:    79 ON 19    GRTST 24HR  0.64 ON 21-21      TO 1/4 MILE OR LESS
LOWEST:     20 ON 13                               3 = THUNDER
                        SNOW, ICE PELLETS, HAIL    4 = ICE PELLETS
                        TOTAL MONTH:    M          5 = HAIL
                        GRTST 24HR    M  ON   M    6 = FREEZING RAIN OR DRIZZLE
                        GRTST DEPTH:  M  ON   M    7 = DUSTSTORM OR SANDSTORM:
                                                       VSBY 1/2 MILE OR LESS
                                                   8 = SMOKE OR HAZE
[NO. OF DAYS WITH]      [WEATHER - DAYS WITH]      9 = BLOWING SNOW
                                                   X = TORNADO
MAX 32 OR BELOW:   0    0.01 INCH OR MORE:   4
MAX 90 OR ABOVE:   0    0.10 INCH OR MORE:   3
MIN 32 OR BELOW:   9    0.50 INCH OR MORE:   1
MIN  0 OR BELOW:   0    1.00 INCH OR MORE:   0

[HDD (BASE 65) ]
TOTAL THIS MO.   448    CLEAR  (SCALE 0-3)   7
DPTR FM NORMAL  -112    PTCLDY (SCALE 4-7)  13
TOTAL FM JUL 1  8166    CLOUDY (SCALE 8-10)  4
DPTR FM NORMAL   417

[CDD (BASE 65) ]
TOTAL THIS MO.     0
DPTR FM NORMAL     0    [PRESSURE DATA]
TOTAL FM JAN 1     0    HIGHEST SLP M ON M
DPTR FM NORMAL     0    LOWEST  SLP 29.57 ON 14

[REMARKS]
