000
CXUS55 KBYZ 231056
CF6BHK
PRELIMINARY LOCAL CLIMATOLOGICAL DATA (WS FORM: F-6)

                                          STATION:   BAKER MT
                                          MONTH:     AUGUST
                                          YEAR:      2019
                                          LATITUDE:   46 20 N
                                          LONGITUDE: 104 15 W

  TEMPERATURE IN F:       :PCPN:    SNOW:  WIND      :SUNSHINE: SKY     :PK WND
================================================================================
1   2   3   4   5  6A  6B    7    8   9   10  11  12  13   14  15   16   17  18
                                     12Z  AVG MX 2MIN
DY MAX MIN AVG DEP HDD CDD  WTR  SNW DPTH SPD SPD DIR MIN PSBL S-S WX    SPD DR
================================================================================

 1  86  60  73   1   0   8 0.00    M    M  8.8 20 170   M    M   2        25 210
 2  91  59  75   3   0  10 0.00    M    M  9.5 17 140   M    M   0 1      25 130
 3  96  60  78   6   0  13 0.00    M    M  9.4 23 120   M    M   1        29 120
 4  93  61  77   5   0  12 0.80    M    M 11.4 33 320   M    M   1 13     44 300
 5  84  59  72   0   0   7 0.18    M    M  6.6 24 290   M    M   1 138    34 300
 6  91  56  74   2   0   9 0.00    M    M  9.0 22 300   M    M   0 3      29 280
 7  80  53  67  -5   0   2 0.00    M    M  8.4 20 360   M    M   0        26  10
 8  89  51  70  -2   0   5    T    M    M 10.5 30 170   M    M   1        37 170
 9  85  65  75   3   0  10 0.00    M    M  8.1 26 170   M    M   2 3      33 170
10  87  59  73   1   0   8 0.00    M    M 11.2 21  30   M    M   1        25  70
11  79  56  68  -3   0   3 0.66    M    M 14.1 35 310   M    M   6 13     47 310
12  77  53  65  -6   0   0 0.02    M    M 13.0 25 280   M    M   2        32 280
13  69  48  59 -12   6   0    T    M    M  8.1 18 310   M    M   6 1      24 310
14  81  46  64  -7   1   0 0.01    M    M  5.1 14 140   M    M   1        15 120
15  78  51  65  -5   0   0 0.05    M    M  8.2 24 280   M    M   2 13     31 310
16  84  48  66  -4   0   1 0.00    M    M  7.1 22 270   M    M   1        27 270
17  60  45  53 -17  12   0 0.09    M    M  9.1 21 340   M    M   7 1      24 340
18  80  40  60 -10   5   0 0.00    M    M  6.9 18 320   M    M   1 1      25 330
19  93  51  72   3   0   7    T    M    M  9.8 21 280   M    M   0        30 280
20  80  56  68  -1   0   3 0.00    M    M 10.2 21  60   M    M   0 3      25  90
21  84  53  69   0   0   4 0.00    M    M 15.3 28 140   M    M   1        32 140
22  87  56  72   4   0   7 0.00    M    M 20.3 33 120   M    M   0        41 130
================================================================================
SM 1834 1186        24 109  1.81    M    220.1          M       36
================================================================================
AV 83.4 53.9                              10.0 FASTST   M    M   2    MAX(MPH)
                                 MISC ---->  # 35 310               # 47  310
================================================================================
NOTES:
# LAST OF SEVERAL OCCURRENCES

COLUMN 17 PEAK WIND IN M.P.H.

PRELIMINARY LOCAL CLIMATOLOGICAL DATA (WS FORM: F-6) , PAGE 2

                                          STATION:  BAKER MT
                                          MONTH:    AUGUST
                                          YEAR:     2019
                                          LATITUDE:   46 20 N
                                          LONGITUDE: 104 15 W

[TEMPERATURE DATA]      [PRECIPITATION DATA]       SYMBOLS USED IN COLUMN 16

AVERAGE MONTHLY: 68.6   TOTAL FOR MONTH:   1.81    1 = FOG OR MIST
DPTR FM NORMAL:  -2.2   DPTR FM NORMAL:    0.74    2 = FOG REDUCING VISIBILITY
HIGHEST:    96 ON  3    GRTST 24HR  0.80 ON  4- 4      TO 1/4 MILE OR LESS
LOWEST:     40 ON 18                               3 = THUNDER
                        SNOW, ICE PELLETS, HAIL    4 = ICE PELLETS
                        TOTAL MONTH:    M          5 = HAIL
                        GRTST 24HR    M  ON   M    6 = FREEZING RAIN OR DRIZZLE
                        GRTST DEPTH:  M  ON   M    7 = DUSTSTORM OR SANDSTORM:
                                                       VSBY 1/2 MILE OR LESS
                                                   8 = SMOKE OR HAZE
[NO. OF DAYS WITH]      [WEATHER - DAYS WITH]      9 = BLOWING SNOW
                                                   X = TORNADO
MAX 32 OR BELOW:   0    0.01 INCH OR MORE:   7
MAX 90 OR ABOVE:   5    0.10 INCH OR MORE:   3
MIN 32 OR BELOW:   0    0.50 INCH OR MORE:   2
MIN  0 OR BELOW:   0    1.00 INCH OR MORE:   0

[HDD (BASE 65) ]
TOTAL THIS MO.    24    CLEAR  (SCALE 0-3)  19
DPTR FM NORMAL     5    PTCLDY (SCALE 4-7)   3
TOTAL FM JUL 1    36    CLOUDY (SCALE 8-10)  0
DPTR FM NORMAL    -4

[CDD (BASE 65) ]
TOTAL THIS MO.   109
DPTR FM NORMAL   -40    [PRESSURE DATA]
TOTAL FM JAN 1   303    HIGHEST SLP M ON M
DPTR FM NORMAL  -105    LOWEST  SLP 29.58 ON 22

[REMARKS]
