000
CXUS55 KVEF 210940
CF6BIH
PRELIMINARY LOCAL CLIMATOLOGICAL DATA (WS FORM: F-6)

                                          STATION:   BISHOP CA
                                          MONTH:     APRIL
                                          YEAR:      2019
                                          LATITUDE:   37 22 N
                                          LONGITUDE: 118 22 W

  TEMPERATURE IN F:       :PCPN:    SNOW:  WIND      :SUNSHINE: SKY     :PK WND
================================================================================
1   2   3   4   5  6A  6B    7    8   9   10  11  12  13   14  15   16   17  18
                                     12Z  AVG MX 2MIN
DY MAX MIN AVG DEP HDD CDD  WTR  SNW DPTH SPD SPD DIR MIN PSBL S-S WX    SPD DR
================================================================================

 1  73  35  54   3  11   0 0.00  0.0    0 10.3 24 160   M    M   3        30 170
 2  70  40  55   4  10   0 0.00  0.0    0  8.9 31 260   M    M   3        37 260
 3  69  30  50  -2  15   0 0.00  0.0    0  9.8 22 150   M    M   0        28 150
 4  68  40  54   2  11   0 0.00  0.0    0 12.9 24 150   M    M   2        30 150
 5  66  33  50  -2  15   0 0.00  0.0    0  7.4 23  10   M    M   1        31 360
 6  72  31  52   0  13   0 0.00  0.0    0  4.1 10 160   M    M   0        14 250
 7  81  35  58   6   7   0 0.00  0.0    0  5.9 18 360   M    M   0        23 350
 8  81  45  63  11   2   0 0.00  0.0    0  7.5 24 360   M    M   0        32 230
 9  67  43  55   2  10   0 0.00  0.0    0 18.4 39 340   M    M   2        49 350
10  65  37  51  -2  14   0 0.00  0.0    0 18.3 30 340   M    M   1        42 340
11  65  42  54   1  11   0    T  0.0    0 13.8 25 350   M    M   4        33 340
12  64  42  53   0  12   0 0.00  0.0    0 15.6 29  20   M    M   3        34  20
13  72  30  51  -3  14   0 0.00  0.0    0  8.3 18 160   M    M   0        23 160
14  78  35  57   3   8   0 0.00  0.0    0  7.5 21 250   M    M   0        27 340
15  72  39  56   2   9   0 0.00  0.0    0  7.8 23 260   M    M   2        30 270
16  69  43  56   2   9   0 0.00  0.0    0 15.0 32 350   M    M   2        42 330
17  80  36  58   3   7   0 0.00  0.0    0  7.9 16 340   M    M   0        20 350
18  82  37  60   5   5   0 0.00  0.0    0  7.0 15 190   M    M   0        19 160
19  83  38  61   6   4   0 0.00  0.0    0  8.3 20 150   M    M   0        25 140
20  76  43  60   4   5   0 0.00  0.0    0  7.1 41 250   M    M   1 8      56 240
================================================================================
SM 1453  754       192   0    T      0.0 201.8          M       24
================================================================================
AV 72.7 37.7                              10.1 FASTST   M    M   1    MAX(MPH)
                                 MISC ---->  # 41 250               # 56  240
================================================================================
NOTES:
# LAST OF SEVERAL OCCURRENCES

COLUMN 17 PEAK WIND IN M.P.H.

PRELIMINARY LOCAL CLIMATOLOGICAL DATA (WS FORM: F-6) , PAGE 2

                                          STATION:  BISHOP CA
                                          MONTH:    APRIL
                                          YEAR:     2019
                                          LATITUDE:   37 22 N
                                          LONGITUDE: 118 22 W

[TEMPERATURE DATA]      [PRECIPITATION DATA]       SYMBOLS USED IN COLUMN 16

AVERAGE MONTHLY: 55.2   TOTAL FOR MONTH:      T    1 = FOG OR MIST
DPTR FM NORMAL:   2.0   DPTR FM NORMAL:   -0.20    2 = FOG REDUCING VISIBILITY
HIGHEST:    83 ON 19    GRTST 24HR    T  ON 11-11      TO 1/4 MILE OR LESS
LOWEST:     30 ON 13, 3                            3 = THUNDER
                        SNOW, ICE PELLETS, HAIL    4 = ICE PELLETS
                        TOTAL MONTH:   0.0 INCH    5 = HAIL
                        GRTST 24HR     0.0         6 = FREEZING RAIN OR DRIZZLE
                        GRTST DEPTH:   0           7 = DUSTSTORM OR SANDSTORM:
                                                       VSBY 1/2 MILE OR LESS
                                                   8 = SMOKE OR HAZE
[NO. OF DAYS WITH]      [WEATHER - DAYS WITH]      9 = BLOWING SNOW
                                                   X = TORNADO
MAX 32 OR BELOW:   0    0.01 INCH OR MORE:   0
MAX 90 OR ABOVE:   0    0.10 INCH OR MORE:   0
MIN 32 OR BELOW:   3    0.50 INCH OR MORE:   0
MIN  0 OR BELOW:   0    1.00 INCH OR MORE:   0

[HDD (BASE 65) ]
TOTAL THIS MO.   192    CLEAR  (SCALE 0-3)  18
DPTR FM NORMAL   -46    PTCLDY (SCALE 4-7)   2
TOTAL FM JUL 1  3836    CLOUDY (SCALE 8-10)  0
DPTR FM NORMAL  -125

[CDD (BASE 65) ]
TOTAL THIS MO.     0
DPTR FM NORMAL     0    [PRESSURE DATA]
TOTAL FM JAN 1     0    HIGHEST SLP M ON M
DPTR FM NORMAL     0    LOWEST  SLP 29.52 ON 15

[REMARKS]
