000
CXUS55 KVEF 200940
CF6BIH
PRELIMINARY LOCAL CLIMATOLOGICAL DATA (WS FORM: F-6)

                                          STATION:   BISHOP CA
                                          MONTH:     FEBRUARY
                                          YEAR:      2019
                                          LATITUDE:   37 22 N
                                          LONGITUDE: 118 22 W

  TEMPERATURE IN F:       :PCPN:    SNOW:  WIND      :SUNSHINE: SKY     :PK WND
================================================================================
1   2   3   4   5  6A  6B    7    8   9   10  11  12  13   14  15   16   17  18
                                     12Z  AVG MX 2MIN
DY MAX MIN AVG DEP HDD CDD  WTR  SNW DPTH SPD SPD DIR MIN PSBL S-S WX    SPD DR
================================================================================

 1  57  26  42   2  23   0    T  0.0    0 16.7 36 160   M    M   1        46 170
 2  48  38  43   3  22   0 0.45  0.0    0 19.5 29 160   M    M   7 1      43 160
 3  55  33  44   4  21   0 0.08  0.4    T 10.0 22 150   M    M   3 1      30 180
 4  51  34  43   3  22   0 0.28    T    T 10.6 28 190   M    M   8 1      35 200
 5  39  21  30 -10  35   0    T    M    0  9.0 21 350   M    M   7        26 340
 6  39  18  29 -11  36   0 0.00  0.0    0 10.4 21 350   M    M   3        30 350
 7  43  15  29 -12  36   0 0.00  0.0    0  4.8 13 230   M    M   0        19 180
 8  42  16  29 -12  36   0 0.00  0.0    0  4.0 10 210   M    M   1        16 210
 9  46  28  37  -4  28   0 0.02  0.2    0  3.7 18 170   M    M   5 1      23 170
10  45  22  34  -7  31   0 0.02    M    0 11.7 25  10   M    M   5 1      32 200
11  43  11  27 -14  38   0 0.00  0.0    0  4.3 12 340   M    M   0        14 340
12  47  14  31 -11  34   0 0.00  0.0    0  4.3 18 150   M    M   0        23 140
13  39  28  34  -8  31   0 0.26    T    0  2.8 15 230   M    M   8 1      19 240
14  48  31  40  -2  25   0 1.06    M    0  8.0 26 140   M    M   8 1      33 140
15  52  26  39  -3  26   0 0.00  0.0    0  9.1 24 150   M    M   6        31 150
16  49  27  38  -4  27   0 0.00  0.0    0  8.0 22 350   M    M   4        28 360
17  41  21  31 -12  34   0 0.00  0.0    0  5.0 18 360   M    M   3        25 360
18  41  25  33 -10  32   0 0.00  0.0    0 14.4 24 360   M    M   3        31  10
19  49  23  36  -7  29   0 0.00  0.0    0 12.3 24  10   M    M   0        29 350
================================================================================
SM  874  457       566   0  2.17     0.6 168.6          M       72
================================================================================
AV 46.0 24.1                               8.9 FASTST   M    M   4    MAX(MPH)
                                 MISC ---->  # 36 160               # 46  170
================================================================================
NOTES:
# LAST OF SEVERAL OCCURRENCES

COLUMN 17 PEAK WIND IN M.P.H.

PRELIMINARY LOCAL CLIMATOLOGICAL DATA (WS FORM: F-6) , PAGE 2

                                          STATION:  BISHOP CA
                                          MONTH:    FEBRUARY
                                          YEAR:     2019
                                          LATITUDE:   37 22 N
                                          LONGITUDE: 118 22 W

[TEMPERATURE DATA]      [PRECIPITATION DATA]       SYMBOLS USED IN COLUMN 16

AVERAGE MONTHLY: 35.0   TOTAL FOR MONTH:   2.17    1 = FOG OR MIST
DPTR FM NORMAL:  -6.2   DPTR FM NORMAL:    1.60    2 = FOG REDUCING VISIBILITY
HIGHEST:    57 ON  1    GRTST 24HR  1.06 ON 14-14      TO 1/4 MILE OR LESS
LOWEST:     11 ON 11                               3 = THUNDER
                        SNOW, ICE PELLETS, HAIL    4 = ICE PELLETS
                        TOTAL MONTH:   0.6 INCH    5 = HAIL
                        GRTST 24HR   0.4 ON  3- 3  6 = FREEZING RAIN OR DRIZZLE
                        GRTST DEPTH:   0           7 = DUSTSTORM OR SANDSTORM:
                                                       VSBY 1/2 MILE OR LESS
                                                   8 = SMOKE OR HAZE
[NO. OF DAYS WITH]      [WEATHER - DAYS WITH]      9 = BLOWING SNOW
                                                   X = TORNADO
MAX 32 OR BELOW:   0    0.01 INCH OR MORE:   7
MAX 90 OR ABOVE:   0    0.10 INCH OR MORE:   4
MIN 32 OR BELOW:  16    0.50 INCH OR MORE:   1
MIN  0 OR BELOW:   0    1.00 INCH OR MORE:   1

[HDD (BASE 65) ]
TOTAL THIS MO.   566    CLEAR  (SCALE 0-3)   8
DPTR FM NORMAL   116    PTCLDY (SCALE 4-7)   9
TOTAL FM JUL 1  2857    CLOUDY (SCALE 8-10)  2
DPTR FM NORMAL  -162

[CDD (BASE 65) ]
TOTAL THIS MO.     0
DPTR FM NORMAL     0    [PRESSURE DATA]
TOTAL FM JAN 1     0    HIGHEST SLP M ON M
DPTR FM NORMAL     0    LOWEST  SLP 29.34 ON 14

[REMARKS]
