000
CXUS55 KBYZ 251057
CF6BIL
PRELIMINARY LOCAL CLIMATOLOGICAL DATA (WS FORM: F-6)

                                          STATION:   BILLINGS MT
                                          MONTH:     APRIL
                                          YEAR:      2019
                                          LATITUDE:   45 47 N
                                          LONGITUDE: 108 32 W

  TEMPERATURE IN F:       :PCPN:    SNOW:  WIND      :SUNSHINE: SKY     :PK WND
================================================================================
1   2   3   4   5  6A  6B    7    8   9   10  11  12  13   14  15   16   17  18
                                     12Z  AVG MX 2MIN
DY MAX MIN AVG DEP HDD CDD  WTR  SNW DPTH SPD SPD DIR MIN PSBL S-S WX    SPD DR
================================================================================

 1  49  34  42   0  23   0 0.10  0.0    0  6.6 14 350   M    M   7 128    19  50
 2  55  33  44   2  21   0 0.00  0.0    0  6.1 13 230   M    M   5 18     16  30
 3  61  39  50   8  15   0    T  0.0    0  4.9 15 260   M    M   8        18 260
 4  69  46  58  15   7   0    T  0.0    0  8.3 18 240   M    M   7        25 240
 5  69  47  58  15   7   0    T  0.0    0  5.3 21 190   M    M   7        24 180
 6  69  43  56  13   9   0 0.00  0.0    0 11.5 33 270   M    M   5        43 270
 7  70  38  54  10  11   0    T  0.0    0 13.4 33 330   M    M   7        42 320
 8  52  46  49   5  16   0 0.29  0.0    0  6.2 30 320   M    M   8 1      34 320
 9  48  41  45   1  20   0 0.37  0.0    0 11.5 23  90   M    M  10 12     26  90
10  42  32  37  -7  28   0 0.27    T    0 10.6 21  40   M    M   9 12     25  40
11  43  26  35 -10  30   0 0.00  0.0    0  8.0 16  70   M    M   5        21  60
12  49  25  37  -8  28   0 0.00  0.0    0  5.6 10 120   M    M   5        14  50
13  60  27  44  -1  21   0 0.00  0.0    0  8.0 20 260   M    M   4        28 260
14  54  44  49   3  16   0 0.04  0.0    0  8.6 24 330   M    M   9        28 320
15  57  35  46   0  19   0 0.04  0.4    0  7.0 20 310   M    M   5 1      23 320
16  56  39  48   2  17   0    T  0.0    0  6.7 16  10   M    M   8        20 360
17  60  37  49   3  16   0 0.02  0.0    0 13.9 32 300   M    M   5        39 290
18  72  45  59  12   6   0 0.00  0.0    0 14.8 24 280   M    M   4 8      29 290
19  82  50  66  19   0   1 0.00  0.0    0 13.6 28 280   M    M   5        34 240
20  66  49  58  11   7   0 0.12  0.0    0 13.0 26  50   M    M   8 13     34  20
21  51  45  48   0  17   0 0.14  0.0    0  9.6 18  80   M    M  10 1      24  30
22  61  44  53   5  12   0 0.01  0.0    0  8.1 20 240   M    M   7 1      26 240
23  77  52  65  17   0   0 0.00  0.0    0 15.1 28 280   M    M   7        36 280
24  62  48  55   6  10   0 0.09  0.0    0 10.1 26 290   M    M   7 3      32 300
================================================================================
SM 1434  965       356   1  1.49     0.4 226.5          M      162
================================================================================
AV 59.8 40.2                               9.4 FASTST   M    M   7    MAX(MPH)
                                 MISC ---->  # 33 270               # 43  270
================================================================================
NOTES:
# LAST OF SEVERAL OCCURRENCES

COLUMN 17 PEAK WIND IN M.P.H.

PRELIMINARY LOCAL CLIMATOLOGICAL DATA (WS FORM: F-6) , PAGE 2

                                          STATION:  BILLINGS MT
                                          MONTH:    APRIL
                                          YEAR:     2019
                                          LATITUDE:   45 47 N
                                          LONGITUDE: 108 32 W

[TEMPERATURE DATA]      [PRECIPITATION DATA]       SYMBOLS USED IN COLUMN 16

AVERAGE MONTHLY: 50.0   TOTAL FOR MONTH:   1.49    1 = FOG OR MIST
DPTR FM NORMAL:   4.8   DPTR FM NORMAL:    0.21    2 = FOG REDUCING VISIBILITY
HIGHEST:    82 ON 19    GRTST 24HR  0.37 ON  9- 9      TO 1/4 MILE OR LESS
LOWEST:     25 ON 12                               3 = THUNDER
                        SNOW, ICE PELLETS, HAIL    4 = ICE PELLETS
                        TOTAL MONTH:   0.4 INCH    5 = HAIL
                        GRTST 24HR   0.4 ON 15-15  6 = FREEZING RAIN OR DRIZZLE
                        GRTST DEPTH:   0           7 = DUSTSTORM OR SANDSTORM:
                                                       VSBY 1/2 MILE OR LESS
                                                   8 = SMOKE OR HAZE
[NO. OF DAYS WITH]      [WEATHER - DAYS WITH]      9 = BLOWING SNOW
                                                   X = TORNADO
MAX 32 OR BELOW:   0    0.01 INCH OR MORE:  11
MAX 90 OR ABOVE:   0    0.10 INCH OR MORE:   6
MIN 32 OR BELOW:   4    0.50 INCH OR MORE:   0
MIN  0 OR BELOW:   0    1.00 INCH OR MORE:   0

[HDD (BASE 65) ]
TOTAL THIS MO.   356    CLEAR  (SCALE 0-3)   0
DPTR FM NORMAL  -119    PTCLDY (SCALE 4-7)  18
TOTAL FM JUL 1  6940    CLOUDY (SCALE 8-10)  6
DPTR FM NORMAL   655

[CDD (BASE 65) ]
TOTAL THIS MO.     1
DPTR FM NORMAL     1    [PRESSURE DATA]
TOTAL FM JAN 1     1    HIGHEST SLP M ON M
DPTR FM NORMAL     1    LOWEST  SLP 29.57 ON 14

[REMARKS]
