000
CXUS53 KBIS 210803
CF6BIS
PRELIMINARY LOCAL CLIMATOLOGICAL DATA (WS FORM: F-6)

                                          STATION:   BISMARCK ND
                                          MONTH:     OCTOBER
                                          YEAR:      2019
                                          LATITUDE:   46 46 N
                                          LONGITUDE: 100 45 W

  TEMPERATURE IN F:       :PCPN:    SNOW:  WIND      :SUNSHINE: SKY     :PK WND
================================================================================
1   2   3   4   5  6A  6B    7    8   9   10  11  12  13   14  15   16   17  18
                                     12Z  AVG MX 2MIN
DY MAX MIN AVG DEP HDD CDD  WTR  SNW DPTH SPD SPD DIR MIN PSBL S-S WX    SPD DR
================================================================================

 1  44  40  42 -10  23   0    T  0.0    0  8.6 15  20   M    M  10        21 330
 2  41  35  38 -13  27   0 0.20    T    0  7.9 14  70   M    M  10 1      18  70
 3  44  34  39 -12  26   0 0.00  0.0    0  4.7 16 140   M    M  10 1      22 140
 4  52  36  44  -6  21   0 0.00  0.0    0 18.4 32 140   M    M   9 1      42 140
 5  58  46  52   2  13   0 0.47  0.0    0 13.0 29 290   M    M   6 1      44 290
 6  62  47  55   6  10   0 0.00  0.0    0 15.8 32 290   M    M   5        45 280
 7  69  37  53   4  12   0 0.00  0.0    0  8.1 22 190   M    M   0        30 190
 8  78  40  59  10   6   0 0.00  0.0    0  5.9 16 150   M    M   0 8      20 150
 9  55  31  43  -5  22   0 0.01    T    0 15.4 25 350   M    M   9 1      34 340
10  32  28  30 -18  35   0 0.44  7.1    1 20.7 29 320   M    M  10 1      43 330
11  36  26  31 -16  34   0 0.38  6.1   11 23.3 36 320   M    M   7 12     53 320
12  32  29  31 -16  34   0 0.35  3.7    8 20.2 32 310   M    M  10 128    49 310
13  41  27  34 -12  31   0 0.01  0.2    7  7.9 18 320   M    M   7 1      25 310
14  49  22  36 -10  29   0 0.01    M    4  5.8 25 290   M    M   2        39 290
15  42  34  38  -7  27   0    T  0.0    2 11.9 22 330   M    M  10        31 310
16  50  28  39  -6  26   0 0.00  0.0    T  7.5 20 160   M    M   2        26 180
17  65  30  48   4  17   0 0.00  0.0    T  9.1 21 130   M    M   0        27 140
18  61  38  50   6  15   0 0.01  0.0    0  8.7 25 290   M    M   1        38 290
19  59  33  46   2  19   0 0.00  0.0    0 10.3 24 270   M    M   1 8      31 250
20  46  29  38  -5  27   0 1.20  0.0    0  7.4 18 360   M    M   7 1      32 350
================================================================================
SM 1016  670       454   0  3.08    17.1 230.6          M      116
================================================================================
AV 50.8 33.5                              11.5 FASTST   M    M   6    MAX(MPH)
                                 MISC ---->  # 36 320               # 53  320
================================================================================
NOTES:
# LAST OF SEVERAL OCCURRENCES

COLUMN 17 PEAK WIND IN M.P.H.

PRELIMINARY LOCAL CLIMATOLOGICAL DATA (WS FORM: F-6) , PAGE 2

                                          STATION:  BISMARCK ND
                                          MONTH:    OCTOBER
                                          YEAR:     2019
                                          LATITUDE:   46 46 N
                                          LONGITUDE: 100 45 W

[TEMPERATURE DATA]      [PRECIPITATION DATA]       SYMBOLS USED IN COLUMN 16

AVERAGE MONTHLY: 42.2   TOTAL FOR MONTH:   3.08    1 = FOG OR MIST
DPTR FM NORMAL:  -5.2   DPTR FM NORMAL:    2.23    2 = FOG REDUCING VISIBILITY
HIGHEST:    78 ON  8    GRTST 24HR  1.20 ON 20-20      TO 1/4 MILE OR LESS
LOWEST:     22 ON 14                               3 = THUNDER
                        SNOW, ICE PELLETS, HAIL    4 = ICE PELLETS
                        TOTAL MONTH:  17.1 INCHES  5 = HAIL
                        GRTST 24HR   7.1 ON 10-10  6 = FREEZING RAIN OR DRIZZLE
                        GRTST DEPTH:  11 ON 11     7 = DUSTSTORM OR SANDSTORM:
                                                       VSBY 1/2 MILE OR LESS
                                                   8 = SMOKE OR HAZE
[NO. OF DAYS WITH]      [WEATHER - DAYS WITH]      9 = BLOWING SNOW
                                                   X = TORNADO
MAX 32 OR BELOW:   2    0.01 INCH OR MORE:  10
MAX 90 OR ABOVE:   0    0.10 INCH OR MORE:   6
MIN 32 OR BELOW:   9    0.50 INCH OR MORE:   1
MIN  0 OR BELOW:   0    1.00 INCH OR MORE:   1

[HDD (BASE 65) ]
TOTAL THIS MO.   454    CLEAR  (SCALE 0-3)   7
DPTR FM NORMAL   101    PTCLDY (SCALE 4-7)   5
TOTAL FM JUL 1   655    CLOUDY (SCALE 8-10)  8
DPTR FM NORMAL    16

[CDD (BASE 65) ]
TOTAL THIS MO.     0
DPTR FM NORMAL     0    [PRESSURE DATA]
TOTAL FM JAN 1   530    HIGHEST SLP M ON M
DPTR FM NORMAL    11    LOWEST  SLP 29.38 ON 18

[REMARKS]
