000
CXUS53 KGRR 201617
CF6BIV
PRELIMINARY LOCAL CLIMATOLOGICAL DATA (WS FORM: F-6)

                                          STATION:   HOLLAND
                                          MONTH:     APRIL
                                          YEAR:      2019
                                          LATITUDE:   42 49 N
                                          LONGITUDE:  86 10 W

  TEMPERATURE IN F:       :PCPN:    SNOW:  WIND      :SUNSHINE: SKY     :PK WND
================================================================================
1   2   3   4   5  6A  6B    7    8   9   10  11  12  13   14  15   16   17  18
                                     12Z  AVG MX 2MIN
DY MAX MIN AVG DEP HDD CDD  WTR  SNW DPTH SPD SPD DIR MIN PSBL S-S WX    SPD DR
================================================================================

 1  45  22  34  -9  31   0 0.00    M    M 11.8 22 220   M    M   5        29 210
 2  55  35  45   2  20   0    T    M    M 16.6 28 250   M    M   5        37 260
 3  52  38  45   1  20   0 0.00    M    M 11.7 23 260   M    M   1        31 240
 4  49  36  43  -1  22   0 0.04    M    M 12.4 21 110   M    M   7        26 110
 5  53  36  45   1  20   0 0.06    M    M  6.2 15 110   M    M   7 1      21 110
 6  66  32  49   4  16   0 0.00    M    M  3.2 10 110   M    M   5 128    13 170
 7  74  44  59  14   6   0 0.35    M    M  7.7 21 250   M    M   4 1      26 260
 8  65  49  57  11   8   0 0.00    M    M  8.4 28 260   M    M   2 1      35 250
 9  58  42  50   4  15   0 0.00    M    M  9.7 21 340   M    M   2        30 340
10  44  34  39  -7  26   0 0.24    M    M  9.6 21  90   M    M   7 1      29  80
11  53  33  43  -4  22   0 0.19    M    M 20.1 32  90   M    M   5 13     46 100
12  51  39  45  -2  20   0 0.57    M    M 15.2 32 240   M    M   5 13     49 240
13  47  34  41  -6  24   0 0.00    M    M 12.9 25 240   M    M   2        35 240
14  39  32  36 -12  29   0 0.73    M    M 10.6 24  80   M    M   9 12     36  80
15  45  32  39  -9  26   0    T    M    M  7.1 14 270   M    M   3        21 240
16  61  39  50   1  15   0 0.06    M    M  6.9 16 220   M    M   8 1      22 220
17  66  45  56   7   9   0 0.00    M    M 13.2 22 100   M    M   7 138    28 100
18  68  40  54   5  11   0 0.38    M    M 11.3 31 220   M    M   9 13     40 230
19  55  41  48  -2  17   0 0.00    M    M 10.2 18  60   M    M   7        29  50
================================================================================
SM 1046  703       357   0  2.62    M    204.8          M      100
================================================================================
AV 55.1 37.0                              10.8 FASTST   M    M   5    MAX(MPH)
                                 MISC ---->  # 32  90               # 49  240
================================================================================
NOTES:
# LAST OF SEVERAL OCCURRENCES

COLUMN 17 PEAK WIND IN M.P.H.

PRELIMINARY LOCAL CLIMATOLOGICAL DATA (WS FORM: F-6) , PAGE 2

                                          STATION:  HOLLAND
                                          MONTH:    APRIL
                                          YEAR:     2019
                                          LATITUDE:   42 49 N
                                          LONGITUDE:  86 10 W

[TEMPERATURE DATA]      [PRECIPITATION DATA]       SYMBOLS USED IN COLUMN 16

AVERAGE MONTHLY: 46.0   TOTAL FOR MONTH:   2.62    1 = FOG OR MIST
DPTR FM NORMAL:  -0.3   DPTR FM NORMAL:    0.80    2 = FOG REDUCING VISIBILITY
HIGHEST:    74 ON  7    GRTST 24HR  0.73 ON 14-14      TO 1/4 MILE OR LESS
LOWEST:     22 ON  1                               3 = THUNDER
                        SNOW, ICE PELLETS, HAIL    4 = ICE PELLETS
                        TOTAL MONTH:    M          5 = HAIL
                        GRTST 24HR    M  ON   M    6 = FREEZING RAIN OR DRIZZLE
                        GRTST DEPTH:  M  ON   M    7 = DUSTSTORM OR SANDSTORM:
                                                       VSBY 1/2 MILE OR LESS
                                                   8 = SMOKE OR HAZE
[NO. OF DAYS WITH]      [WEATHER - DAYS WITH]      9 = BLOWING SNOW
                                                   X = TORNADO
MAX 32 OR BELOW:   0    0.01 INCH OR MORE:   9
MAX 90 OR ABOVE:   0    0.10 INCH OR MORE:   6
MIN 32 OR BELOW:   4    0.50 INCH OR MORE:   2
MIN  0 OR BELOW:   0    1.00 INCH OR MORE:   0

[HDD (BASE 65) ]
TOTAL THIS MO.   357    CLEAR  (SCALE 0-3)   5
DPTR FM NORMAL    -1    PTCLDY (SCALE 4-7)  12
TOTAL FM JUL 1  6068    CLOUDY (SCALE 8-10)  2
DPTR FM NORMAL   336

[CDD (BASE 65) ]
TOTAL THIS MO.     0
DPTR FM NORMAL     0    [PRESSURE DATA]
TOTAL FM JAN 1     0    HIGHEST SLP M ON M
DPTR FM NORMAL     0    LOWEST  SLP 29.50 ON 18

[REMARKS]
