000
CXUS51 KRLX 191250
CF6BKW
PRELIMINARY LOCAL CLIMATOLOGICAL DATA (WS FORM: F-6)

                                          STATION:   BECKLEY WV
                                          MONTH:     FEBRUARY
                                          YEAR:      2019
                                          LATITUDE:   37 46 N
                                          LONGITUDE:  81  7 W

  TEMPERATURE IN F:       :PCPN:    SNOW:  WIND      :SUNSHINE: SKY     :PK WND
================================================================================
1   2   3   4   5  6A  6B    7    8   9   10  11  12  13   14  15   16   17  18
                                     12Z  AVG MX 2MIN
DY MAX MIN AVG DEP HDD CDD  WTR  SNW DPTH SPD SPD DIR MIN PSBL S-S WX    SPD DR
================================================================================

 1  33  21  27  -5  38   0 0.06  0.3    2  6.2 14 240   M    M   9 126    20 230
 2  52  24  38   6  27   0 0.00  0.0    1  5.3 15 280   M    M   2 1      20 250
 3  59  39  49  17  16   0 0.00  0.0    0  3.8  9 250   M    M   7        11 250
 4  65  33  49  17  16   0    T  0.0    0  4.0 16 240   M    M   1        22 240
 5  59  45  52  19  13   0    T  0.0    0  5.4  9 240   M    M   8 1      14 220
 6  60  45  53  20  12   0 0.44  0.0    0  8.3 18 220   M    M   9 1      25 200
 7  70  54  62  29   3   0 0.30  0.0    0  9.6 25 220   M    M   7 1      34 210
 8  66  21  44  11  21   0 0.35  0.0    0 13.1 28 280   M    M   4 1      38 280
 9  33  16  25  -8  40   0 0.00  0.0    0  6.2 20 310   M    M   1        24 300
10  41  28  35   2  30   0 0.22  0.0    0  8.5 14 130   M    M   6 1      23 150
11  48  39  44  10  21   0 0.40  0.0    0  6.5 17 140   M    M  10 1      25 140
12  50  37  44  10  21   0 0.49  0.0    0 14.8 25 250   M    M   8 1      37 250
13  40  27  34   0  31   0 0.00  0.0    0 15.7 31 260   M    M   2        40 250
14  57  26  42   8  23   0 0.00  0.0    0  7.4 20 210   M    M   1 8      26 170
15  52  34  43   9  22   0 0.04    T    0  9.6 23 310   M    M  10 1      31 230
16  42  27  35   0  30   0 0.12  1.0    T  5.1 14 350   M    M   6 1      18 360
17  51  27  39   4  26   0 0.99  0.0    0 11.4 22 210   M    M   8 16     31 120
18  49  27  38   3  27   0 0.13    T    0 12.2 22 320   M    M  10 1      30 320
================================================================================
SM  927  570       417   0  3.54     1.3 153.1          M      109
================================================================================
AV 51.5 31.7                               8.5 FASTST   M    M   6    MAX(MPH)
                                 MISC ---->  # 31 260               # 40  250
================================================================================
NOTES:
# LAST OF SEVERAL OCCURRENCES

COLUMN 17 PEAK WIND IN M.P.H.

PRELIMINARY LOCAL CLIMATOLOGICAL DATA (WS FORM: F-6) , PAGE 2

                                          STATION:  BECKLEY WV
                                          MONTH:    FEBRUARY
                                          YEAR:     2019
                                          LATITUDE:   37 46 N
                                          LONGITUDE:  81  7 W

[TEMPERATURE DATA]      [PRECIPITATION DATA]       SYMBOLS USED IN COLUMN 16

AVERAGE MONTHLY: 41.6   TOTAL FOR MONTH:   3.54    1 = FOG OR MIST
DPTR FM NORMAL:   8.2   DPTR FM NORMAL:    1.79    2 = FOG REDUCING VISIBILITY
HIGHEST:    70 ON  7    GRTST 24HR  0.99 ON 17-17      TO 1/4 MILE OR LESS
LOWEST:     16 ON  9                               3 = THUNDER
                        SNOW, ICE PELLETS, HAIL    4 = ICE PELLETS
                        TOTAL MONTH:   1.3 INCHES  5 = HAIL
                        GRTST 24HR   1.0 ON 16-16  6 = FREEZING RAIN OR DRIZZLE
                        GRTST DEPTH:   2 ON  1     7 = DUSTSTORM OR SANDSTORM:
                                                       VSBY 1/2 MILE OR LESS
                                                   8 = SMOKE OR HAZE
[NO. OF DAYS WITH]      [WEATHER - DAYS WITH]      9 = BLOWING SNOW
                                                   X = TORNADO
MAX 32 OR BELOW:   0    0.01 INCH OR MORE:  11
MAX 90 OR ABOVE:   0    0.10 INCH OR MORE:   9
MIN 32 OR BELOW:  10    0.50 INCH OR MORE:   1
MIN  0 OR BELOW:   0    1.00 INCH OR MORE:   0

[HDD (BASE 65) ]
TOTAL THIS MO.   417    CLEAR  (SCALE 0-3)   5
DPTR FM NORMAL  -152    PTCLDY (SCALE 4-7)   6
TOTAL FM JUL 1  3437    CLOUDY (SCALE 8-10)  7
DPTR FM NORMAL  -276

[CDD (BASE 65) ]
TOTAL THIS MO.     0
DPTR FM NORMAL     0    [PRESSURE DATA]
TOTAL FM JAN 1     0    HIGHEST SLP M ON M
DPTR FM NORMAL     0    LOWEST  SLP 29.61 ON 12

[REMARKS]
