000
CXUS51 KRLX 191119
CF6BKW
PRELIMINARY LOCAL CLIMATOLOGICAL DATA (WS FORM: F-6)

                                          STATION:   BECKLEY WV
                                          MONTH:     APRIL
                                          YEAR:      2019
                                          LATITUDE:   37 46 N
                                          LONGITUDE:  81  7 W

  TEMPERATURE IN F:       :PCPN:    SNOW:  WIND      :SUNSHINE: SKY     :PK WND
================================================================================
1   2   3   4   5  6A  6B    7    8   9   10  11  12  13   14  15   16   17  18
                                     12Z  AVG MX 2MIN
DY MAX MIN AVG DEP HDD CDD  WTR  SNW DPTH SPD SPD DIR MIN PSBL S-S WX    SPD DR
================================================================================

 1  44  19  32 -15  33   0 0.00  0.0    0  5.3 20 340   M    M   2        29 360
 2  55  35  45  -3  20   0 0.00  0.0    0  9.2 16 140   M    M   5        24 150
 3  63  36  50   2  15   0 0.00  0.0    0  8.0 22 320   M    M   1 8      29 320
 4  68  40  54   6  11   0 0.00  0.0    0  7.1 18 130   M    M   3        23 140
 5  59  46  53   4  12   0 0.01  0.0    0 11.2 23 170   M    M   8        30 160
 6  71  47  59  10   6   0 0.00  0.0    0  3.7 12 140   M    M   6        17 240
 7  74  53  64  14   1   0 0.09  0.0    0  8.7 20 230   M    M   5 1      27 220
 8  66  52  59   9   6   0 0.51  0.0    0  5.4 15 280   M    M   7 1      18 280
 9  69  48  59   9   6   0 0.00  0.0    0  6.4 17 350   M    M   6 12     23 340
10  69  39  54   4  11   0 0.00  0.0    0  5.6 16 330   M    M   0        23 330
11  75  52  64  13   1   0 0.00  0.0    0 12.1 23 200   M    M   0        34 200
12  73  57  65  14   0   0    T  0.0    0 10.4 21 260   M    M   5 3      32 240
13  66  50  58   6   7   0    T  0.0    0  6.0 15 130   M    M   5        21 140
14  70  55  63  11   2   0 0.43  0.0    0 14.0 37 270   M    M   5 13     51 260
15  55  30  43  -9  22   0 0.09    T    0 13.0 25 280   M    M   9 1      36 270
16  73  29  51  -1  14   0 0.00  0.0    0  6.7 18 260   M    M   0        24 250
17  75  47  61   8   4   0 0.00  0.0    0  6.4 17 220   M    M   0        23 250
18  82  54  68  15   0   3 0.06  0.0    0 11.1 24 160   M    M   2 3      32 150
================================================================================
SM 1207  789       171   3  1.19    T    150.3          M       69
================================================================================
AV 67.1 43.8                               8.4 FASTST   M    M   4    MAX(MPH)
                                 MISC ---->  # 37 270               # 51  260
================================================================================
NOTES:
# LAST OF SEVERAL OCCURRENCES

COLUMN 17 PEAK WIND IN M.P.H.

PRELIMINARY LOCAL CLIMATOLOGICAL DATA (WS FORM: F-6) , PAGE 2

                                          STATION:  BECKLEY WV
                                          MONTH:    APRIL
                                          YEAR:     2019
                                          LATITUDE:   37 46 N
                                          LONGITUDE:  81  7 W

[TEMPERATURE DATA]      [PRECIPITATION DATA]       SYMBOLS USED IN COLUMN 16

AVERAGE MONTHLY: 55.4   TOTAL FOR MONTH:   1.19    1 = FOG OR MIST
DPTR FM NORMAL:   5.2   DPTR FM NORMAL:   -0.76    2 = FOG REDUCING VISIBILITY
HIGHEST:    82 ON 18    GRTST 24HR  0.51 ON  8- 8      TO 1/4 MILE OR LESS
LOWEST:     19 ON  1                               3 = THUNDER
                        SNOW, ICE PELLETS, HAIL    4 = ICE PELLETS
                        TOTAL MONTH:    T          5 = HAIL
                        GRTST 24HR    T  ON 15-15  6 = FREEZING RAIN OR DRIZZLE
                        GRTST DEPTH:   0           7 = DUSTSTORM OR SANDSTORM:
                                                       VSBY 1/2 MILE OR LESS
                                                   8 = SMOKE OR HAZE
[NO. OF DAYS WITH]      [WEATHER - DAYS WITH]      9 = BLOWING SNOW
                                                   X = TORNADO
MAX 32 OR BELOW:   0    0.01 INCH OR MORE:   6
MAX 90 OR ABOVE:   0    0.10 INCH OR MORE:   2
MIN 32 OR BELOW:   3    0.50 INCH OR MORE:   1
MIN  0 OR BELOW:   0    1.00 INCH OR MORE:   0

[HDD (BASE 65) ]
TOTAL THIS MO.   171    CLEAR  (SCALE 0-3)   8
DPTR FM NORMAL   -97    PTCLDY (SCALE 4-7)   8
TOTAL FM JUL 1  4591    CLOUDY (SCALE 8-10)  2
DPTR FM NORMAL  -390

[CDD (BASE 65) ]
TOTAL THIS MO.     3
DPTR FM NORMAL     3    [PRESSURE DATA]
TOTAL FM JAN 1     3    HIGHEST SLP M ON M
DPTR FM NORMAL     2    LOWEST  SLP 29.29 ON 14

[REMARKS]
