000
CXUS51 KRLX 221127
CF6BKW
PRELIMINARY LOCAL CLIMATOLOGICAL DATA (WS FORM: F-6)

                                          STATION:   BECKLEY WV
                                          MONTH:     AUGUST
                                          YEAR:      2019
                                          LATITUDE:   37 46 N
                                          LONGITUDE:  81  7 W

  TEMPERATURE IN F:       :PCPN:    SNOW:  WIND      :SUNSHINE: SKY     :PK WND
================================================================================
1   2   3   4   5  6A  6B    7    8   9   10  11  12  13   14  15   16   17  18
                                     12Z  AVG MX 2MIN
DY MAX MIN AVG DEP HDD CDD  WTR  SNW DPTH SPD SPD DIR MIN PSBL S-S WX    SPD DR
================================================================================

 1  84  60  72   2   0   7 0.27  0.0    0  3.3 20 120   M    M   3 13     28 130
 2  81  64  73   3   0   8    T  0.0    0  4.4 14 140   M    M   2 3      20 150
 3  83  60  72   2   0   7 0.00  0.0    0  3.3 12 320   M    M   1 1      15 350
 4  81  60  71   1   0   6 0.00  0.0    0  3.7 14 330   M    M   1 1      19 330
 5  83  61  72   2   0   7 0.00  0.0    0  2.6 10 350   M    M   1        15 350
 6  84  60  72   2   0   7 0.00  0.0    0  4.9 14 280   M    M   1        18 230
 7  79  63  71   1   0   6    T  0.0    0  6.6 20 270   M    M   5 3      24 270
 8  82  61  72   2   0   7 0.02  0.0    0  7.3 16  50   M    M   2 1      23 270
 9  78  62  70   0   0   5 1.50  0.0    0  5.6 24 350   M    M   4 138    32 360
10  81  59  70   0   0   5 0.00  0.0    0  4.4 16 290   M    M   2 12     22 290
11  81  53  67  -3   0   2 0.00  0.0    0  2.4  9  20   M    M   0        13  10
12  86  62  74   4   0   9    T  0.0    0  5.8 12 280   M    M   2        14 230
13  82  68  75   5   0  10 1.22  0.0    0  6.7 16 240   M    M   5 13     24 260
14  83  66  75   5   0  10 0.00  0.0    0  5.9 16 330   M    M   5        19 300
15  84  62  73   3   0   8 0.00  0.0    0  2.7 12 260   M    M   3 18     16 260
16  82  60  71   1   0   6 0.00  0.0    0  2.8 10 290   M    M   2 1      14 340
17  86  60  73   3   0   8 0.00  0.0    0  2.3 10 350   M    M   0         M  M
18  89  63  76   6   0  11 0.01  0.0    M  3.0 17 300   M    M   0        24 260
19  86  67  77   7   0  12 0.00  0.0    0  2.7 10 360   M    M   1        13 340
20  87  67  77   7   0  12 0.00  0.0    0  4.1 21 230   M    M   1 3      27 230
21  87  67  77   7   0  12    T  0.0    0  7.3 18 260   M    M   3        25 260
================================================================================
SM 1749 1305         0 165  3.02     0.0  91.8          M       44
================================================================================
AV 83.3 62.1                               4.4 FASTST   M    M   2    MAX(MPH)
                                 MISC ---->  # 24 350               # 32  360
================================================================================
NOTES:
# LAST OF SEVERAL OCCURRENCES

COLUMN 17 PEAK WIND IN M.P.H.

PRELIMINARY LOCAL CLIMATOLOGICAL DATA (WS FORM: F-6) , PAGE 2

                                          STATION:  BECKLEY WV
                                          MONTH:    AUGUST
                                          YEAR:     2019
                                          LATITUDE:   37 46 N
                                          LONGITUDE:  81  7 W

[TEMPERATURE DATA]      [PRECIPITATION DATA]       SYMBOLS USED IN COLUMN 16

AVERAGE MONTHLY: 72.7   TOTAL FOR MONTH:   3.02    1 = FOG OR MIST
DPTR FM NORMAL:   2.7   DPTR FM NORMAL:    0.46    2 = FOG REDUCING VISIBILITY
HIGHEST:    89 ON 18    GRTST 24HR  1.50 ON  9- 9      TO 1/4 MILE OR LESS
LOWEST:     53 ON 11                               3 = THUNDER
                        SNOW, ICE PELLETS, HAIL    4 = ICE PELLETS
                        TOTAL MONTH:   0.0 INCH    5 = HAIL
                        GRTST 24HR     0.0         6 = FREEZING RAIN OR DRIZZLE
                        GRTST DEPTH:   0           7 = DUSTSTORM OR SANDSTORM:
                                                       VSBY 1/2 MILE OR LESS
                                                   8 = SMOKE OR HAZE
[NO. OF DAYS WITH]      [WEATHER - DAYS WITH]      9 = BLOWING SNOW
                                                   X = TORNADO
MAX 32 OR BELOW:   0    0.01 INCH OR MORE:   5
MAX 90 OR ABOVE:   0    0.10 INCH OR MORE:   3
MIN 32 OR BELOW:   0    0.50 INCH OR MORE:   2
MIN  0 OR BELOW:   0    1.00 INCH OR MORE:   2

[HDD (BASE 65) ]
TOTAL THIS MO.     0    CLEAR  (SCALE 0-3)  17
DPTR FM NORMAL     0    PTCLDY (SCALE 4-7)   4
TOTAL FM JUL 1     3    CLOUDY (SCALE 8-10)  0
DPTR FM NORMAL    -5

[CDD (BASE 65) ]
TOTAL THIS MO.   165
DPTR FM NORMAL    47    [PRESSURE DATA]
TOTAL FM JAN 1   666    HIGHEST SLP M ON M
DPTR FM NORMAL   215    LOWEST  SLP 29.78 ON 13

[REMARKS]
