000
CXUS51 KRNK 210821
CF6BLF
PRELIMINARY LOCAL CLIMATOLOGICAL DATA (WS FORM: F-6)

                                          STATION:   BLUEFIELD WV
                                          MONTH:     APRIL
                                          YEAR:      2019
                                          LATITUDE:   37 17 N
                                          LONGITUDE:  81 12 W

  TEMPERATURE IN F:       :PCPN:    SNOW:  WIND      :SUNSHINE: SKY     :PK WND
================================================================================
1   2   3   4   5  6A  6B    7    8   9   10  11  12  13   14  15   16   17  18
                                     12Z  AVG MX 2MIN
DY MAX MIN AVG DEP HDD CDD  WTR  SNW DPTH SPD SPD DIR MIN PSBL S-S WX    SPD DR
================================================================================

 1  44  19  32 -18  33   0 0.00  0.0    0  5.5 13 130   M    M   1        22 120
 2  50  33  42  -9  23   0 0.00  0.0    0  7.4 15 170   M    M   4        23 180
 3  60  33  47  -4  18   0 0.00  0.0    0  8.7 24 280   M    M   0        32 290
 4  66  44  55   3  10   0 0.00  0.0    0  6.4 20 190   M    M   2        36 170
 5  56  44  50  -2  15   0 0.18  0.0    0  5.5 23 180   M    M  10 1      37 120
 6  67  44  56   4   9   0 0.00  0.0    0  3.0 13 280   M    M   5 1      18 300
 7  70  54  62  10   3   0 0.08  0.0    0  6.7 17 230   M    M   6 1      23 230
 8  67  52  60   7   5   0 0.18  0.0    0  5.9 24 280   M    M   5 123    33 310
 9  65  50  58   5   7   0 0.01  0.0    0  7.3 16 280   M    M   6 12     23 290
10  68  45  57   3   8   0 0.00  0.0    0  4.1 16 290   M    M   1        23 310
11  72  54  63   9   2   0 0.00  0.0    0  8.2 18 170   M    M   0        29 160
12  70  56  63   9   2   0 0.05  0.0    0  8.1 20 140   M    M   7 13     34 140
13  63  54  59   5   6   0    T  0.0    0  3.8 12 130   M    M   7        20 120
14  67  55  61   6   4   0 0.74  0.0    0 11.8 25 250   M    M   9 13     43 180
15  55  31  43 -12  22   0    T    T    0 12.3 24 290   M    M   9 1      35 280
16  71  30  51  -4  14   0 0.00  0.0    0  9.1 22 260   M    M   0        33 260
17  72  52  62   6   3   0 0.00  0.0    0  8.1 20 240   M    M   0        27 250
18  77  52  65   9   0   0 0.08  0.0    0  8.8 23 210   M    M   3 3      35 160
19  63  52  58   2   7   0 1.23  0.0    0  8.5 22 210   M    M   9 1      36 160
20  57  37  47 -10  18   0 0.08  0.0    0  6.7 23 220   M    M   8 1      36 230
================================================================================
SM 1280  891       209   0  2.63    T    145.9          M       92
================================================================================
AV 64.0 44.6                               7.3 FASTST   M    M   5    MAX(MPH)
                                 MISC ---->  # 25 250               # 43  180
================================================================================
NOTES:
# LAST OF SEVERAL OCCURRENCES

COLUMN 17 PEAK WIND IN M.P.H.

PRELIMINARY LOCAL CLIMATOLOGICAL DATA (WS FORM: F-6) , PAGE 2

                                          STATION:  BLUEFIELD WV
                                          MONTH:    APRIL
                                          YEAR:     2019
                                          LATITUDE:   37 17 N
                                          LONGITUDE:  81 12 W

[TEMPERATURE DATA]      [PRECIPITATION DATA]       SYMBOLS USED IN COLUMN 16

AVERAGE MONTHLY: 54.3   TOTAL FOR MONTH:   2.63    1 = FOG OR MIST
DPTR FM NORMAL:   0.7   DPTR FM NORMAL:    0.47    2 = FOG REDUCING VISIBILITY
HIGHEST:    77 ON 18    GRTST 24HR  1.23 ON 19-19      TO 1/4 MILE OR LESS
LOWEST:     19 ON  1                               3 = THUNDER
                        SNOW, ICE PELLETS, HAIL    4 = ICE PELLETS
                        TOTAL MONTH:    T          5 = HAIL
                        GRTST 24HR    T  ON 15-15  6 = FREEZING RAIN OR DRIZZLE
                        GRTST DEPTH:   0           7 = DUSTSTORM OR SANDSTORM:
                                                       VSBY 1/2 MILE OR LESS
                                                   8 = SMOKE OR HAZE
[NO. OF DAYS WITH]      [WEATHER - DAYS WITH]      9 = BLOWING SNOW
                                                   X = TORNADO
MAX 32 OR BELOW:   0    0.01 INCH OR MORE:   9
MAX 90 OR ABOVE:   0    0.10 INCH OR MORE:   4
MIN 32 OR BELOW:   3    0.50 INCH OR MORE:   2
MIN  0 OR BELOW:   0    1.00 INCH OR MORE:   1

[HDD (BASE 65) ]
TOTAL THIS MO.   209    CLEAR  (SCALE 0-3)   8
DPTR FM NORMAL   -32    PTCLDY (SCALE 4-7)   7
TOTAL FM JUL 1  4700    CLOUDY (SCALE 8-10)  5
DPTR FM NORMAL   350

[CDD (BASE 65) ]
TOTAL THIS MO.     0
DPTR FM NORMAL   -18    [PRESSURE DATA]
TOTAL FM JAN 1     0    HIGHEST SLP M ON M
DPTR FM NORMAL   -22    LOWEST  SLP 29.46 ON 19

[REMARKS]
