000
CXUS51 KRNK 230817
CF6BLF

PRELIMINARY LOCAL CLIMATOLOGICAL DATA (WS FORM: F-6)

                                          STATION:   BLUEFIELD WV
                                          MONTH:     AUGUST
                                          YEAR:      2019
                                          LATITUDE:   37 17 N
                                          LONGITUDE:  81 12 W

  TEMPERATURE IN F:       :PCPN:    SNOW:  WIND      :SUNSHINE: SKY     :PK WND
================================================================================
1   2   3   4   5  6A  6B    7    8   9   10  11  12  13   14  15   16   17  18
                                     12Z  AVG MX 2MIN
DY MAX MIN AVG DEP HDD CDD  WTR  SNW DPTH SPD SPD DIR MIN PSBL S-S WX    SPD DR
================================================================================

 1  81  58  70  -3   0   5 0.02  0.0    0  2.5 14 280   M    M   5 123    19 280
 2  78  61  70  -3   0   5 0.02  0.0    0  3.4 10 110   M    M   3 3      15 110
 3  81  60  71  -2   0   6 0.00  0.0    0  1.9  9  10   M    M   4 12     14 360
 4  81  62  72  -1   0   7 0.00  0.0    0  3.4 10  10   M    M   1        13  10
 5  81  61  71  -2   0   6 0.00  0.0    0  1.7  9 290   M    M   2        12 290
 6  80  60  70  -3   0   5 0.00  0.0    0  6.1 15 240   M    M   1        19 220
 7  78  62  70  -3   0   5 0.30  0.0    0  6.0 22 260   M    M   6 13     35 270
 8  79  62  71  -2   0   6 0.00  0.0    0  6.3 12 260   M    M   4 12     16 310
 9  80  63  72  -1   0   7    T  0.0    0  6.1 18 260   M    M   5 3      23 250
10  81  61  71  -2   0   6 0.00  0.0    0  3.8 13 280   M    M   3 1      21 300
11  81  55  68  -5   0   3 0.00  0.0    0  2.4  7 270   M    M   0 1      11  60
12  83  64  74   1   0   9    T  0.0    0  4.5 14 270   M    M   2        19 250
13  78  69  74   1   0   9 0.27  0.0    0  7.4 15 300   M    M   4 138    21 320
14  82  67  75   2   0  10    T  0.0    0  5.9 14 270   M    M   6        21 280
15  82  63  73   0   0   8 0.00  0.0    0  3.6 13 260   M    M   2 1      19 280
16  83  61  72   0   0   7 0.00  0.0    0  2.9 13 250   M    M   2        17 250
17  86  61  74   2   0   9 0.00  0.0    0  1.9 10 280   M    M   2        14 280
18  87  64  76   4   0  11 0.00  0.0    0  3.3 12 240   M    M   1 3      16 250
19  85  66  76   4   0  11 0.00  0.0    0  3.7  9 260   M    M   1        13 270
20  87  66  77   5   0  12 0.72  0.0    0  3.8 20 290   M    M   2 13     25 290
21  84  66  75   3   0  10 0.00  0.0    0  6.9 18 250   M    M   2        24 270
22  79  66  73   1   0   8 0.49  0.0    0  5.6 25 240   M    M   4 13     33 280
================================================================================
SM 1797 1378         0 165  1.82     0.0  93.1          M       62
================================================================================
AV 81.7 62.6                               4.2 FASTST   M    M   3    MAX(MPH)
                                 MISC ---->  # 25 240               # 35  270
================================================================================
NOTES:
# LAST OF SEVERAL OCCURRENCES

COLUMN 17 PEAK WIND IN M.P.H.

PRELIMINARY LOCAL CLIMATOLOGICAL DATA (WS FORM: F-6) , PAGE 2

                                          STATION:  BLUEFIELD WV
                                          MONTH:    AUGUST
                                          YEAR:     2019
                                          LATITUDE:   37 17 N
                                          LONGITUDE:  81 12 W

[TEMPERATURE DATA]      [PRECIPITATION DATA]       SYMBOLS USED IN COLUMN 16

AVERAGE MONTHLY: 72.2   TOTAL FOR MONTH:   1.82    1 = FOG OR MIST
DPTR FM NORMAL:  -0.5   DPTR FM NORMAL:   -0.57    2 = FOG REDUCING VISIBILITY
HIGHEST:    87 ON 20,18 GRTST 24HR  0.72 ON 20-20      TO 1/4 MILE OR LESS
LOWEST:     55 ON 11                               3 = THUNDER
                        SNOW, ICE PELLETS, HAIL    4 = ICE PELLETS
                        TOTAL MONTH:   0.0 INCH    5 = HAIL
                        GRTST 24HR     0.0         6 = FREEZING RAIN OR DRIZZLE
                        GRTST DEPTH:   0           7 = DUSTSTORM OR SANDSTORM:
                                                       VSBY 1/2 MILE OR LESS
                                                   8 = SMOKE OR HAZE
[NO. OF DAYS WITH]      [WEATHER - DAYS WITH]      9 = BLOWING SNOW
                                                   X = TORNADO
MAX 32 OR BELOW:   0    0.01 INCH OR MORE:   6
MAX 90 OR ABOVE:   0    0.10 INCH OR MORE:   4
MIN 32 OR BELOW:   0    0.50 INCH OR MORE:   1
MIN  0 OR BELOW:   0    1.00 INCH OR MORE:   0

[HDD (BASE 65) ]
TOTAL THIS MO.     0    CLEAR  (SCALE 0-3)  14
DPTR FM NORMAL     0    PTCLDY (SCALE 4-7)   8
TOTAL FM JUL 1     5    CLOUDY (SCALE 8-10)  0
DPTR FM NORMAL     3

[CDD (BASE 65) ]
TOTAL THIS MO.   165
DPTR FM NORMAL    -6    [PRESSURE DATA]
TOTAL FM JAN 1   520    HIGHEST SLP M ON M
DPTR FM NORMAL  -156    LOWEST  SLP 29.77 ON M

[REMARKS]
DUE TO MISSING TEMPERATURES ON MAY 10 AND JULY 11-12, ALL
TEMPERATURE AND COOLING DEGREE DAY INFORMATION WILL BE CALCULATED
WITHOUT DATA FROM THESE DATES.
