000
CXUS55 KPSR 211005
CF6BLH
PRELIMINARY LOCAL CLIMATOLOGICAL DATA (WS FORM: F-6)

                                          STATION:   BLYTHE CA
                                          MONTH:     APRIL
                                          YEAR:      2019
                                          LATITUDE:   33 37 N
                                          LONGITUDE: 114 43 W

  TEMPERATURE IN F:       :PCPN:    SNOW:  WIND      :SUNSHINE: SKY     :PK WND
================================================================================
1   2   3   4   5  6A  6B    7    8   9   10  11  12  13   14  15   16   17  18
                                     12Z  AVG MX 2MIN
DY MAX MIN AVG DEP HDD CDD  WTR  SNW DPTH SPD SPD DIR MIN PSBL S-S WX    SPD DR
================================================================================

 1  86  51  69   1   0   4 0.00  0.0    0  4.5 12 120   M    M   0        16 130
 2  88  58  73   5   0   8 0.00  0.0    0 15.0 31 250   M    M   0        40 240
 3  81  57  69   1   0   4 0.00  0.0    0  5.8 18 250   M    M   0        24 250
 4  84  58  71   3   0   6 0.00  0.0    M  9.7 24 250   M    M   0        28 250
 5  81  57  69   1   0   4 0.00  0.0    0  9.5 24 240   M    M   0        30 220
 6  84  55  70   1   0   5 0.00  0.0    0  4.1 14 170   M    M   0        17 180
 7  93  59  76   7   0  11 0.00  0.0    0  5.0 13  10   M    M   0        16  20
 8  95  60  78   9   0  13 0.00  0.0    0  3.7 12 140   M    M   0        14 140
 9  96  67  82  12   0  17 0.00  0.0    0 14.9 35 230   M    M   0 8      43 220
10  80  64  72   2   0   7 0.00  0.0    0 18.5 33 330   M    M   0        43 320
11  81  55  68  -2   0   3 0.00  0.0    0  7.5 17  10   M    M   0        24  30
12  80  63  72   2   0   7 0.00  0.0    0 11.9 21 350   M    M   4        25 340
13  85  57  71   0   0   6 0.00  0.0    0  8.1 22  20   M    M   0        30  20
14  89  54  72   1   0   7 0.00  0.0    0  9.2 21 170   M    M   0        30 190
15  87  57  72   1   0   7 0.00  0.0    0 12.3 23 240   M    M   0        29 200
16  78  57  68  -3   0   3 0.10  0.0    0 11.1 38 330   M    M   1 1      45 330
17  87  53  70  -2   0   5 0.00  0.0    0 10.0 25 360   M    M   0        31 350
18  92  57  75   3   0  10 0.00  0.0    0  5.3 15  90   M    M   0        19  80
19  99  58  79   7   0  14 0.00  0.0    0  5.1 16 250   M    M   0        20 170
20  95  65  80   7   0  15 0.00  0.0    0 12.0 29 240   M    M   0        36 230
================================================================================
SM 1741 1162         0 156  0.10     0.0 183.2          M        5
================================================================================
AV 87.1 58.1                               9.2 FASTST   M    M   0    MAX(MPH)
                                 MISC ---->  # 38 330               # 45  330
================================================================================
NOTES:
# LAST OF SEVERAL OCCURRENCES

COLUMN 17 PEAK WIND IN M.P.H.

PRELIMINARY LOCAL CLIMATOLOGICAL DATA (WS FORM: F-6) , PAGE 2

                                          STATION:  BLYTHE CA
                                          MONTH:    APRIL
                                          YEAR:     2019
                                          LATITUDE:   33 37 N
                                          LONGITUDE: 114 43 W

[TEMPERATURE DATA]      [PRECIPITATION DATA]       SYMBOLS USED IN COLUMN 16

AVERAGE MONTHLY: 72.6   TOTAL FOR MONTH:   0.10    1 = FOG OR MIST
DPTR FM NORMAL:   2.6   DPTR FM NORMAL:    0.03    2 = FOG REDUCING VISIBILITY
HIGHEST:    99 ON 19    GRTST 24HR  0.10 ON 16-16      TO 1/4 MILE OR LESS
LOWEST:     51 ON  1                               3 = THUNDER
                        SNOW, ICE PELLETS, HAIL    4 = ICE PELLETS
                        TOTAL MONTH:   0.0 INCH    5 = HAIL
                        GRTST 24HR     0.0         6 = FREEZING RAIN OR DRIZZLE
                        GRTST DEPTH:   0           7 = DUSTSTORM OR SANDSTORM:
                                                       VSBY 1/2 MILE OR LESS
                                                   8 = SMOKE OR HAZE
[NO. OF DAYS WITH]      [WEATHER - DAYS WITH]      9 = BLOWING SNOW
                                                   X = TORNADO
MAX 32 OR BELOW:   0    0.01 INCH OR MORE:   1
MAX 90 OR ABOVE:   6    0.10 INCH OR MORE:   1
MIN 32 OR BELOW:   0    0.50 INCH OR MORE:   0
MIN  0 OR BELOW:   0    1.00 INCH OR MORE:   0

[HDD (BASE 65) ]
TOTAL THIS MO.     0    CLEAR  (SCALE 0-3)  19
DPTR FM NORMAL   -17    PTCLDY (SCALE 4-7)   1
TOTAL FM JUL 1  1131    CLOUDY (SCALE 8-10)  0
DPTR FM NORMAL    37

[CDD (BASE 65) ]
TOTAL THIS MO.   156
DPTR FM NORMAL    39    [PRESSURE DATA]
TOTAL FM JAN 1   233    HIGHEST SLP M ON M
DPTR FM NORMAL    35    LOWEST  SLP 29.59 ON  9

[REMARKS]
