000
CXUS55 KSEW 220930
CF6BLI
PRELIMINARY LOCAL CLIMATOLOGICAL DATA (WS FORM: F-6)

                                          STATION:   BELLINGHAM WA AIRPORT
                                          MONTH:     FEBRUARY
                                          YEAR:      2019
                                          LATITUDE:   48 47 N
                                          LONGITUDE: 122 32 W

  TEMPERATURE IN F:       :PCPN:    SNOW:  WIND      :SUNSHINE: SKY     :PK WND
================================================================================
1   2   3   4   5  6A  6B    7    8   9   10  11  12  13   14  15   16   17  18
                                     12Z  AVG MX 2MIN
DY MAX MIN AVG DEP HDD CDD  WTR  SNW DPTH SPD SPD DIR MIN PSBL S-S WX    SPD DR
================================================================================

 1  49  41  45   5  20   0 0.36  0.0    0  7.0 18 150   M    M  10 1      25 140
 2  48  38  43   3  22   0    T  0.0    0  4.8 10 160   M    M   7        14 170
 3  40  18  29 -11  36   0 0.02    M    0 14.5 35  20   M    M  10 18     49  40
 4  25  15  20 -20  45   0    T    M    M 29.3 41  20   M    M   6        58  30
 5  33  16  25 -15  40   0 0.00  0.0    M  9.6 28  20   M    M   0        41  20
 6  37  19  28 -12  37   0 0.00  0.0    M  5.4 12  40   M    M   0        19  20
 7  36  18  27 -13  38   0 0.00  0.0    M  1.6  7 360   M    M   2         9  10
 8  35  25  30 -10  35   0    T    M    M 15.4 38  30   M    M  10 18     55  30
 9  29  23  26 -14  39   0 0.00  0.0    0 32.2 44  30   M    M   7        67  30
10  32  15  24 -16  41   0 0.50    M    M 13.3 29  20   M    M   5 18     44  20
11  27  19  23 -17  42   0 0.25    M    M 14.5 25  20   M    M  10 1      39 360
12  29  25  27 -14  38   0 0.35    M    M 11.4 18  20   M    M  10 1      25  30
13  34  21  28 -13  37   0 0.12    M    M 10.8 21  20   M    M   6        30  10
14  41  23  32  -9  33   0 0.09    M    M 11.4 23 140   M    M   7 1      31  10
15  44  31  38  -3  27   0 0.02    M    M  5.8 16 140   M    M   9        22 150
16  42  29  36  -5  29   0 0.04    M    M  1.7  9 170   M    M   9 1      13 160
17  44  27  36  -5  29   0 0.00  0.0    0  5.9 14 360   M    M   5 1      18 340
18  36  25  31 -10  34   0    T    M    M  3.6 10  40   M    M   7        14  20
19  39  31  35  -6  30   0 0.30    M    M  5.4 17 170   M    M  10 1      25 160
20  43  30  37  -4  28   0 0.01  0.0    0  5.9 13  10   M    M   6 12     15  10
21  45  30  38  -3  27   0 0.00  0.0    0  6.0 20  30   M    M   0        25  30
================================================================================
SM  788  519       707   0  2.06     0.0 215.5          M      136
================================================================================
AV 37.5 24.7                              10.3 FASTST   M    M   6    MAX(MPH)
                                 MISC ---->  # 44  30               # 67   30
================================================================================
NOTES:
# LAST OF SEVERAL OCCURRENCES

COLUMN 17 PEAK WIND IN M.P.H.

PRELIMINARY LOCAL CLIMATOLOGICAL DATA (WS FORM: F-6) , PAGE 2

                                          STATION:  BELLINGHAM WA AIRPORT
                                          MONTH:    FEBRUARY
                                          YEAR:     2019
                                          LATITUDE:   48 47 N
                                          LONGITUDE: 122 32 W

[TEMPERATURE DATA]      [PRECIPITATION DATA]       SYMBOLS USED IN COLUMN 16

AVERAGE MONTHLY: 31.1   TOTAL FOR MONTH:   2.06    1 = FOG OR MIST
DPTR FM NORMAL:  -9.4   DPTR FM NORMAL:   -0.24    2 = FOG REDUCING VISIBILITY
HIGHEST:    49 ON  1    GRTST 24HR  0.50 ON 10-10      TO 1/4 MILE OR LESS
LOWEST:     15 ON 10, 4                            3 = THUNDER
                        SNOW, ICE PELLETS, HAIL    4 = ICE PELLETS
                        TOTAL MONTH:   0.0 INCH    5 = HAIL
                        GRTST 24HR     0.0         6 = FREEZING RAIN OR DRIZZLE
                        GRTST DEPTH:   0           7 = DUSTSTORM OR SANDSTORM:
                                                       VSBY 1/2 MILE OR LESS
                                                   8 = SMOKE OR HAZE
[NO. OF DAYS WITH]      [WEATHER - DAYS WITH]      9 = BLOWING SNOW
                                                   X = TORNADO
MAX 32 OR BELOW:   5    0.01 INCH OR MORE:  11
MAX 90 OR ABOVE:   0    0.10 INCH OR MORE:   6
MIN 32 OR BELOW:  19    0.50 INCH OR MORE:   1
MIN  0 OR BELOW:   0    1.00 INCH OR MORE:   0

[HDD (BASE 65) ]
TOTAL THIS MO.   707    CLEAR  (SCALE 0-3)   4
DPTR FM NORMAL   192    PTCLDY (SCALE 4-7)   9
TOTAL FM JUL 1  3362    CLOUDY (SCALE 8-10)  8
DPTR FM NORMAL  -345

[CDD (BASE 65) ]
TOTAL THIS MO.     0
DPTR FM NORMAL     0    [PRESSURE DATA]
TOTAL FM JAN 1     0    HIGHEST SLP M ON M
DPTR FM NORMAL     0    LOWEST  SLP 29.05 ON 14

[REMARKS]
