000
CXUS55 KSEW 200930
CF6BLI
PRELIMINARY LOCAL CLIMATOLOGICAL DATA (WS FORM: F-6)

                                          STATION:   BELLINGHAM WA AIRPORT
                                          MONTH:     APRIL
                                          YEAR:      2019
                                          LATITUDE:   48 47 N
                                          LONGITUDE: 122 32 W

  TEMPERATURE IN F:       :PCPN:    SNOW:  WIND      :SUNSHINE: SKY     :PK WND
================================================================================
1   2   3   4   5  6A  6B    7    8   9   10  11  12  13   14  15   16   17  18
                                     12Z  AVG MX 2MIN
DY MAX MIN AVG DEP HDD CDD  WTR  SNW DPTH SPD SPD DIR MIN PSBL S-S WX    SPD DR
================================================================================

 1  71  35  53   6  12   0 0.00  0.0    0  4.7 15 360   M    M   0        20  10
 2  71  41  56   9   9   0 0.01  0.0    0  7.2 17  30   M    M   3        23  40
 3  57  48  53   6  12   0 0.62  0.0    0  7.7 21 160   M    M  10 1      28 170
 4  65  49  57  10   8   0    T  0.0    0  5.6 16 170   M    M   6        22 170
 5  59  49  54   7  11   0 0.20  0.0    0 10.0 28 160   M    M   9 1      41 190
 6  55  44  50   3  15   0 0.01  0.0    0 11.4 28 170   M    M   9        38 160
 7  57  39  48   1  17   0 0.11  0.0    0  6.4 16 170   M    M   6 1      19 180
 8  57  40  49   2  16   0 0.11  0.0    0  4.5 13 290   M    M   8 1      17 290
 9  56  46  51   4  14   0 0.16  0.0    0  5.8 13 160   M    M   9 1      17 170
10  52  46  49   1  16   0 0.42  0.0    0  7.1 15 170   M    M   9 1      22 160
11  49  44  47  -1  18   0 0.54  0.0    0  5.1  9  10   M    M  10 1      12  10
12  56  45  51   3  14   0 0.00  0.0    0  5.1 12 170   M    M   7 1      17 170
13  50  46  48   0  17   0 0.66  0.0    0 12.3 26 160   M    M   8 1      38 150
14  51  43  47  -1  18   0 0.00  0.0    0 10.8 21 150   M    M   7        26 160
15  58  39  49   1  16   0 0.00  0.0    0  4.5 12 280   M    M   2        16 180
16  56  38  47  -1  18   0 0.09  0.0    0  4.5 14 180   M    M   7 1      19 190
17  59  48  54   5  11   0 0.07  0.0    0  7.4 15 190   M    M   8 1      24 190
18  58  51  55   6  10   0 0.84  0.0    0  3.7 10 160   M    M  10 1      16 150
19  60  43  52   3  13   0 0.16    M    0  4.6 10 170   M    M   8 18     15 180
================================================================================
SM 1097  834       265   0  4.00     0.0 128.4          M      136
================================================================================
AV 57.7 43.9                               6.8 FASTST   M    M   7    MAX(MPH)
                                 MISC ---->  # 28 160               # 41  190
================================================================================
NOTES:
# LAST OF SEVERAL OCCURRENCES

COLUMN 17 PEAK WIND IN M.P.H.

PRELIMINARY LOCAL CLIMATOLOGICAL DATA (WS FORM: F-6) , PAGE 2

                                          STATION:  BELLINGHAM WA AIRPORT
                                          MONTH:    APRIL
                                          YEAR:     2019
                                          LATITUDE:   48 47 N
                                          LONGITUDE: 122 32 W

[TEMPERATURE DATA]      [PRECIPITATION DATA]       SYMBOLS USED IN COLUMN 16

AVERAGE MONTHLY: 50.8   TOTAL FOR MONTH:   4.00    1 = FOG OR MIST
DPTR FM NORMAL:   3.1   DPTR FM NORMAL:    2.19    2 = FOG REDUCING VISIBILITY
HIGHEST:    71 ON  2, 1 GRTST 24HR  0.84 ON 18-18      TO 1/4 MILE OR LESS
LOWEST:     35 ON  1                               3 = THUNDER
                        SNOW, ICE PELLETS, HAIL    4 = ICE PELLETS
                        TOTAL MONTH:   0.0 INCH    5 = HAIL
                        GRTST 24HR     0.0         6 = FREEZING RAIN OR DRIZZLE
                        GRTST DEPTH:   0           7 = DUSTSTORM OR SANDSTORM:
                                                       VSBY 1/2 MILE OR LESS
                                                   8 = SMOKE OR HAZE
[NO. OF DAYS WITH]      [WEATHER - DAYS WITH]      9 = BLOWING SNOW
                                                   X = TORNADO
MAX 32 OR BELOW:   0    0.01 INCH OR MORE:  14
MAX 90 OR ABOVE:   0    0.10 INCH OR MORE:  10
MIN 32 OR BELOW:   0    0.50 INCH OR MORE:   4
MIN  0 OR BELOW:   0    1.00 INCH OR MORE:   0

[HDD (BASE 65) ]
TOTAL THIS MO.   265    CLEAR  (SCALE 0-3)   3
DPTR FM NORMAL   -64    PTCLDY (SCALE 4-7)   9
TOTAL FM JUL 1  4457    CLOUDY (SCALE 8-10)  7
DPTR FM NORMAL  -386

[CDD (BASE 65) ]
TOTAL THIS MO.     0
DPTR FM NORMAL     0    [PRESSURE DATA]
TOTAL FM JAN 1     0    HIGHEST SLP M ON M
DPTR FM NORMAL     0    LOWEST  SLP 29.46 ON  6

[REMARKS]
