000
CXUS53 KIND 210730
CF6BMG
PRELIMINARY LOCAL CLIMATOLOGICAL DATA (WS FORM: F-6)

                                          STATION:   BLOOMINGTON IN
                                          MONTH:     APRIL
                                          YEAR:      2019
                                          LATITUDE:   39  7 N
                                          LONGITUDE:  86 37 W

  TEMPERATURE IN F:       :PCPN:    SNOW:  WIND      :SUNSHINE: SKY     :PK WND
================================================================================
1   2   3   4   5  6A  6B    7    8   9   10  11  12  13   14  15   16   17  18
                                     12Z  AVG MX 2MIN
DY MAX MIN AVG DEP HDD CDD  WTR  SNW DPTH SPD SPD DIR MIN PSBL S-S WX    SPD DR
================================================================================

 1  48  22  35 -14  30   0 0.00    M    M  4.0 13 150   M    M   0        17 150
 2  58  28  43  -6  22   0 0.00    M    M  6.6 17 230   M    M   2        27 240
 3  63  32  48  -2  17   0 0.00    M    M  2.9  9 140   M    M   3        14 150
 4  71  49  60  10   5   0 0.09    M    M  8.0 20 140   M    M   4        27 140
 5  59  47  53   3  12   0 0.02    M    M  2.4 10 110   M    M  10 1      14 110
 6  69  45  57   6   8   0 0.00    M    M  3.2 14 120   M    M   7 12     18 120
 7  69  50  60   9   5   0 0.32    M    M 10.5 18 210   M    M   6 1      26 210
 8  75  54  65  14   0   0    T    M    M  3.4 15 220   M    M   2        21 220
 9  71  47  59   7   6   0 0.00    M    M  6.5 18 360   M    M   0 8      25 360
10  72  42  57   5   8   0    T    M    M  7.2 17 120   M    M   1 8      23 120
11  81  51  66  14   0   1 0.00    M    M 13.6 29 190   M    M   1        42 180
12  75  43  59   6   6   0 0.60    M    M 10.9 28 230   M    M   3 13     39 230
13  65  38  52  -1  13   0 0.10    M    M  5.1 16  30   M    M   2        22  20
14  62  35  49  -4  16   0 1.40    M    M 13.1 23 260   M    M   9 13     33 280
15  56  35  46  -8  19   0 0.00    M    M  6.2 16 290   M    M   4        27 280
16  76  43  60   6   5   0 0.00    M    M 11.5 23 240   M    M   0        39 210
17  79  53  66  12   0   1 0.00    M    M  9.9 21 200   M    M   2        33 200
18  70  49  60   6   5   0 0.88    M    M 11.4 21 190   M    M  10 1      33 230
19  49  42  46  -9  19   0 0.52    M    M 17.0 28  10   M    M  10 1      40  10
20  47  35  41 -14  24   0 0.39    M    M  8.5 23  10   M    M   9 1      32  10
================================================================================
SM 1315  840       220   2  4.32    M    161.9          M       85
================================================================================
AV 65.8 42.0                               8.1 FASTST   M    M   4    MAX(MPH)
                                 MISC ---->  # 29 190               # 42  180
================================================================================
NOTES:
# LAST OF SEVERAL OCCURRENCES

COLUMN 17 PEAK WIND IN M.P.H.

PRELIMINARY LOCAL CLIMATOLOGICAL DATA (WS FORM: F-6) , PAGE 2

                                          STATION:  BLOOMINGTON IN
                                          MONTH:    APRIL
                                          YEAR:     2019
                                          LATITUDE:   39  7 N
                                          LONGITUDE:  86 37 W

[TEMPERATURE DATA]      [PRECIPITATION DATA]       SYMBOLS USED IN COLUMN 16

AVERAGE MONTHLY: 53.9   TOTAL FOR MONTH:   4.32    1 = FOG OR MIST
DPTR FM NORMAL:   1.8   DPTR FM NORMAL:    1.29    2 = FOG REDUCING VISIBILITY
HIGHEST:    81 ON 11    GRTST 24HR  1.40 ON 14-14      TO 1/4 MILE OR LESS
LOWEST:     22 ON  1                               3 = THUNDER
                        SNOW, ICE PELLETS, HAIL    4 = ICE PELLETS
                        TOTAL MONTH:    M          5 = HAIL
                        GRTST 24HR    M  ON   M    6 = FREEZING RAIN OR DRIZZLE
                        GRTST DEPTH:  M  ON   M    7 = DUSTSTORM OR SANDSTORM:
                                                       VSBY 1/2 MILE OR LESS
                                                   8 = SMOKE OR HAZE
[NO. OF DAYS WITH]      [WEATHER - DAYS WITH]      9 = BLOWING SNOW
                                                   X = TORNADO
MAX 32 OR BELOW:   0    0.01 INCH OR MORE:   9
MAX 90 OR ABOVE:   0    0.10 INCH OR MORE:   7
MIN 32 OR BELOW:   3    0.50 INCH OR MORE:   4
MIN  0 OR BELOW:   0    1.00 INCH OR MORE:   1

[HDD (BASE 65) ]
TOTAL THIS MO.   220    CLEAR  (SCALE 0-3)  10
DPTR FM NORMAL   -48    PTCLDY (SCALE 4-7)   5
TOTAL FM JUL 1  4210    CLOUDY (SCALE 8-10)  5
DPTR FM NORMAL  -814

[CDD (BASE 65) ]
TOTAL THIS MO.     2
DPTR FM NORMAL   -10    [PRESSURE DATA]
TOTAL FM JAN 1     2    HIGHEST SLP M ON M
DPTR FM NORMAL   -13    LOWEST  SLP 29.37 ON 14

[REMARKS]
