000
CXUS53 KILX 172300
CF6BMI
PRELIMINARY LOCAL CLIMATOLOGICAL DATA (WS FORM: F-6)

                                          STATION:   BLOOMINGTON IL AIRPORT
                                          MONTH:     AUGUST
                                          YEAR:      2019
                                          LATITUDE:   40 28 N
                                          LONGITUDE:  88 56 W

  TEMPERATURE IN F:       :PCPN:    SNOW:  WIND      :SUNSHINE: SKY     :PK WND
================================================================================
1   2   3   4   5  6A  6B    7    8   9   10  11  12  13   14  15   16   17  18
                                     12Z  AVG MX 2MIN
DY MAX MIN AVG DEP HDD CDD  WTR  SNW DPTH SPD SPD DIR MIN PSBL S-S WX    SPD DR
================================================================================

 1  82  56  69   M   0   4 0.00    M    M  7.5 12  20   M    M   1        16  10
 2  84  58  71   M   0   6 0.00    M    M  7.8 12  50   M    M   1        16  70
 3  84  59  72   M   0   7 0.00    M    M  5.0  8  60   M    M   0         M  M
 4  88  65  77   M   0  12 0.00  0.0    0  3.7 10  10   M    M   0         M  M
 5  89  66  78   M   0  13 0.00    M    M  6.0 14 230   M    M   2         M  M
 6  84  66  75   M   0  10 0.27    M    M  7.2 12 360   M    M   2 13      M  M
 7  85  64  75   M   0  10 0.00    M    M  5.7 13 220   M    M   1        17 240
 8  88  67  78   M   0  13 0.28    M    M  9.1 16 300   M    M   2        18 270
 9  82  62  72   M   0   7 0.00    M    M  6.7 14  10   M    M   1        18  20
10  82  60  71   M   0   6 0.00    M    M  3.9  8 160   M    M   0         M  M
11  82  63  73   M   0   8    M    M    M  9.4 15 200   M    M   5 13      M  M
12  82  69  76   M   0  11    M    M    M  7.4 15 150   M    M   8 1       M  M
13  83  71  77   M   0  12    T    M    M  7.7 14 340   M    M   7 1      20 340
14  82  65  74   M   0   9 0.00    M    M  9.4 14 310   M    M   2        17 310
15  79  63  71   M   0   6 0.00  0.0    0  6.9 14 330   M    M   4         M  M
16  84  63  74   M   0   9 0.00  0.0    0 10.1 16 220   M    M   6         M  M
================================================================================
SM 1340 1017         0 143  0.55     0.0 113.5          M       42
================================================================================
AV 83.8 63.6                               7.1 FASTST   M    M   3    MAX(MPH)
                                 MISC ---->  # 16 300               # 20  340
================================================================================
NOTES:
# LAST OF SEVERAL OCCURRENCES

COLUMN 17 PEAK WIND IN M.P.H.

PRELIMINARY LOCAL CLIMATOLOGICAL DATA (WS FORM: F-6) , PAGE 2

                                          STATION:  BLOOMINGTON IL AIRPORT
                                          MONTH:    AUGUST
                                          YEAR:     2019
                                          LATITUDE:   40 28 N
                                          LONGITUDE:  88 56 W

[TEMPERATURE DATA]      [PRECIPITATION DATA]       SYMBOLS USED IN COLUMN 16

AVERAGE MONTHLY: 73.7   TOTAL FOR MONTH:   0.55    1 = FOG OR MIST
DPTR FM NORMAL:     M   DPTR FM NORMAL:       M    2 = FOG REDUCING VISIBILITY
HIGHEST:    89 ON  5    GRTST 24HR  0.28 ON  8- 8      TO 1/4 MILE OR LESS
LOWEST:     56 ON  1                               3 = THUNDER
                        SNOW, ICE PELLETS, HAIL    4 = ICE PELLETS
                        TOTAL MONTH:   0.0 INCH    5 = HAIL
                        GRTST 24HR     0.0         6 = FREEZING RAIN OR DRIZZLE
                        GRTST DEPTH:   0           7 = DUSTSTORM OR SANDSTORM:
                                                       VSBY 1/2 MILE OR LESS
                                                   8 = SMOKE OR HAZE
[NO. OF DAYS WITH]      [WEATHER - DAYS WITH]      9 = BLOWING SNOW
                                                   X = TORNADO
MAX 32 OR BELOW:   0    0.01 INCH OR MORE:   2
MAX 90 OR ABOVE:   0    0.10 INCH OR MORE:   2
MIN 32 OR BELOW:   0    0.50 INCH OR MORE:   0
MIN  0 OR BELOW:   0    1.00 INCH OR MORE:   0

[HDD (BASE 65) ]
TOTAL THIS MO.     0    CLEAR  (SCALE 0-3)  11
DPTR FM NORMAL     M    PTCLDY (SCALE 4-7)   5
TOTAL FM JUL 1     0    CLOUDY (SCALE 8-10)  0
DPTR FM NORMAL     M

[CDD (BASE 65) ]
TOTAL THIS MO.   143
DPTR FM NORMAL     M    [PRESSURE DATA]
TOTAL FM JAN 1   786    HIGHEST SLP M ON M
DPTR FM NORMAL     M    LOWEST  SLP M ON M

[REMARKS]
