000
CXUS54 KEWX 170910
CF6BMQ
PRELIMINARY LOCAL CLIMATOLOGICAL DATA (WS FORM: F-6)

                                          STATION:   BURNET
                                          MONTH:     AUGUST
                                          YEAR:      2019
                                          LATITUDE:   30 43 N
                                          LONGITUDE:  98 14 W

  TEMPERATURE IN F:       :PCPN:    SNOW:  WIND      :SUNSHINE: SKY     :PK WND
================================================================================
1   2   3   4   5  6A  6B    7    8   9   10  11  12  13   14  15   16   17  18
                                     12Z  AVG MX 2MIN
DY MAX MIN AVG DEP HDD CDD  WTR  SNW DPTH SPD SPD DIR MIN PSBL S-S WX    SPD DR
================================================================================

 1  98  76  87   3   0  22 0.00    M    M  4.8 13  90   M    M   1        16 120
 2  98  75  87   3   0  22 0.00    M    M  4.1 12 140   M    M   1        16 140
 3  96  78  87   3   0  22 0.01    M    M  5.9 14 150   M    M   1        20 140
 4  94  73  84   0   0  19 0.17    M    M  5.0 14  70   M    M   3 13     19  20
 5  98  76  87   3   0  22 0.00    M    M  4.3 12  80   M    M   1        17 130
 6  99  76  88   4   0  23 0.00    M    M  4.8 13 130   M    M   0        17 140
 7  99  78  89   5   0  24 0.00    M    M  6.9 16 120   M    M   0        23 150
 8 100  78  89   5   0  24 0.00    M    M  8.2 15 190   M    M   1        20 120
 9 101  77  89   5   0  24 0.00    M    M  9.5 18 190   M    M   1        26 180
10 101  77  89   5   0  24 0.00    M    M  8.2 16 190   M    M   1        24 180
11 101  76  89   5   0  24 0.00    M    M  7.7 16 190   M    M   0        21 190
12 102  77  90   6   0  25 0.00    M    M  7.3 16 190   M    M   0        21 200
13 103  78  91   7   0  26 0.00    M    M  6.7 14 170   M    M   0        21 180
14 101  79  90   6   0  25    T    M    M  4.7 14  30   M    M   2        19  20
15 102  78  90   6   0  25 0.00    M    M  4.1 12  70   M    M   1        16  40
16 102  79  91   7   0  26 0.00    M    M  6.2 13 140   M    M   1 8      20 160
================================================================================
SM 1595 1231         0 377  0.18    M     98.4          M       14
================================================================================
AV 99.7 76.9                               6.1 FASTST   M    M   1    MAX(MPH)
                                 MISC ---->  # 18 190               # 26  180
================================================================================
NOTES:
# LAST OF SEVERAL OCCURRENCES

COLUMN 17 PEAK WIND IN M.P.H.

PRELIMINARY LOCAL CLIMATOLOGICAL DATA (WS FORM: F-6) , PAGE 2

                                          STATION:  BURNET
                                          MONTH:    AUGUST
                                          YEAR:     2019
                                          LATITUDE:   30 43 N
                                          LONGITUDE:  98 14 W

[TEMPERATURE DATA]      [PRECIPITATION DATA]       SYMBOLS USED IN COLUMN 16

AVERAGE MONTHLY: 88.3   TOTAL FOR MONTH:   0.18    1 = FOG OR MIST
DPTR FM NORMAL:   4.3   DPTR FM NORMAL:   -0.44    2 = FOG REDUCING VISIBILITY
HIGHEST:   103 ON 13    GRTST 24HR  0.17 ON  4- 4      TO 1/4 MILE OR LESS
LOWEST:     73 ON  4                               3 = THUNDER
                        SNOW, ICE PELLETS, HAIL    4 = ICE PELLETS
                        TOTAL MONTH:    M          5 = HAIL
                        GRTST 24HR    M  ON   M    6 = FREEZING RAIN OR DRIZZLE
                        GRTST DEPTH:  M  ON   M    7 = DUSTSTORM OR SANDSTORM:
                                                       VSBY 1/2 MILE OR LESS
                                                   8 = SMOKE OR HAZE
[NO. OF DAYS WITH]      [WEATHER - DAYS WITH]      9 = BLOWING SNOW
                                                   X = TORNADO
MAX 32 OR BELOW:   0    0.01 INCH OR MORE:   2
MAX 90 OR ABOVE:  16    0.10 INCH OR MORE:   1
MIN 32 OR BELOW:   0    0.50 INCH OR MORE:   0
MIN  0 OR BELOW:   0    1.00 INCH OR MORE:   0

[HDD (BASE 65) ]
TOTAL THIS MO.     0    CLEAR  (SCALE 0-3)  15
DPTR FM NORMAL     0    PTCLDY (SCALE 4-7)   1
TOTAL FM JUL 1     0    CLOUDY (SCALE 8-10)  0
DPTR FM NORMAL     0

[CDD (BASE 65) ]
TOTAL THIS MO.   377
DPTR FM NORMAL    73    [PRESSURE DATA]
TOTAL FM JAN 1  1920    HIGHEST SLP M ON M
DPTR FM NORMAL   153    LOWEST  SLP 29.76 ON M

[REMARKS]
