000
CXUS54 KEWX 190910
CF6BMQ
PRELIMINARY LOCAL CLIMATOLOGICAL DATA (WS FORM: F-6)

                                          STATION:   BURNET
                                          MONTH:     FEBRUARY
                                          YEAR:      2019
                                          LATITUDE:   30 43 N
                                          LONGITUDE:  98 14 W

  TEMPERATURE IN F:       :PCPN:    SNOW:  WIND      :SUNSHINE: SKY     :PK WND
================================================================================
1   2   3   4   5  6A  6B    7    8   9   10  11  12  13   14  15   16   17  18
                                     12Z  AVG MX 2MIN
DY MAX MIN AVG DEP HDD CDD  WTR  SNW DPTH SPD SPD DIR MIN PSBL S-S WX    SPD DR
================================================================================

 1  66  55  61  11   4   0 0.00    M    M  5.4 10 140   M    M   9 1      16 180
 2  67  58  63  13   2   0    T    M    M  5.7 12 170   M    M  10 12     16 170
 3  75  60  68  18   0   3 0.00    M    M  9.2 18 190   M    M   6 1      24 180
 4  74  58  66  16   0   1 0.00    M    M  6.6 16 180   M    M   5 1      22 190
 5  74  60  67  17   0   2 0.00    M    M  7.7 18 170   M    M   6 1      27 190
 6  77  66  72  22   0   7 0.00    M    M  9.4 18 180   M    M   8 18     26 180
 7  70  34  52   2  13   0 0.01    M    M 12.2 31 330   M    M   3        45 330
 8  35  29  32 -18  33   0 0.33    M    M 10.9 20  40   M    M   7 136    26  20
 9  38  30  34 -17  31   0 0.01    M    M  7.2 13  40   M    M  10 16     19  30
10  49  36  43  -8  22   0 0.05    M    M  2.4  9 120   M    M  10 1      11 120
11  60  47  54   3  11   0 0.03    M    M  5.8 15 290   M    M   9 1      21 270
12  63  37  50  -1  15   0 0.00    M    M  8.4 20 320   M    M   0        29 320
13  63  32  48  -3  17   0 0.00    M    M  6.8 21 180   M    M   0        29 180
14  75  49  62  10   3   0 0.00    M    M  9.5 18 210   M    M   0        26 220
15  86  51  69  17   0   4 0.00    M    M  4.1 12 230   M    M   0        18 260
16  59  37  48  -4  17   0 0.00    M    M  5.8 15  30   M    M   7 18     23  30
17  61  45  53   1  12   0 0.00    M    M  9.8 17 360   M    M   2 1      23 360
18  53  38  46  -6  19   0 0.00    M    M 10.7 18  70   M    M   0        25  30
================================================================================
SM 1145  822       199  17  0.43    M    137.6          M       92
================================================================================
AV 63.6 45.7                               7.6 FASTST   M    M   5    MAX(MPH)
                                 MISC ---->  # 31 330               # 45  330
================================================================================
NOTES:
# LAST OF SEVERAL OCCURRENCES

COLUMN 17 PEAK WIND IN M.P.H.

PRELIMINARY LOCAL CLIMATOLOGICAL DATA (WS FORM: F-6) , PAGE 2

                                          STATION:  BURNET
                                          MONTH:    FEBRUARY
                                          YEAR:     2019
                                          LATITUDE:   30 43 N
                                          LONGITUDE:  98 14 W

[TEMPERATURE DATA]      [PRECIPITATION DATA]       SYMBOLS USED IN COLUMN 16

AVERAGE MONTHLY: 54.6   TOTAL FOR MONTH:   0.43    1 = FOG OR MIST
DPTR FM NORMAL:   3.8   DPTR FM NORMAL:   -0.76    2 = FOG REDUCING VISIBILITY
HIGHEST:    86 ON 15    GRTST 24HR  0.33 ON  8- 8      TO 1/4 MILE OR LESS
LOWEST:     29 ON  8                               3 = THUNDER
                        SNOW, ICE PELLETS, HAIL    4 = ICE PELLETS
                        TOTAL MONTH:    M          5 = HAIL
                        GRTST 24HR    M  ON   M    6 = FREEZING RAIN OR DRIZZLE
                        GRTST DEPTH:  M  ON   M    7 = DUSTSTORM OR SANDSTORM:
                                                       VSBY 1/2 MILE OR LESS
                                                   8 = SMOKE OR HAZE
[NO. OF DAYS WITH]      [WEATHER - DAYS WITH]      9 = BLOWING SNOW
                                                   X = TORNADO
MAX 32 OR BELOW:   0    0.01 INCH OR MORE:   5
MAX 90 OR ABOVE:   0    0.10 INCH OR MORE:   1
MIN 32 OR BELOW:   3    0.50 INCH OR MORE:   0
MIN  0 OR BELOW:   0    1.00 INCH OR MORE:   0

[HDD (BASE 65) ]
TOTAL THIS MO.   199    CLEAR  (SCALE 0-3)   7
DPTR FM NORMAL   -60    PTCLDY (SCALE 4-7)   6
TOTAL FM JUL 1  1504    CLOUDY (SCALE 8-10)  5
DPTR FM NORMAL  -102

[CDD (BASE 65) ]
TOTAL THIS MO.    17
DPTR FM NORMAL    17    [PRESSURE DATA]
TOTAL FM JAN 1    17    HIGHEST SLP M ON M
DPTR FM NORMAL    15    LOWEST  SLP 29.62 ON M

[REMARKS]
