000
CXUS54 KEWX 250910
CF6BMQ
PRELIMINARY LOCAL CLIMATOLOGICAL DATA (WS FORM: F-6)

                                          STATION:   BURNET
                                          MONTH:     APRIL
                                          YEAR:      2019
                                          LATITUDE:   30 43 N
                                          LONGITUDE:  98 14 W

  TEMPERATURE IN F:       :PCPN:    SNOW:  WIND      :SUNSHINE: SKY     :PK WND
================================================================================
1   2   3   4   5  6A  6B    7    8   9   10  11  12  13   14  15   16   17  18
                                     12Z  AVG MX 2MIN
DY MAX MIN AVG DEP HDD CDD  WTR  SNW DPTH SPD SPD DIR MIN PSBL S-S WX    SPD DR
================================================================================

 1  64  40  52 -11  13   0 0.00    M    M  3.6  9 280   M    M   5        13 290
 2  72  39  56  -7   9   0 0.00    M    M  6.5 16 130   M    M   0        21 130
 3  66  55  61  -2   4   0 0.04    M    M  8.9 16 150   M    M   9 18     24 140
 4  90  64  77  13   0  12 0.01    M    M  8.7 17 300   M    M   3 1      24 330
 5  82  62  72   8   0   7 0.00    M    M  6.3 15 110   M    M   5 18     19 120
 6  76  65  71   7   0   6 0.22    M    M  4.7 10 150   M    M   8 13     19 150
 7  69  59  64   0   1   0 0.39    M    M  9.0 29  30   M    M  10 13     39  30
 8  86  56  71   7   0   6 0.00    M    M  7.4 17 340   M    M   0 3      23 350
 9  89  54  72   7   0   7 0.00    M    M  5.6 13 170   M    M   0        19 170
10  94  67  81  16   0  16 0.00    M    M 12.6 26 190   M    M   0        36 180
11  79  57  68   3   0   3 0.00    M    M  7.9 21 310   M    M   1        36 290
12  76  51  64  -1   1   0 0.00    M    M 10.2 16  90   M    M   1        22  80
13  65  46  56 -10   9   0 0.29    M    M 15.4 33 300   M    M   9 13     44 310
14  72  43  58  -8   7   0 0.00    M    M  7.1 21 330   M    M   1        26 330
15  81  53  67   1   0   2 0.00    M    M  9.2 21 180   M    M   0        28 190
16  80  63  72   6   0   7 0.00    M    M 12.6 23 180   M    M   6        32 180
17   M   M   M   M   M   M 0.01    M    M 11.3 15 190   M    M  10        25 160
18  75  54  65  -2   0   0 0.25    M    M 12.7 30 330   M    M   3 1      40 330
19  75  53  64  -3   1   0 0.00    M    M 10.7 23 330   M    M   2        33 360
20  83  46  65  -2   0   0 0.00    M    M  5.8 16 190   M    M   0        22 130
21  83  59  71   3   0   6 0.00    M    M 11.3 23 190   M    M   1        34 180
22  80  65  73   5   0   8 0.00    M    M  9.3 17 130   M    M   5        25 130
23  77  65  71   3   0   6 0.06    M    M  7.5 14 140   M    M   9 18     21 130
24  69  56  63  -5   2   0 1.69    M    M  8.1 28 300   M    M   7 13     37 300
================================================================================
SM 1783 1272        47  86  2.96    M    212.4          M       95
================================================================================
AV 77.5 55.3                               8.9 FASTST   M    M   4    MAX(MPH)
                                 MISC ---->  # 33 300               # 44  310
================================================================================
NOTES:
# LAST OF SEVERAL OCCURRENCES

COLUMN 17 PEAK WIND IN M.P.H.

PRELIMINARY LOCAL CLIMATOLOGICAL DATA (WS FORM: F-6) , PAGE 2

                                          STATION:  BURNET
                                          MONTH:    APRIL
                                          YEAR:     2019
                                          LATITUDE:   30 43 N
                                          LONGITUDE:  98 14 W

[TEMPERATURE DATA]      [PRECIPITATION DATA]       SYMBOLS USED IN COLUMN 16

AVERAGE MONTHLY: 66.4   TOTAL FOR MONTH:   2.96    1 = FOG OR MIST
DPTR FM NORMAL:   0.9   DPTR FM NORMAL:    1.23    2 = FOG REDUCING VISIBILITY
HIGHEST:    94 ON 10    GRTST 24HR  1.69 ON 24-24      TO 1/4 MILE OR LESS
LOWEST:     39 ON  2                               3 = THUNDER
                        SNOW, ICE PELLETS, HAIL    4 = ICE PELLETS
                        TOTAL MONTH:    M          5 = HAIL
                        GRTST 24HR    M  ON   M    6 = FREEZING RAIN OR DRIZZLE
                        GRTST DEPTH:  M  ON   M    7 = DUSTSTORM OR SANDSTORM:
                                                       VSBY 1/2 MILE OR LESS
                                                   8 = SMOKE OR HAZE
[NO. OF DAYS WITH]      [WEATHER - DAYS WITH]      9 = BLOWING SNOW
                                                   X = TORNADO
MAX 32 OR BELOW:   0    0.01 INCH OR MORE:   9
MAX 90 OR ABOVE:   2    0.10 INCH OR MORE:   5
MIN 32 OR BELOW:   0    0.50 INCH OR MORE:   1
MIN  0 OR BELOW:   0    1.00 INCH OR MORE:   1

[HDD (BASE 65) ]
TOTAL THIS MO.    47    CLEAR  (SCALE 0-3)  12
DPTR FM NORMAL   -17    PTCLDY (SCALE 4-7)   7
TOTAL FM JUL 1  1931    CLOUDY (SCALE 8-10)  5
DPTR FM NORMAL   -79

[CDD (BASE 65) ]
TOTAL THIS MO.    86
DPTR FM NORMAL    10    [PRESSURE DATA]
TOTAL FM JAN 1   137    HIGHEST SLP M ON M
DPTR FM NORMAL    21    LOWEST  SLP 29.45 ON 10

[REMARKS]
