000
CXUS54 KOHX 211010
CF6BNA
PRELIMINARY LOCAL CLIMATOLOGICAL DATA (WS FORM: F-6)

                                          STATION:   NASHVILLE
                                          MONTH:     APRIL
                                          YEAR:      2019
                                          LATITUDE:   36  7 N
                                          LONGITUDE:  86 41 W

  TEMPERATURE IN F:       :PCPN:    SNOW:  WIND      :SUNSHINE: SKY     :PK WND
================================================================================
1   2   3   4   5  6A  6B    7    8   9   10  11  12  13   14  15   16   17  18
                                     12Z  AVG MX 2MIN
DY MAX MIN AVG DEP HDD CDD  WTR  SNW DPTH SPD SPD DIR MIN PSBL S-S WX    SPD DR
================================================================================

 1  55  30  43 -12  22   0 0.00  0.0    0  7.8 16  60   M    M   5        21  40
 2  64  41  53  -2  12   0 0.00  0.0    0  5.8 17 280   M    M   3        24 280
 3  73  37  55   0  10   0 0.00  0.0    0  4.5 13 190   M    M   6        16 190
 4  70  48  59   3   6   0 0.03  0.0    0  8.7 23 160   M    M   9 1      30 150
 5  64  56  60   4   5   0 0.37  0.0    0  4.1 10 320   M    M   M        17 190
 6  79  51  65   9   0   0 0.00  0.0    0  3.3 12 160   M    M   7 18     15 110
 7  75  62  69  13   0   4 0.92  0.0    0  7.3 22 190   M    M   8 13     26 190
 8  67  62  65   8   0   0 1.43  0.0    0  6.3 15  40   M    M   9 13     19 220
 9  81  58  70  13   0   5 0.00  0.0    0  7.8 17 360   M    M   5 18     22 350
10  84  49  67  10   0   2 0.00  0.0    0  5.0 14 170   M    M   2        19 200
11  85  65  75  17   0  10 0.00  0.0    0 16.1 29 190   M    M   8        39 180
12  75  57  66   8   0   1 0.08  0.0    0  6.7 28 200   M    M   9 1      35 200
13  64  56  60   2   5   0 0.86  0.0    0  5.2 13  60   M    M  10 13     16  60
14  76  43  60   1   5   0 0.72  0.0    0 15.0 30 180   M    M   8 138    40 220
15  67  38  53  -6  12   0 0.00  0.0    0  5.3 12 360   M    M   2        17 310
16  79  45  62   3   3   0 0.00  0.0    0  8.9 21 200   M    M   4        27 200
17  81  57  69   9   0   4 0.00  0.0    0 10.8 21 190   M    M   8        27 190
18  78  59  69   9   0   4 0.69  0.0    0 11.9 24 170   M    M   9 13     35 180
19  60  41  51  -9  14   0 0.74  0.0    0 10.7 20 340   M    M  10 18     28 320
20  50  39  45 -15  20   0 0.23  0.0    0  6.0 16 310   M    M   8 18     23 310
================================================================================
SM 1427  994       114  30  6.07     0.0 157.2          M      130
================================================================================
AV 71.4 49.7                               7.9 FASTST   M    M   7    MAX(MPH)
                                 MISC ---->  # 30 180               # 40  220
================================================================================
NOTES:
# LAST OF SEVERAL OCCURRENCES

COLUMN 17 PEAK WIND IN M.P.H.

PRELIMINARY LOCAL CLIMATOLOGICAL DATA (WS FORM: F-6) , PAGE 2

                                          STATION:  NASHVILLE
                                          MONTH:    APRIL
                                          YEAR:     2019
                                          LATITUDE:   36  7 N
                                          LONGITUDE:  86 41 W

[TEMPERATURE DATA]      [PRECIPITATION DATA]       SYMBOLS USED IN COLUMN 16

AVERAGE MONTHLY: 60.5   TOTAL FOR MONTH:   6.07    1 = FOG OR MIST
DPTR FM NORMAL:   3.0   DPTR FM NORMAL:    3.60    2 = FOG REDUCING VISIBILITY
HIGHEST:    85 ON 11    GRTST 24HR  1.43 ON  8- 8      TO 1/4 MILE OR LESS
LOWEST:     30 ON  1                               3 = THUNDER
                        SNOW, ICE PELLETS, HAIL    4 = ICE PELLETS
                        TOTAL MONTH:   0.0 INCH    5 = HAIL
                        GRTST 24HR     0.0         6 = FREEZING RAIN OR DRIZZLE
                        GRTST DEPTH:   0           7 = DUSTSTORM OR SANDSTORM:
                                                       VSBY 1/2 MILE OR LESS
                                                   8 = SMOKE OR HAZE
[NO. OF DAYS WITH]      [WEATHER - DAYS WITH]      9 = BLOWING SNOW
                                                   X = TORNADO
MAX 32 OR BELOW:   0    0.01 INCH OR MORE:  10
MAX 90 OR ABOVE:   0    0.10 INCH OR MORE:   8
MIN 32 OR BELOW:   1    0.50 INCH OR MORE:   6
MIN  0 OR BELOW:   0    1.00 INCH OR MORE:   1

[HDD (BASE 65) ]
TOTAL THIS MO.   114    CLEAR  (SCALE 0-3)   3
DPTR FM NORMAL   -56    PTCLDY (SCALE 4-7)   6
TOTAL FM JUL 1  3170    CLOUDY (SCALE 8-10) 10
DPTR FM NORMAL  -411

[CDD (BASE 65) ]
TOTAL THIS MO.    30
DPTR FM NORMAL    10    [PRESSURE DATA]
TOTAL FM JAN 1    33    HIGHEST SLP  0.00 ON M
DPTR FM NORMAL     5    LOWEST  SLP 29.39 ON 19

[REMARKS]
