000
CXUS56 KBOI 211002
CF6BNO
PRELIMINARY LOCAL CLIMATOLOGICAL DATA (WS FORM: F-6)

                                          STATION:   BURNS OR
                                          MONTH:     JULY
                                          YEAR:      2019
                                          LATITUDE:   43 34 N
                                          LONGITUDE: 118 57 W

  TEMPERATURE IN F:       :PCPN:    SNOW:  WIND      :SUNSHINE: SKY     :PK WND
================================================================================
1   2   3   4   5  6A  6B    7    8   9   10  11  12  13   14  15   16   17  18
                                     12Z  AVG MX 2MIN
DY MAX MIN AVG DEP HDD CDD  WTR  SNW DPTH SPD SPD DIR MIN PSBL S-S WX    SPD DR
================================================================================

 1  83  45  64   1   1   0 0.00    M    M  7.2 26 340   M    M   1        35 340
 2  76  49  63  -1   2   0 0.00    M    M 11.8 21 330   M    M   3        27 260
 3  72  40  56  -8   9   0 0.00    M    M  9.2 17 300   M    M   1        26 290
 4  79  44  62  -2   3   0 0.00    M    M  7.0 15 190   M    M   0        19 240
 5  87  42  65   1   0   0 0.00    M    M  4.7 13 200   M    M   0        20 200
 6  86  49  68   3   0   3 0.00    M    M  9.1 18 280   M    M   0        25 310
 7  80  47  64  -1   1   0 0.00    M    M  9.1 17 340   M    M   0        24 260
 8  81  48  65   0   0   0 0.00    M    M  9.3 21 280   M    M   0        27 270
 9  83  42  63  -3   2   0    T    M    M  5.2 16 200   M    M   2        24 210
10  90  55  73   7   0   8 0.00    M    M  6.4 17 230   M    M   1        23 230
11  91  47  69   3   0   4 0.00    M    M  6.3 16 270   M    M   0        23 230
12  93  54  74   8   0   9 0.00    M    M  6.1 18 340   M    M   0        23 350
13  91  54  73   6   0   8 0.22    M    M  6.9 31 200   M    M   2 3      41 200
14  86  54  70   3   0   5 0.38    M    M  8.1 29 270   M    M   1 3      41 270
15  81  49  65  -2   0   0 0.00    M    M  6.0 21 290   M    M   2 3      27 300
16  82  53  68   1   0   3 0.00    M    M  7.6 16 280   M    M   2        21 300
17  84  48  66  -2   0   1 0.00    M    M  8.1 18 240   M    M   0        24 260
18  85  50  68   0   0   3 0.00    M    M  8.8 18 330   M    M   1        26 310
19  80  41  61  -7   4   0 0.00    M    M  8.0 14 330   M    M   0        17 330
20  85  41  63  -5   2   0 0.00    M    M  6.2 15 220   M    M   0        18 230
================================================================================
SM 1675  952        24  44  0.60    M    151.1          M       16
================================================================================
AV 83.8 47.6                               7.6 FASTST   M    M   1    MAX(MPH)
                                 MISC ---->  # 31 200               # 41  200
================================================================================
NOTES:
# LAST OF SEVERAL OCCURRENCES

COLUMN 17 PEAK WIND IN M.P.H.

PRELIMINARY LOCAL CLIMATOLOGICAL DATA (WS FORM: F-6) , PAGE 2

                                          STATION:  BURNS OR
                                          MONTH:    JULY
                                          YEAR:     2019
                                          LATITUDE:   43 34 N
                                          LONGITUDE: 118 57 W

[TEMPERATURE DATA]      [PRECIPITATION DATA]       SYMBOLS USED IN COLUMN 16

AVERAGE MONTHLY: 65.7   TOTAL FOR MONTH:   0.60    1 = FOG OR MIST
DPTR FM NORMAL:  -0.2   DPTR FM NORMAL:    0.34    2 = FOG REDUCING VISIBILITY
HIGHEST:    93 ON 12    GRTST 24HR  0.38 ON 14-14      TO 1/4 MILE OR LESS
LOWEST:     40 ON  3                               3 = THUNDER
                        SNOW, ICE PELLETS, HAIL    4 = ICE PELLETS
                        TOTAL MONTH:    M          5 = HAIL
                        GRTST 24HR    M  ON   M    6 = FREEZING RAIN OR DRIZZLE
                        GRTST DEPTH:  M  ON   M    7 = DUSTSTORM OR SANDSTORM:
                                                       VSBY 1/2 MILE OR LESS
                                                   8 = SMOKE OR HAZE
[NO. OF DAYS WITH]      [WEATHER - DAYS WITH]      9 = BLOWING SNOW
                                                   X = TORNADO
MAX 32 OR BELOW:   0    0.01 INCH OR MORE:   2
MAX 90 OR ABOVE:   4    0.10 INCH OR MORE:   2
MIN 32 OR BELOW:   0    0.50 INCH OR MORE:   0
MIN  0 OR BELOW:   0    1.00 INCH OR MORE:   0

[HDD (BASE 65) ]
TOTAL THIS MO.    24    CLEAR  (SCALE 0-3)  20
DPTR FM NORMAL   -22    PTCLDY (SCALE 4-7)   0
TOTAL FM JUL 1    24    CLOUDY (SCALE 8-10)  0
DPTR FM NORMAL   -22

[CDD (BASE 65) ]
TOTAL THIS MO.    44
DPTR FM NORMAL   -18    [PRESSURE DATA]
TOTAL FM JAN 1    59    HIGHEST SLP M ON M
DPTR FM NORMAL   -26    LOWEST  SLP 29.69 ON 13

[REMARKS]
