000
CXUS56 KBOI 211002
CF6BNO
PRELIMINARY LOCAL CLIMATOLOGICAL DATA (WS FORM: F-6)

                                          STATION:   BURNS OR
                                          MONTH:     SEPTEMBER
                                          YEAR:      2019
                                          LATITUDE:   43 34 N
                                          LONGITUDE: 118 57 W

  TEMPERATURE IN F:       :PCPN:    SNOW:  WIND      :SUNSHINE: SKY     :PK WND
================================================================================
1   2   3   4   5  6A  6B    7    8   9   10  11  12  13   14  15   16   17  18
                                     12Z  AVG MX 2MIN
DY MAX MIN AVG DEP HDD CDD  WTR  SNW DPTH SPD SPD DIR MIN PSBL S-S WX    SPD DR
================================================================================

 1  90  46  68   7   0   3 0.00    M    M  5.9 16 220   M    M   0        20 210
 2  89  41  65   5   0   0 0.00    M    M  4.2 12 210   M    M   0 8      16 220
 3  92  45  69   9   0   4 0.00    M    M  5.9 13 300   M    M   0        18 210
 4  92  43  68   8   0   3 0.00    M    M  4.5 13 290   M    M   0 8      14 290
 5  90  53  72  12   0   7 0.07    M    M  6.3 32 210   M    M   1 38     41 190
 6  86  52  69  10   0   4    T    M    M  5.9 16 220   M    M   2 3      21 240
 7  85  47  66   7   0   1 0.00    M    M  6.1 14  70   M    M   0        18  90
 8  73  42  58  -1   7   0    T    M    M 10.1 23 300   M    M   4        29 310
 9  71  41  56  -2   9   0    T    M    M  6.6 15 220   M    M   4        23 250
10  68  43  56  -2   9   0 0.09    M    M  6.7 17 220   M    M   7 3      21 210
11  70  39  55  -3  10   0 0.00    M    M  5.9 15 230   M    M   3        20 280
12  78  34  56  -1   9   0 0.00    M    M  4.4 10 160   M    M   0 8      14 220
13  84  38  61   4   4   0 0.00    M    M  7.1 24 270   M    M   0        29 260
14  87  37  62   5   3   0 0.00    M    M  4.1 15 230   M    M   0        20 240
15  86  37  62   6   3   0 0.00    M    M 10.3 26 200   M    M   1        32 200
16  59  38  49  -7  16   0 0.02    M    M  7.1 22 290   M    M   5        26 320
17  58  28  43 -13  22   0 0.51    M    M  5.3 12 250   M    M   7        17 250
18  58  38  48  -7  17   0 0.31    M    M  5.3 16 210   M    M   7 1      20 210
19  64  38  51  -4  14   0 0.01    M    M  8.9 21 330   M    M   4        27 350
20  59  33  46  -8  19   0 0.00    M    M  7.1 17 320   M    M   6        22 320
================================================================================
SM 1539  813       142  22  1.01    M    127.7          M       51
================================================================================
AV 77.0 40.7                               6.4 FASTST   M    M   3    MAX(MPH)
                                 MISC ---->  # 32 210               # 41  190
================================================================================
NOTES:
# LAST OF SEVERAL OCCURRENCES

COLUMN 17 PEAK WIND IN M.P.H.

PRELIMINARY LOCAL CLIMATOLOGICAL DATA (WS FORM: F-6) , PAGE 2

                                          STATION:  BURNS OR
                                          MONTH:    SEPTEMBER
                                          YEAR:     2019
                                          LATITUDE:   43 34 N
                                          LONGITUDE: 118 57 W

[TEMPERATURE DATA]      [PRECIPITATION DATA]       SYMBOLS USED IN COLUMN 16

AVERAGE MONTHLY: 58.8   TOTAL FOR MONTH:   1.01    1 = FOG OR MIST
DPTR FM NORMAL:   1.0   DPTR FM NORMAL:    0.73    2 = FOG REDUCING VISIBILITY
HIGHEST:    92 ON  4, 3 GRTST 24HR  0.51 ON 17-17      TO 1/4 MILE OR LESS
LOWEST:     28 ON 17                               3 = THUNDER
                        SNOW, ICE PELLETS, HAIL    4 = ICE PELLETS
                        TOTAL MONTH:    M          5 = HAIL
                        GRTST 24HR    M  ON   M    6 = FREEZING RAIN OR DRIZZLE
                        GRTST DEPTH:  M  ON   M    7 = DUSTSTORM OR SANDSTORM:
                                                       VSBY 1/2 MILE OR LESS
                                                   8 = SMOKE OR HAZE
[NO. OF DAYS WITH]      [WEATHER - DAYS WITH]      9 = BLOWING SNOW
                                                   X = TORNADO
MAX 32 OR BELOW:   0    0.01 INCH OR MORE:   6
MAX 90 OR ABOVE:   4    0.10 INCH OR MORE:   2
MIN 32 OR BELOW:   1    0.50 INCH OR MORE:   1
MIN  0 OR BELOW:   0    1.00 INCH OR MORE:   0

[HDD (BASE 65) ]
TOTAL THIS MO.   142    CLEAR  (SCALE 0-3)  12
DPTR FM NORMAL   -12    PTCLDY (SCALE 4-7)   8
TOTAL FM JUL 1   191    CLOUDY (SCALE 8-10)  0
DPTR FM NORMAL  -100

[CDD (BASE 65) ]
TOTAL THIS MO.    22
DPTR FM NORMAL    15    [PRESSURE DATA]
TOTAL FM JAN 1   269    HIGHEST SLP M ON M
DPTR FM NORMAL    56    LOWEST  SLP 29.56 ON 15

[REMARKS]
