000
CXUS55 KBOI 221002
CF6BOI
PRELIMINARY LOCAL CLIMATOLOGICAL DATA (WS FORM: F-6)

                                          STATION:   BOISE ID
                                          MONTH:     AUGUST
                                          YEAR:      2019
                                          LATITUDE:   43 34 N
                                          LONGITUDE: 116 13 W

  TEMPERATURE IN F:       :PCPN:    SNOW:  WIND      :SUNSHINE: SKY     :PK WND
================================================================================
1   2   3   4   5  6A  6B    7    8   9   10  11  12  13   14  15   16   17  18
                                     12Z  AVG MX 2MIN
DY MAX MIN AVG DEP HDD CDD  WTR  SNW DPTH SPD SPD DIR MIN PSBL S-S WX    SPD DR
================================================================================

 1  98  63  81   4   0  16 0.00  0.0    0  4.9 15 140   M    M   0        22 130
 2  95  69  82   5   0  17 0.02  0.0    0  7.5 18  90   M    M   0 8      25 130
 3  97  63  80   3   0  15 0.00  0.0    0  3.9 15 330   M    M   0        19 320
 4  99  63  81   4   0  16 0.00  0.0    0  4.7  9 290   M    M   0        14 290
 5 100  65  83   6   0  18 0.00  0.0    0  4.6 13 310   M    M   0        16 310
 6 101  73  87  10   0  22 0.00  0.0    0  7.5 23 320   M    M   0        32 350
 7  99  74  87  10   0  22 0.00  0.0    0  7.0 20 300   M    M   0        29 320
 8  87  72  80   3   0  15    T  0.0    0  8.1 22 150   M    M   5        32 140
 9  93  64  79   3   0  14 0.06  0.0    0  8.9 26 190   M    M   1 3      40 190
10  83  61  72  -4   0   7 0.01  0.0    0 10.1 26 290   M    M   1 3      35 300
11  78  58  68  -8   0   3 0.00  0.0    0  7.3 18 350   M    M   2        26 340
12  84  55  70  -6   0   5 0.00  0.0    0  5.5 14 340   M    M   0        20 280
13  91  59  75  -1   0  10 0.00  0.0    0  5.9 13 290   M    M   0        17 300
14  95  62  79   3   0  14 0.00  0.0    0  7.0 15 330   M    M   0        20 340
15  90  60  75   0   0  10 0.00  0.0    0  7.1 20 350   M    M   0        26 340
16  87  57  72  -3   0   7 0.00  0.0    0  6.2 17 340   M    M   0        25 320
17  86  54  70  -5   0   5 0.00  0.0    0  5.7 15 340   M    M   0        22 350
18  94  59  77   3   0  12 0.00  0.0    0  5.9 14 290   M    M   0        17 350
19  95  63  79   5   0  14 0.00  0.0    0  6.7 15 310   M    M   0        20 300
20  98  64  81   7   0  16 0.00  0.0    0  5.6 13 310   M    M   0        17 290
21  97  66  82   8   0  17 0.00  0.0    0  7.6 24 300   M    M   0        32 300
================================================================================
SM 1947 1324         0 275  0.09     0.0 137.7          M        9
================================================================================
AV 92.7 63.1                               6.6 FASTST   M    M   0    MAX(MPH)
                                 MISC ---->  # 26 190               # 40  190
================================================================================
NOTES:
# LAST OF SEVERAL OCCURRENCES

COLUMN 17 PEAK WIND IN M.P.H.

PRELIMINARY LOCAL CLIMATOLOGICAL DATA (WS FORM: F-6) , PAGE 2

                                          STATION:  BOISE ID
                                          MONTH:    AUGUST
                                          YEAR:     2019
                                          LATITUDE:   43 34 N
                                          LONGITUDE: 116 13 W

[TEMPERATURE DATA]      [PRECIPITATION DATA]       SYMBOLS USED IN COLUMN 16

AVERAGE MONTHLY: 77.9   TOTAL FOR MONTH:   0.09    1 = FOG OR MIST
DPTR FM NORMAL:   2.0   DPTR FM NORMAL:   -0.06    2 = FOG REDUCING VISIBILITY
HIGHEST:   101 ON  6    GRTST 24HR  0.06 ON  9- 9      TO 1/4 MILE OR LESS
LOWEST:     54 ON 17                               3 = THUNDER
                        SNOW, ICE PELLETS, HAIL    4 = ICE PELLETS
                        TOTAL MONTH:   0.0 INCH    5 = HAIL
                        GRTST 24HR     0.0         6 = FREEZING RAIN OR DRIZZLE
                        GRTST DEPTH:   0           7 = DUSTSTORM OR SANDSTORM:
                                                       VSBY 1/2 MILE OR LESS
                                                   8 = SMOKE OR HAZE
[NO. OF DAYS WITH]      [WEATHER - DAYS WITH]      9 = BLOWING SNOW
                                                   X = TORNADO
MAX 32 OR BELOW:   0    0.01 INCH OR MORE:   3
MAX 90 OR ABOVE:  15    0.10 INCH OR MORE:   0
MIN 32 OR BELOW:   0    0.50 INCH OR MORE:   0
MIN  0 OR BELOW:   0    1.00 INCH OR MORE:   0

[HDD (BASE 65) ]
TOTAL THIS MO.     0    CLEAR  (SCALE 0-3)  20
DPTR FM NORMAL     0    PTCLDY (SCALE 4-7)   1
TOTAL FM JUL 1     0    CLOUDY (SCALE 8-10)  0
DPTR FM NORMAL    -8

[CDD (BASE 65) ]
TOTAL THIS MO.   275
DPTR FM NORMAL    44    [PRESSURE DATA]
TOTAL FM JAN 1   799    HIGHEST SLP M ON M
DPTR FM NORMAL    43    LOWEST  SLP 29.64 ON 21

[REMARKS]
