000
CXUS55 KRIW 180902
CF6BPI
PRELIMINARY LOCAL CLIMATOLOGICAL DATA (WS FORM: F-6)

                                          STATION:   BIG PINEY  WY
                                          MONTH:     AUGUST
                                          YEAR:      2019
                                          LATITUDE:   42 34 N
                                          LONGITUDE: 110  6 W

  TEMPERATURE IN F:       :PCPN:    SNOW:  WIND      :SUNSHINE: SKY     :PK WND
================================================================================
1   2   3   4   5  6A  6B    7    8   9   10  11  12  13   14  15   16   17  18
                                     12Z  AVG MX 2MIN
DY MAX MIN AVG DEP HDD CDD  WTR  SNW DPTH SPD SPD DIR MIN PSBL S-S WX    SPD DR
================================================================================

 1  80  48  64   1   1   0 0.00    M    M  9.3 31 360   M    M   3        40 350
 2  86  43  65   3   0   0 0.00    M    M  4.7 20 340   M    M   1        26 350
 3  88  44  66   4   0   1 0.00    M    M  6.5 23 220   M    M   1        30 220
 4  85  45  65   3   0   0    T    M    M  6.8 31  20   M    M   1 3      40  20
 5  87  47  67   5   0   2    T    M    M  7.3 22 320   M    M   0 3      31 290
 6  89  40  65   3   0   0    T    M    M  6.3 25 330   M    M   1 3      36 330
 7  79  45  62   0   3   0    T    M    M  8.3 28 340   M    M   3 3      37 340
 8  79  43  61  -1   4   0    T    M    M  6.0 23 290   M    M   3 3      30 290
 9  80  41  61  -1   4   0 0.00  0.0    M  8.4 23 260   M    M   0        30 290
10  78  40  59  -2   6   0    T    M    M  6.3 24 210   M    M   3        32 210
11  80  43  62   1   3   0    T    M    M  9.8 24 280   M    M   1        38 260
12  77  36  57  -4   8   0 0.00    M    M  9.1 25 260   M    M   0        34 290
13  80  32  56  -5   9   0 0.00    M    M  5.7 21 270   M    M   0        32 260
14  84  40  62   2   3   0 0.00    M    M  7.1 22 320   M    M   1        32 290
15  83  38  61   1   4   0 0.00    M    M  8.1 23 290   M    M   1        33 300
16  79  42  61   1   4   0 0.00    M    M  8.1 24 290   M    M   1        36 300
17  78  31  55  -5  10   0 0.00    M    0  8.9 25 290   M    M   0        36 290
================================================================================
SM 1392  698        59   3    T      0.0 126.7          M       20
================================================================================
AV 81.9 41.1                               7.5 FASTST   M    M   1    MAX(MPH)
                                 MISC ---->  # 31 360               # 40  350
================================================================================
NOTES:
# LAST OF SEVERAL OCCURRENCES

COLUMN 17 PEAK WIND IN M.P.H.

PRELIMINARY LOCAL CLIMATOLOGICAL DATA (WS FORM: F-6) , PAGE 2

                                          STATION:  BIG PINEY  WY
                                          MONTH:    AUGUST
                                          YEAR:     2019
                                          LATITUDE:   42 34 N
                                          LONGITUDE: 110  6 W

[TEMPERATURE DATA]      [PRECIPITATION DATA]       SYMBOLS USED IN COLUMN 16

AVERAGE MONTHLY: 61.5   TOTAL FOR MONTH:      T    1 = FOG OR MIST
DPTR FM NORMAL:   0.1   DPTR FM NORMAL:   -0.39    2 = FOG REDUCING VISIBILITY
HIGHEST:    89 ON  6    GRTST 24HR    T  ON 11-11      TO 1/4 MILE OR LESS
LOWEST:     31 ON 17                               3 = THUNDER
                        SNOW, ICE PELLETS, HAIL    4 = ICE PELLETS
                        TOTAL MONTH:   0.0 INCH    5 = HAIL
                        GRTST 24HR     0.0         6 = FREEZING RAIN OR DRIZZLE
                        GRTST DEPTH:   0           7 = DUSTSTORM OR SANDSTORM:
                                                       VSBY 1/2 MILE OR LESS
                                                   8 = SMOKE OR HAZE
[NO. OF DAYS WITH]      [WEATHER - DAYS WITH]      9 = BLOWING SNOW
                                                   X = TORNADO
MAX 32 OR BELOW:   0    0.01 INCH OR MORE:   0
MAX 90 OR ABOVE:   0    0.10 INCH OR MORE:   0
MIN 32 OR BELOW:   2    0.50 INCH OR MORE:   0
MIN  0 OR BELOW:   0    1.00 INCH OR MORE:   0

[HDD (BASE 65) ]
TOTAL THIS MO.    59    CLEAR  (SCALE 0-3)  16
DPTR FM NORMAL   -12    PTCLDY (SCALE 4-7)   1
TOTAL FM JUL 1   157    CLOUDY (SCALE 8-10)  0
DPTR FM NORMAL   -31

[CDD (BASE 65) ]
TOTAL THIS MO.     3
DPTR FM NORMAL    -9    [PRESSURE DATA]
TOTAL FM JAN 1    12    HIGHEST SLP M ON M
DPTR FM NORMAL   -24    LOWEST  SLP 29.76 ON 17

[REMARKS]
