000
CXUS54 KLZK 221130
CF6BPK
PRELIMINARY LOCAL CLIMATOLOGICAL DATA (WS FORM: F-6)

                                          STATION:   Mountain Home Airport
                                          MONTH:     JULY
                                          YEAR:      2019
                                          LATITUDE:   36 22 N
                                          LONGITUDE:  92 28 W

  TEMPERATURE IN F:       :PCPN:    SNOW:  WIND      :SUNSHINE: SKY     :PK WND
================================================================================
1   2   3   4   5  6A  6B    7    8   9   10  11  12  13   14  15   16   17  18
                                     12Z  AVG MX 2MIN
DY MAX MIN AVG DEP HDD CDD  WTR  SNW DPTH SPD SPD DIR MIN PSBL S-S WX    SPD DR
================================================================================

 1  88  69  79   1   0  14    T    M    M  3.0 10 150   M    M   2 13     12 140
 2  85  68  77  -1   0  12 0.21    M    M  1.8  7 230   M    M   2 13      M  M
 3  89  70  80   2   0  15 0.00    M    M  2.9 12 200   M    M   2 3      15 200
 4  88  70  79   1   0  14 0.52    M    M  3.6 22 230   M    M   1 138    30 230
 5  90  70  80   2   0  15 0.12    M    M  3.9 13 220   M    M   2 13     19 340
 6  89  69  79   0   0  14 0.00    M    M  2.5  8 250   M    M   3        11 270
 7  91  70  81   2   0  16 0.00    M    M  1.6 10  90   M    M   1        15  10
 8  89  70  80   1   0  15    T    M    M  2.7  9 220   M    M   2        14 220
 9  91  71  81   2   0  16    T    M    M  2.0  9 200   M    M   1         M  M
10  92  70  81   2   0  16 1.13    M    M  1.6 14  20   M    M   3 138    26 350
11  86  70  78  -1   0  13 0.00    M    M  1.6  7 340   M    M   3 1      12 360
12  87  65  76  -3   0  11 0.00    M    M  2.2 10 120   M    M   1        15 140
13  87  70  79   0   0  14 0.02    M    M  5.9 14 140   M    M   4 3      19 110
14  79  68  74  -5   0   9 0.01    M    M  8.5 16 150   M    M   6 1      26 180
15  78  68  73  -6   0   8 0.83    M    M  4.9 15 100   M    M   9 13     24  90
16  84  71  78  -1   0  13    T    M    M  2.6  9 260   M    M   7 1      15 250
17  93  73  83   4   0  18 0.00    M    M  4.2 10 230   M    M   1 1      16 240
18  92  74  83   4   0  18 0.00    M    M  6.0 12 230   M    M   1        16 220
19  92  72  82   3   0  17 0.00    M    M  5.2 12 210   M    M   1        16 220
20  91  72  82   3   0  17 0.00    M    M  4.0 13 220   M    M   1        16 220
21  92  72  82   3   0  17 0.00    M    M  2.4  7 220   M    M   0        10 230
================================================================================
SM 1853 1472         0 302  2.84    M     73.1          M       53
================================================================================
AV 88.2 70.1                               3.5 FASTST   M    M   3    MAX(MPH)
                                 MISC ---->  # 22 230               # 30  230
================================================================================
NOTES:
# LAST OF SEVERAL OCCURRENCES

COLUMN 17 PEAK WIND IN M.P.H.

PRELIMINARY LOCAL CLIMATOLOGICAL DATA (WS FORM: F-6) , PAGE 2

                                          STATION:  Mountain Home Airport
                                          MONTH:    JULY
                                          YEAR:     2019
                                          LATITUDE:   36 22 N
                                          LONGITUDE:  92 28 W

[TEMPERATURE DATA]      [PRECIPITATION DATA]       SYMBOLS USED IN COLUMN 16

AVERAGE MONTHLY: 79.2   TOTAL FOR MONTH:   2.84    1 = FOG OR MIST
DPTR FM NORMAL:   0.4   DPTR FM NORMAL:    0.51    2 = FOG REDUCING VISIBILITY
HIGHEST:    93 ON 17    GRTST 24HR  1.13 ON 10-10      TO 1/4 MILE OR LESS
LOWEST:     65 ON 12                               3 = THUNDER
                        SNOW, ICE PELLETS, HAIL    4 = ICE PELLETS
                        TOTAL MONTH:    M          5 = HAIL
                        GRTST 24HR    M  ON   M    6 = FREEZING RAIN OR DRIZZLE
                        GRTST DEPTH:  M  ON   M    7 = DUSTSTORM OR SANDSTORM:
                                                       VSBY 1/2 MILE OR LESS
                                                   8 = SMOKE OR HAZE
[NO. OF DAYS WITH]      [WEATHER - DAYS WITH]      9 = BLOWING SNOW
                                                   X = TORNADO
MAX 32 OR BELOW:   0    0.01 INCH OR MORE:   7
MAX 90 OR ABOVE:   9    0.10 INCH OR MORE:   5
MIN 32 OR BELOW:   0    0.50 INCH OR MORE:   3
MIN  0 OR BELOW:   0    1.00 INCH OR MORE:   1

[HDD (BASE 65) ]
TOTAL THIS MO.     0    CLEAR  (SCALE 0-3)  17
DPTR FM NORMAL     0    PTCLDY (SCALE 4-7)   3
TOTAL FM JUL 1     0    CLOUDY (SCALE 8-10)  1
DPTR FM NORMAL     0

[CDD (BASE 65) ]
TOTAL THIS MO.   302
DPTR FM NORMAL    13    [PRESSURE DATA]
TOTAL FM JAN 1   743    HIGHEST SLP M ON M
DPTR FM NORMAL    -6    LOWEST  SLP 29.80 ON 15

[REMARKS]
