000
CXUS54 KLZK 181130
CF6BPK
PRELIMINARY LOCAL CLIMATOLOGICAL DATA (WS FORM: F-6)

                                          STATION:   Mountain Home Airport
                                          MONTH:     APRIL
                                          YEAR:      2019
                                          LATITUDE:   36 22 N
                                          LONGITUDE:  92 28 W

  TEMPERATURE IN F:       :PCPN:    SNOW:  WIND      :SUNSHINE: SKY     :PK WND
================================================================================
1   2   3   4   5  6A  6B    7    8   9   10  11  12  13   14  15   16   17  18
                                     12Z  AVG MX 2MIN
DY MAX MIN AVG DEP HDD CDD  WTR  SNW DPTH SPD SPD DIR MIN PSBL S-S WX    SPD DR
================================================================================

 1  51  30  41 -13  24   0 0.00    M    M  2.9 10 140   M    M   1        14 130
 2  68  32  50  -4  15   0 0.00    M    M  3.5 10 220   M    M   0        16 350
 3  72  45  59   4   6   0 0.00    M    M  7.4 18 200   M    M   1        26 170
 4  60  50  55   0  10   0 0.39    M    M  5.8 12 180   M    M   9 13     19 150
 5  69  51  60   5   5   0 0.00    M    M  3.0  8 140   M    M   5 1      12 150
 6  76  48  62   6   3   0 0.58    M    M  7.7 16 150   M    M   4 13     22 150
 7  81  56  69  13   0   4 0.00    M    M  5.8 16 210   M    M   1 1      24 210
 8  81  60  71  15   0   6 0.00    M    M  3.9 12  70   M    M   3 3      20  90
 9  83  53  68  11   0   3 0.00    M    M  3.6  9 120   M    M   0        13 110
10  85  59  72  15   0   7    T    M    M 10.1 20 210   M    M   0        36 200
11  73  49  61   4   4   0 0.00    M    M 11.0 16 200   M    M   2        28 200
12  65  39  52  -6  13   0 0.00    M    M  3.4 10 310   M    M   0        17 280
13  54  43  49  -9  16   0 1.20    M    M  8.9 20  80   M    M   6 1      32  60
14  58  37  48 -10  17   0 0.23    M    M  6.0 14 360   M    M   6 1      23 330
15  75  38  57  -1   8   0 0.00    M    M  6.5 17 210   M    M   0        25 190
16  80  54  67   8   0   2 0.00    M    M  8.8 17 220   M    M   0        23 220
17  72  61  67   8   0   2 0.02    M    M  8.3 18 200   M    M   7        27 200
================================================================================
SM 1203  805       121  24  2.42    M    106.6          M       45
================================================================================
AV 70.8 47.4                               6.3 FASTST   M    M   3    MAX(MPH)
                                 MISC ---->  # 20  80               # 36  200
================================================================================
NOTES:
# LAST OF SEVERAL OCCURRENCES

COLUMN 17 PEAK WIND IN M.P.H.

PRELIMINARY LOCAL CLIMATOLOGICAL DATA (WS FORM: F-6) , PAGE 2

                                          STATION:  Mountain Home Airport
                                          MONTH:    APRIL
                                          YEAR:     2019
                                          LATITUDE:   36 22 N
                                          LONGITUDE:  92 28 W

[TEMPERATURE DATA]      [PRECIPITATION DATA]       SYMBOLS USED IN COLUMN 16

AVERAGE MONTHLY: 59.1   TOTAL FOR MONTH:   2.42    1 = FOG OR MIST
DPTR FM NORMAL:   2.5   DPTR FM NORMAL:    0.13    2 = FOG REDUCING VISIBILITY
HIGHEST:    85 ON 10    GRTST 24HR  1.20 ON 13-13      TO 1/4 MILE OR LESS
LOWEST:     30 ON  1                               3 = THUNDER
                        SNOW, ICE PELLETS, HAIL    4 = ICE PELLETS
                        TOTAL MONTH:    M          5 = HAIL
                        GRTST 24HR    M  ON   M    6 = FREEZING RAIN OR DRIZZLE
                        GRTST DEPTH:  M  ON   M    7 = DUSTSTORM OR SANDSTORM:
                                                       VSBY 1/2 MILE OR LESS
                                                   8 = SMOKE OR HAZE
[NO. OF DAYS WITH]      [WEATHER - DAYS WITH]      9 = BLOWING SNOW
                                                   X = TORNADO
MAX 32 OR BELOW:   0    0.01 INCH OR MORE:   5
MAX 90 OR ABOVE:   0    0.10 INCH OR MORE:   4
MIN 32 OR BELOW:   2    0.50 INCH OR MORE:   2
MIN  0 OR BELOW:   0    1.00 INCH OR MORE:   1

[HDD (BASE 65) ]
TOTAL THIS MO.   121    CLEAR  (SCALE 0-3)  10
DPTR FM NORMAL   -37    PTCLDY (SCALE 4-7)   6
TOTAL FM JUL 1  3859    CLOUDY (SCALE 8-10)  1
DPTR FM NORMAL   192

[CDD (BASE 65) ]
TOTAL THIS MO.    24
DPTR FM NORMAL     7    [PRESSURE DATA]
TOTAL FM JAN 1    24    HIGHEST SLP M ON M
DPTR FM NORMAL    -2    LOWEST  SLP 29.55 ON 14

[REMARKS]
