000
CXUS54 KLZK 221130
CF6BPK
PRELIMINARY LOCAL CLIMATOLOGICAL DATA (WS FORM: F-6)

                                          STATION:   Mountain Home Airport
                                          MONTH:     FEBRUARY
                                          YEAR:      2019
                                          LATITUDE:   36 22 N
                                          LONGITUDE:  92 28 W

  TEMPERATURE IN F:       :PCPN:    SNOW:  WIND      :SUNSHINE: SKY     :PK WND
================================================================================
1   2   3   4   5  6A  6B    7    8   9   10  11  12  13   14  15   16   17  18
                                     12Z  AVG MX 2MIN
DY MAX MIN AVG DEP HDD CDD  WTR  SNW DPTH SPD SPD DIR MIN PSBL S-S WX    SPD DR
================================================================================

 1  52  32  42   3  23   0 0.00    M    M  3.9  9 180   M    M   8 1      12 170
 2  66  42  54  15  11   0 0.00    M    M  5.0 13 220   M    M   7 1      18 170
 3  73  44  59  19   6   0 0.00    M    M  8.3 17 210   M    M   5        24 200
 4  77  45  61  21   4   0 0.00    M    M  7.2 15 240   M    M   5        22 270
 5  56  41  49   9  16   0 0.00    M    M  5.0 13 160   M    M  10 12     18 140
 6  61  55  58  18   7   0 0.75    M    M  4.6 12 170   M    M   9 12     16 170
 7  62  19  41   1  24   0 1.38    M    M  8.4 16 350   M    M  10 1      28 320
 8  32  14  23 -18  42   0 0.00    M    M  4.4 10 350   M    M   0        19 350
 9  38  15  27 -14  38   0    T    M    M  6.7 13 150   M    M   2        17 130
10  40  29  35  -6  30   0 0.89    M    M  4.7 12 150   M    M  10 16     16 150
11  49  38  44   3  21   0 1.98    M    M  5.2 10 190   M    M  10 1      14 150
12  49  30  40  -2  25   0 0.06    M    M  6.5 16 340   M    M   4 1      30 310
13  61  27  44   2  21   0 0.00    M    M  7.0 21 220   M    M   0        26 220
14  63  46  55  13  10   0 0.00    M    M  8.8 21 220   M    M   0        27 230
15  46  25  36  -6  29   0 0.08    M    M  6.4 13  80   M    M   8 16     20  10
16  34  23  29 -14  36   0 0.02    M    M  5.7 14 150   M    M  10 16     20 140
17  38  29  34  -9  31   0 0.00    M    M  5.3 14 300   M    M   8 1      23 340
18  38  20  29 -14  36   0 0.00    M    M  3.7  9  70   M    M   0        14 340
19  37  27  32 -11  33   0 1.09    M    M  8.7 21 130   M    M   6 1      29 120
20  50  34  42  -2  23   0 0.01    M    M  2.4 12 250   M    M   5 12     16 260
21  45  28  37  -7  28   0 0.00    M    M  4.8  9 110   M    M   2 1      24 140
================================================================================
SM 1067  663       494   0  6.26    M    122.7          M      119
================================================================================
AV 50.8 31.6                               5.8 FASTST   M    M   6    MAX(MPH)
                                 MISC ---->  # 21 220               # 30  310
================================================================================
NOTES:
# LAST OF SEVERAL OCCURRENCES

COLUMN 17 PEAK WIND IN M.P.H.

PRELIMINARY LOCAL CLIMATOLOGICAL DATA (WS FORM: F-6) , PAGE 2

                                          STATION:  Mountain Home Airport
                                          MONTH:    FEBRUARY
                                          YEAR:     2019
                                          LATITUDE:   36 22 N
                                          LONGITUDE:  92 28 W

[TEMPERATURE DATA]      [PRECIPITATION DATA]       SYMBOLS USED IN COLUMN 16

AVERAGE MONTHLY: 41.2   TOTAL FOR MONTH:   6.26    1 = FOG OR MIST
DPTR FM NORMAL:  -0.2   DPTR FM NORMAL:    4.32    2 = FOG REDUCING VISIBILITY
HIGHEST:    77 ON  4    GRTST 24HR  1.98 ON 11-11      TO 1/4 MILE OR LESS
LOWEST:     14 ON  8                               3 = THUNDER
                        SNOW, ICE PELLETS, HAIL    4 = ICE PELLETS
                        TOTAL MONTH:    M          5 = HAIL
                        GRTST 24HR    M  ON   M    6 = FREEZING RAIN OR DRIZZLE
                        GRTST DEPTH:  M  ON   M    7 = DUSTSTORM OR SANDSTORM:
                                                       VSBY 1/2 MILE OR LESS
                                                   8 = SMOKE OR HAZE
[NO. OF DAYS WITH]      [WEATHER - DAYS WITH]      9 = BLOWING SNOW
                                                   X = TORNADO
MAX 32 OR BELOW:   1    0.01 INCH OR MORE:   9
MAX 90 OR ABOVE:   0    0.10 INCH OR MORE:   5
MIN 32 OR BELOW:  13    0.50 INCH OR MORE:   5
MIN  0 OR BELOW:   0    1.00 INCH OR MORE:   3

[HDD (BASE 65) ]
TOTAL THIS MO.   494    CLEAR  (SCALE 0-3)   6
DPTR FM NORMAL    -1    PTCLDY (SCALE 4-7)   8
TOTAL FM JUL 1  2996    CLOUDY (SCALE 8-10)  7
DPTR FM NORMAL   107

[CDD (BASE 65) ]
TOTAL THIS MO.     0
DPTR FM NORMAL     0    [PRESSURE DATA]
TOTAL FM JAN 1     0    HIGHEST SLP M ON M
DPTR FM NORMAL    -1    LOWEST  SLP 29.60 ON 14

[REMARKS]
