000
CXUS53 KDLH 231236
CF6BRD
PRELIMINARY LOCAL CLIMATOLOGICAL DATA (WS FORM: F-6)

                                          STATION:   BRAINERD
                                          MONTH:     APRIL
                                          YEAR:      2019
                                          LATITUDE:   46 24 N
                                          LONGITUDE:  94  8 W

  TEMPERATURE IN F:       :PCPN:    SNOW:  WIND      :SUNSHINE: SKY     :PK WND
================================================================================
1   2   3   4   5  6A  6B    7    8   9   10  11  12  13   14  15   16   17  18
                                     12Z  AVG MX 2MIN
DY MAX MIN AVG DEP HDD CDD  WTR  SNW DPTH SPD SPD DIR MIN PSBL S-S WX    SPD DR
================================================================================

 1  40  28  34  -3  31   0 0.00  0.0    T  5.3 12 310   M    M   8        15 280
 2  43  25  34  -3  31   0 0.02  1.0    1 11.6 28 300   M    M   6 8      39 300
 3  45  24  35  -3  30   0    T    T    T  4.9 16 260   M    M   3 1      21 270
 4  45  21  33  -5  32   0 0.00  0.0    T  9.7 18 160   M    M   5 18     28 150
 5  46  35  41   2  24   0    T  0.0    T  5.0 14 190   M    M  10 18     17 180
 6  47  41  44   5  21   0 0.22  0.0    T  6.4 10  70   M    M  10 128    15  80
 7  53  33  43   3  22   0 0.26  0.0    T  4.6 16 290   M    M   7 12     22 290
 8  63  32  48   8  17   0 0.02  0.0    T  8.2 20 290   M    M   5 12     25 300
 9  41  27  34  -7  31   0 0.00  0.0    T 10.2 22 340   M    M   3        27 330
10  37  24  31 -10  34   0 0.00  0.0    T 10.8 21  70   M    M   7        32  50
11   M   M   M   M   M   M 0.79  7.0    T   M   M   M   M    M  10 368     M  M
12   M   M   M   M   M   M 0.19  1.4    7  9.2 17  60   M    M  10 18     23  70
13  42  26  34  -9  31   0 0.00  0.0    6  7.3 20 330   M    M   6 8      23 320
14  48  19  34  -9  31   0 0.00  0.0    3  3.2 10 130   M    M   1 18     15 130
15  49  24  37  -7  28   0 0.00  0.0    2  4.7 18 180   M    M   5        23 180
16  67  25  46   2  19   0 0.00  0.0    1  2.7 12 290   M    M   0        17 270
17  51  40  46   1  19   0 0.29  0.0    0  8.0 18  50   M    M  10        26  80
18  57  32  45   0  20   0 0.03  0.0    0  7.4 18 340   M    M   7        22 350
19  64  27  46   0  19   0 0.00  0.0    0  5.3 16 250   M    M   0        22 220
20  78  45  62  16   3   0 0.02  0.0    0 11.7 21 340   M    M   3        24 340
21  55  43  49   3  16   0 0.12  0.0    0 13.2 22  30   M    M   7        32  50
22  60  35  48   1  17   0 0.00  0.0    0 10.4 26  40   M    M   4        34  40
================================================================================
SM 1031  606       476   0  1.96     9.4 159.8          M      127
================================================================================
AV 51.6 30.3                               7.6 FASTST   M    M   6    MAX(MPH)
                                 MISC ---->  # 28 300               # 39  300
================================================================================
NOTES:
# LAST OF SEVERAL OCCURRENCES

COLUMN 17 PEAK WIND IN M.P.H.

PRELIMINARY LOCAL CLIMATOLOGICAL DATA (WS FORM: F-6) , PAGE 2

                                          STATION:  BRAINERD
                                          MONTH:    APRIL
                                          YEAR:     2019
                                          LATITUDE:   46 24 N
                                          LONGITUDE:  94  8 W

[TEMPERATURE DATA]      [PRECIPITATION DATA]       SYMBOLS USED IN COLUMN 16

AVERAGE MONTHLY: 40.9   TOTAL FOR MONTH:   1.96    1 = FOG OR MIST
DPTR FM NORMAL:  -0.8   DPTR FM NORMAL:    0.36    2 = FOG REDUCING VISIBILITY
HIGHEST:    78 ON 20    GRTST 24HR  0.79 ON 11-11      TO 1/4 MILE OR LESS
LOWEST:     19 ON 14                               3 = THUNDER
                        SNOW, ICE PELLETS, HAIL    4 = ICE PELLETS
                        TOTAL MONTH:   9.4 INCHES  5 = HAIL
                        GRTST 24HR   7.0 ON 11-11  6 = FREEZING RAIN OR DRIZZLE
                        GRTST DEPTH:   7 ON 12     7 = DUSTSTORM OR SANDSTORM:
                                                       VSBY 1/2 MILE OR LESS
                                                   8 = SMOKE OR HAZE
[NO. OF DAYS WITH]      [WEATHER - DAYS WITH]      9 = BLOWING SNOW
                                                   X = TORNADO
MAX 32 OR BELOW:   0    0.01 INCH OR MORE:  10
MAX 90 OR ABOVE:   0    0.10 INCH OR MORE:   6
MIN 32 OR BELOW:  13    0.50 INCH OR MORE:   1
MIN  0 OR BELOW:   0    1.00 INCH OR MORE:   0

[HDD (BASE 65) ]
TOTAL THIS MO.   476    CLEAR  (SCALE 0-3)   5
DPTR FM NORMAL   -41    PTCLDY (SCALE 4-7)  11
TOTAL FM JUL 1  8791    CLOUDY (SCALE 8-10)  6
DPTR FM NORMAL   648

[CDD (BASE 65) ]
TOTAL THIS MO.     0
DPTR FM NORMAL     0    [PRESSURE DATA]
TOTAL FM JAN 1     0    HIGHEST SLP M ON M
DPTR FM NORMAL     0    LOWEST  SLP 29.43 ON 12

[REMARKS]
PRECIPITATION AND SNOWFALL INFORMATION VALID FROM 7 AM UNTIL 7 AM.
