000
CXUS53 KDLH 220627
CF6BRD
PRELIMINARY LOCAL CLIMATOLOGICAL DATA (WS FORM: F-6)

                                          STATION:   BRAINERD
                                          MONTH:     AUGUST
                                          YEAR:      2019
                                          LATITUDE:   46 24 N
                                          LONGITUDE:  94  8 W

  TEMPERATURE IN F:       :PCPN:    SNOW:  WIND      :SUNSHINE: SKY     :PK WND
================================================================================
1   2   3   4   5  6A  6B    7    8   9   10  11  12  13   14  15   16   17  18
                                     12Z  AVG MX 2MIN
DY MAX MIN AVG DEP HDD CDD  WTR  SNW DPTH SPD SPD DIR MIN PSBL S-S WX    SPD DR
================================================================================

 1  86  59  73   3   0   8 0.00  0.0    0  5.8 15 180   M    M   1        19 210
 2  84  65  75   5   0  10    T  0.0    0  3.3 13 200   M    M   2 1      16 220
 3  88  65  77   7   0  12    T  0.0    0  2.0  8 280   M    M   3 12     10 310
 4  86  62  74   5   0   9 0.00  0.0    0  4.6 14 210   M    M   2 1      18 200
 5  82  61  72   3   0   7 0.83  0.0    0  4.5 23 300   M    M   4 138    36 300
 6  85  58  72   3   0   7 0.00  0.0    0  3.8 13 310   M    M   0 1      17 310
 7  80  62  71   2   0   6 0.10  0.0    0  9.1 22 330   M    M   3        29 300
 8  75  51  63  -6   2   0 0.00  0.0    0  7.9 22 280   M    M   1        27 280
 9  78  50  64  -5   1   0 0.00  0.0    0  2.9 12 240   M    M   1 1      17 310
10  79  57  68  -1   0   3    T  0.0    0  3.5  9 130   M    M   4 1      14 140
11  82  56  69   0   0   4 0.00  0.0    0  4.5 14 340   M    M   1 12     16 340
12  71  60  66  -3   0   1 0.01  0.0    0  6.1 12  60   M    M   8        15  30
13  75  57  66  -2   0   1 0.39  0.0    0  5.2 10  60   M    M   7 1      13  50
14  74  53  64  -4   1   0 0.00  0.0    0  3.2  9 340   M    M   8        13 340
15  79  53  66  -2   0   1    T  0.0    0  5.3 15 180   M    M   4 123    20 170
16  81  59  70   2   0   5 0.10  0.0    0  4.8 20 330   M    M   3 13     23 230
17  84  55  70   2   0   5 0.61  0.0    0  8.6 22 210   M    M   2 1238   26 210
18  74  52  63  -5   2   0 0.01  0.0    0  9.5 20 280   M    M   4        26 320
19  83  49  66  -1   0   1 0.00  0.0    0  8.6 18 220   M    M   0        23 210
20  81  61  71   4   0   6 0.73    T    0  8.3 30 270   M    M   3 135    41 260
21  76  49  63  -4   2   0 0.00  0.0    0  4.8 15 330   M    M   2 1      19 340
================================================================================
SM 1683 1194         8  86  2.78    T    116.3          M       63
================================================================================
AV 80.1 56.9                               5.5 FASTST   M    M   3    MAX(MPH)
                                 MISC ---->  # 30 270               # 41  260
================================================================================
NOTES:
# LAST OF SEVERAL OCCURRENCES

COLUMN 17 PEAK WIND IN M.P.H.

PRELIMINARY LOCAL CLIMATOLOGICAL DATA (WS FORM: F-6) , PAGE 2

                                          STATION:  BRAINERD
                                          MONTH:    AUGUST
                                          YEAR:     2019
                                          LATITUDE:   46 24 N
                                          LONGITUDE:  94  8 W

[TEMPERATURE DATA]      [PRECIPITATION DATA]       SYMBOLS USED IN COLUMN 16

AVERAGE MONTHLY: 68.5   TOTAL FOR MONTH:   2.78    1 = FOG OR MIST
DPTR FM NORMAL:  -0.0   DPTR FM NORMAL:    0.76    2 = FOG REDUCING VISIBILITY
HIGHEST:    88 ON  3    GRTST 24HR  0.83 ON  5- 5      TO 1/4 MILE OR LESS
LOWEST:     49 ON 21,19                            3 = THUNDER
                        SNOW, ICE PELLETS, HAIL    4 = ICE PELLETS
                        TOTAL MONTH:    T          5 = HAIL
                        GRTST 24HR    T  ON 20-20  6 = FREEZING RAIN OR DRIZZLE
                        GRTST DEPTH:   0           7 = DUSTSTORM OR SANDSTORM:
                                                       VSBY 1/2 MILE OR LESS
                                                   8 = SMOKE OR HAZE
[NO. OF DAYS WITH]      [WEATHER - DAYS WITH]      9 = BLOWING SNOW
                                                   X = TORNADO
MAX 32 OR BELOW:   0    0.01 INCH OR MORE:   8
MAX 90 OR ABOVE:   0    0.10 INCH OR MORE:   6
MIN 32 OR BELOW:   0    0.50 INCH OR MORE:   3
MIN  0 OR BELOW:   0    1.00 INCH OR MORE:   0

[HDD (BASE 65) ]
TOTAL THIS MO.     8    CLEAR  (SCALE 0-3)  12
DPTR FM NORMAL   -13    PTCLDY (SCALE 4-7)   8
TOTAL FM JUL 1    10    CLOUDY (SCALE 8-10)  1
DPTR FM NORMAL   -33

[CDD (BASE 65) ]
TOTAL THIS MO.    86
DPTR FM NORMAL    -8    [PRESSURE DATA]
TOTAL FM JAN 1   417    HIGHEST SLP M ON M
DPTR FM NORMAL    52    LOWEST  SLP 29.64 ON 18

[REMARKS]
