494
CXUS53 KDLH 231314
CF6BRD
PRELIMINARY LOCAL CLIMATOLOGICAL DATA (WS FORM: F-6)

                                          STATION:   BRAINERD
                                          MONTH:     FEBRUARY
                                          YEAR:      2019
                                          LATITUDE:   46 24 N
                                          LONGITUDE:  94  8 W

  TEMPERATURE IN F:       :PCPN:    SNOW:  WIND      :SUNSHINE: SKY     :PK WND
================================================================================
1   2   3   4   5  6A  6B    7    8   9   10  11  12  13   14  15   16   17  18
                                     12Z  AVG MX 2MIN
DY MAX MIN AVG DEP HDD CDD  WTR  SNW DPTH SPD SPD DIR MIN PSBL S-S WX    SPD DR
================================================================================

 1  18  -6   6  -6  59   0 0.00  0.0   11 11.0 22 180   M    M   8 8      27 190
 2  29   6  18   5  47   0 0.00  0.0   11  4.3 12 130   M    M   3 18     18 130
 3  27  21  24  11  41   0    T  0.0   11  7.8 16  50   M    M  10 128    21  30
 4  21  -3   9  -4  56   0    T  0.3   11 11.2 20 320   M    M   8 1689   24 320
 5   7  -7   0 -13  65   0 0.07  1.0   11  6.1 12  50   M    M   7 8      15  30
 6  16   7  12  -2  53   0 0.13  4.5   12  6.9 10  20   M    M  10 128    14 350
 7  14  -5   5  -9  60   0 0.35  5.0   18 12.8 23 330   M    M   9 89     31 310
 8  -1 -25 -13 -27  78   0 0.00  0.0   18  8.8 16 270   M    M   0 8      20 280
 9   4 -30 -13 -28  78   0 0.00  0.0   16  3.5 10  60   M    M   6 8      15  60
10  14 -11   2 -13  63   0 0.13  1.0   17  5.4 12  50   M    M   5 18     16  40
11  22   8  15   0  50   0 0.14  2.0   17  5.7 10  90   M    M  10 18     17  80
12  23  15  19   3  46   0 0.10  1.0   18  9.8 20 340   M    M  10 128    24 340
13  24   8  16   0  49   0    T    T   18  6.0 13 290   M    M   5 18     16 300
14  18  -1   9  -7  56   0 0.04  0.7   18  9.2 23 310   M    M   5 189    30 310
15  19  -5   7 -10  58   0 0.00  0.0   17  8.6 16 320   M    M   1 8      20 310
16  19 -14   3 -14  62   0 0.00  0.0   17  2.5  8 120   M    M   4        11  90
17  25  -1  12  -5  53   0 0.00  0.0   16  6.2 17  40   M    M   3 18     21  40
18  18 -15   2 -16  63   0 0.00  0.0   16  2.5  9 270   M    M   0 18     11 350
19  18 -19   0 -18  65   0 0.02  0.2   16  4.5 15 200   M    M   1 18     19 210
20  23   7  15  -4  50   0 0.37  4.2   16  4.6 14  80   M    M   9 128    23  60
21  28   1  15  -4  50   0    T    T   19  5.5 10 190   M    M   5 128    13 170
22  23   3  13  -6  52   0 0.01  0.4   19  4.7 12 240   M    M   8 18     14 200
================================================================================
SM  409  -66      1254   0  1.36    20.3 147.6          M      127
================================================================================
AV 18.6 -3.0                               6.7 FASTST   M    M   6    MAX(MPH)
                                 MISC ---->  # 23 330               # 31  310
================================================================================
NOTES:
# LAST OF SEVERAL OCCURRENCES

COLUMN 17 PEAK WIND IN M.P.H.

PRELIMINARY LOCAL CLIMATOLOGICAL DATA (WS FORM: F-6) , PAGE 2

                                          STATION:  BRAINERD
                                          MONTH:    FEBRUARY
                                          YEAR:     2019
                                          LATITUDE:   46 24 N
                                          LONGITUDE:  94  8 W

[TEMPERATURE DATA]      [PRECIPITATION DATA]       SYMBOLS USED IN COLUMN 16

AVERAGE MONTHLY:  7.8   TOTAL FOR MONTH:   1.36    1 = FOG OR MIST
DPTR FM NORMAL:  -7.7   DPTR FM NORMAL:    0.89    2 = FOG REDUCING VISIBILITY
HIGHEST:    29 ON  2    GRTST 24HR  0.37 ON 20-20      TO 1/4 MILE OR LESS
LOWEST:    -30 ON  9                               3 = THUNDER
                        SNOW, ICE PELLETS, HAIL    4 = ICE PELLETS
                        TOTAL MONTH:  20.3 INCHES  5 = HAIL
                        GRTST 24HR   5.0 ON  7- 7  6 = FREEZING RAIN OR DRIZZLE
                        GRTST DEPTH:  19 ON 22,21  7 = DUSTSTORM OR SANDSTORM:
                                                       VSBY 1/2 MILE OR LESS
                                                   8 = SMOKE OR HAZE
[NO. OF DAYS WITH]      [WEATHER - DAYS WITH]      9 = BLOWING SNOW
                                                   X = TORNADO
MAX 32 OR BELOW:  22    0.01 INCH OR MORE:  10
MAX 90 OR ABOVE:   0    0.10 INCH OR MORE:   6
MIN 32 OR BELOW:  22    0.50 INCH OR MORE:   0
MIN  0 OR BELOW:  13    1.00 INCH OR MORE:   0

[HDD (BASE 65) ]
TOTAL THIS MO.  1254    CLEAR  (SCALE 0-3)   6
DPTR FM NORMAL   165    PTCLDY (SCALE 4-7)   9
TOTAL FM JUL 1  6681    CLOUDY (SCALE 8-10)  7
DPTR FM NORMAL   434

[CDD (BASE 65) ]
TOTAL THIS MO.     0
DPTR FM NORMAL     0    [PRESSURE DATA]
TOTAL FM JAN 1     0    HIGHEST SLP M ON M
DPTR FM NORMAL     0    LOWEST  SLP 29.60 ON 14

[REMARKS]
PRECIPITATION AND SNOWFALL VALID FROM 7 AM UNTIL 7 AM.
