000
CXUS55 KDVN 191100
CF6BRL
PRELIMINARY LOCAL CLIMATOLOGICAL DATA (WS FORM: F-6)

                                          STATION:   BURLINGTON IA
                                          MONTH:     FEBRUARY
                                          YEAR:      2019
                                          LATITUDE:   40 46 N
                                          LONGITUDE:  91  7 W

  TEMPERATURE IN F:       :PCPN:    SNOW:  WIND      :SUNSHINE: SKY     :PK WND
================================================================================
1   2   3   4   5  6A  6B    7    8   9   10  11  12  13   14  15   16   17  18
                                     12Z  AVG MX 2MIN
DY MAX MIN AVG DEP HDD CDD  WTR  SNW DPTH SPD SPD DIR MIN PSBL S-S WX    SPD DR
================================================================================

 1  24   2  13 -14  52   0 0.00    M    M  6.0 10 190   M    M   0        15 170
 2  45  23  34   7  31   0 0.00    M    M  9.8 16 210   M    M   6 18     22 210
 3  50  41  46  19  19   0 0.00    M    M 11.0 16 150   M    M   4        22 140
 4  50  19  35   8  30   0 0.00    M    M 11.8 20 330   M    M   7        30 340
 5  31  17  24  -4  41   0 0.13    M    M  6.9 14  90   M    M   2 36     21 350
 6  33  27  30   2  35   0 0.02    M    M  5.9 15 330   M    M  10 6      23 340
 7  33   8  21  -7  44   0 0.17    M    M 13.7 25 290   M    M   9 36     39 290
 8  15   4  10 -18  55   0 0.00    M    M 10.0 21 280   M    M   3        32 280
 9  25   6  16 -12  49   0 0.00    M    M  8.6 15 140   M    M   4        20 140
10  30  25  28   0  37   0 0.04    M    M  5.7 14 140   M    M  10 128    21 140
11  34  27  31   2  34   0 0.36    M    M 10.1 18  80   M    M  10 168    29  70
12  33  15  24  -5  41   0    T    M    M 13.5 25 300   M    M   9 18     46 290
13  38  11  25  -4  40   0 0.00    M    M  7.8 16 180   M    M   0        29 290
14  51  13  32   2  33   0 0.00    M    M 14.2 25 310   M    M   2 8      40 300
15  15   7  11 -19  54   0 0.00    M    M 11.6 24 330   M    M   4        35 320
16  31   8  20 -10  45   0 0.00    M    M  8.7 21 100   M    M   2        29  90
17  29  25  27  -3  38   0 0.06    M    M  7.7 18  90   M    M  10 18     26  90
18  28  13  21 -10  44   0    T    M    M  7.5 14 350   M    M   3 18     19 340
================================================================================
SM  595  291       722   0  0.78    M    170.5          M       95
================================================================================
AV 33.1 16.2                               9.5 FASTST   M    M   5    MAX(MPH)
                                 MISC ---->  # 25 290               # 46  290
================================================================================
NOTES:
# LAST OF SEVERAL OCCURRENCES

COLUMN 17 PEAK WIND IN M.P.H.

PRELIMINARY LOCAL CLIMATOLOGICAL DATA (WS FORM: F-6) , PAGE 2

                                          STATION:  BURLINGTON IA
                                          MONTH:    FEBRUARY
                                          YEAR:     2019
                                          LATITUDE:   40 46 N
                                          LONGITUDE:  91  7 W

[TEMPERATURE DATA]      [PRECIPITATION DATA]       SYMBOLS USED IN COLUMN 16

AVERAGE MONTHLY: 24.6   TOTAL FOR MONTH:   0.78    1 = FOG OR MIST
DPTR FM NORMAL:  -3.9   DPTR FM NORMAL:   -0.15    2 = FOG REDUCING VISIBILITY
HIGHEST:    51 ON 14    GRTST 24HR  0.36 ON 11-11      TO 1/4 MILE OR LESS
LOWEST:      2 ON  1                               3 = THUNDER
                        SNOW, ICE PELLETS, HAIL    4 = ICE PELLETS
                        TOTAL MONTH:    M          5 = HAIL
                        GRTST 24HR    M  ON   M    6 = FREEZING RAIN OR DRIZZLE
                        GRTST DEPTH:  M  ON   M    7 = DUSTSTORM OR SANDSTORM:
                                                       VSBY 1/2 MILE OR LESS
                                                   8 = SMOKE OR HAZE
[NO. OF DAYS WITH]      [WEATHER - DAYS WITH]      9 = BLOWING SNOW
                                                   X = TORNADO
MAX 32 OR BELOW:   9    0.01 INCH OR MORE:   6
MAX 90 OR ABOVE:   0    0.10 INCH OR MORE:   3
MIN 32 OR BELOW:  17    0.50 INCH OR MORE:   0
MIN  0 OR BELOW:   0    1.00 INCH OR MORE:   0

[HDD (BASE 65) ]
TOTAL THIS MO.   722    CLEAR  (SCALE 0-3)   7
DPTR FM NORMAL    67    PTCLDY (SCALE 4-7)   5
TOTAL FM JUL 1  4441    CLOUDY (SCALE 8-10)  6
DPTR FM NORMAL   385

[CDD (BASE 65) ]
TOTAL THIS MO.     0
DPTR FM NORMAL     0    [PRESSURE DATA]
TOTAL FM JAN 1     0    HIGHEST SLP M ON M
DPTR FM NORMAL     0    LOWEST  SLP 29.46 ON 14

[REMARKS]
