000
CXUS54 KBRO 200900
CF6BRO
PRELIMINARY LOCAL CLIMATOLOGICAL DATA (WS FORM: F-6)

                                          STATION:   BROWNSVILLE
                                          MONTH:     FEBRUARY
                                          YEAR:      2019
                                          LATITUDE:   25 53 N
                                          LONGITUDE:  97 26 W

  TEMPERATURE IN F:       :PCPN:    SNOW:  WIND      :SUNSHINE: SKY     :PK WND
================================================================================
1   2   3   4   5  6A  6B    7    8   9   10  11  12  13   14  15   16   17  18
                                     12Z  AVG MX 2MIN
DY MAX MIN AVG DEP HDD CDD  WTR  SNW DPTH SPD SPD DIR MIN PSBL S-S WX    SPD DR
================================================================================

 1  70  54  62   0   3   0 0.00  0.0    0  4.5  9  80   M    M   6 1      12  60
 2  77  61  69   7   0   4    T  0.0    0  3.5 10  40   M    M  10 12     13  40
 3  81  68  75  12   0  10    T  0.0    0  8.2 20 150   M    M   7 12     24 150
 4  80  69  75  12   0  10    T  0.0    0  8.9 17 150   M    M   8 1      21 130
 5  84  70  77  14   0  12 0.00  0.0    0 13.5 26 160   M    M   8 1      31 160
 6  84  73  79  16   0  14 0.00  0.0    0 19.2 30 170   M    M   7        36 150
 7  83  62  73  10   0   8    T  0.0    0 14.8 26  20   M    M   8        41  30
 8  62  45  54  -9  11   0 0.00  0.0    0 16.1 26  20   M    M  10        38  20
 9  48  40  44 -19  21   0 0.07  0.0    0 13.7 23 320   M    M  10 1      29 320
10  73  45  59  -5   6   0 0.00  0.0    0  6.6 14 310   M    M   7 12     17 310
11  80  58  69   5   0   4    T  0.0    0  9.5 28 160   M    M   8 12     34 160
12  71  53  62  -2   3   0 0.04  0.0    0  8.4 20 340   M    M   6        29 340
13  74  47  61  -3   4   0 0.00  0.0    0  7.2 16 130   M    M   0        23 110
14  78  56  67   3   0   2 0.00  0.0    0 14.6 31 180   M    M   0        37 190
15  85  64  75  11   0  10 0.00  0.0    0 14.4 24 170   M    M   4 1      30 160
16  84  69  77  13   0  12    T  0.0    0 13.2 22 160   M    M   9 18     27 160
17  76  64  70   6   0   5    T  0.0    0  9.7 20 360   M    M  10 1      26  20
18  64  57  61  -4   4   0 0.07  0.0    0 12.2 21  30   M    M  10 1      28  20
19  67  58  63  -2   2   0 0.07  0.0    0  7.4 15 360   M    M  10 1      18  10
================================================================================
SM 1421 1113        54  91  0.25     0.0 205.6          M      138
================================================================================
AV 74.8 58.6                              10.8 FASTST   M    M   7    MAX(MPH)
                                 MISC ---->  # 31 180               # 41   30
================================================================================
NOTES:
# LAST OF SEVERAL OCCURRENCES

COLUMN 17 PEAK WIND IN M.P.H.

PRELIMINARY LOCAL CLIMATOLOGICAL DATA (WS FORM: F-6) , PAGE 2

                                          STATION:  BROWNSVILLE
                                          MONTH:    FEBRUARY
                                          YEAR:     2019
                                          LATITUDE:   25 53 N
                                          LONGITUDE:  97 26 W

[TEMPERATURE DATA]      [PRECIPITATION DATA]       SYMBOLS USED IN COLUMN 16

AVERAGE MONTHLY: 66.7   TOTAL FOR MONTH:   0.25    1 = FOG OR MIST
DPTR FM NORMAL:   3.2   DPTR FM NORMAL:   -0.56    2 = FOG REDUCING VISIBILITY
HIGHEST:    85 ON 15    GRTST 24HR  0.33 ON 31- 1      TO 1/4 MILE OR LESS
LOWEST:     40 ON  9                               3 = THUNDER
                        SNOW, ICE PELLETS, HAIL    4 = ICE PELLETS
                        TOTAL MONTH:   0.0 INCH    5 = HAIL
                        GRTST 24HR     0.0         6 = FREEZING RAIN OR DRIZZLE
                        GRTST DEPTH:   0           7 = DUSTSTORM OR SANDSTORM:
                                                       VSBY 1/2 MILE OR LESS
                                                   8 = SMOKE OR HAZE
[NO. OF DAYS WITH]      [WEATHER - DAYS WITH]      9 = BLOWING SNOW
                                                   X = TORNADO
MAX 32 OR BELOW:   0    0.01 INCH OR MORE:   4
MAX 90 OR ABOVE:   0    0.10 INCH OR MORE:   0
MIN 32 OR BELOW:   0    0.50 INCH OR MORE:   0
MIN  0 OR BELOW:   0    1.00 INCH OR MORE:   0

[HDD (BASE 65) ]
TOTAL THIS MO.    54    CLEAR  (SCALE 0-3)   2
DPTR FM NORMAL   -26    PTCLDY (SCALE 4-7)   9
TOTAL FM JUL 1   409    CLOUDY (SCALE 8-10)  8
DPTR FM NORMAL   -70

[CDD (BASE 65) ]
TOTAL THIS MO.    91
DPTR FM NORMAL    39    [PRESSURE DATA]
TOTAL FM JAN 1   149    HIGHEST SLP M ON M
DPTR FM NORMAL    38    LOWEST  SLP 29.57 ON 16

[REMARKS]
