000
CXAK56 PAFG 171433
CF6BRW
PRELIMINARY LOCAL CLIMATOLOGICAL DATA (WS FORM: F-6)

                                          STATION:   UTQIAGVIK (BARROW) AK
                                          MONTH:     AUGUST
                                          YEAR:      2019
                                          LATITUDE:   71 17 N
                                          LONGITUDE: 156 47 W

  TEMPERATURE IN F:       :PCPN:    SNOW:  WIND      :SUNSHINE: SKY     :PK WND
================================================================================
1   2   3   4   5  6A  6B    7    8   9   10  11  12  13   14  15   16   17  18
                                     12Z  AVG MX 2MIN
DY MAX MIN AVG DEP HDD CDD  WTR  SNW DPTH SPD SPD DIR MIN PSBL S-S WX    SPD DR
================================================================================

 1  50  45  48   7  17   0 0.43  0.0    0 28.0 38 270   M    M   7 1      48 260
 2  48  43  46   6  19   0 0.00  0.0    0 12.8 25 280   M    M   9 1      30 280
 3  47  40  44   4  21   0 0.20  0.0    0 18.5 28  30   M    M  10 1      32  40
 4  45  40  43   3  22   0 0.01  0.0    0 14.1 23 300   M    M   9 18     26 300
 5  46  43  45   5  20   0 0.00  0.0    0  5.0 13  60   M    M  10        14  60
 6  45  39  42   2  23   0 0.00  0.0    0  6.9 12 100   M    M  10 1      14 110
 7  52  39  46   6  19   0 0.01  0.0    0 13.7 20 130   M    M   9 12     24 120
 8  47  43  45   5  20   0 0.48  0.0    0 18.3 25  80   M    M  10 1      31 100
 9  45  40  43   3  22   0 0.00  0.0    0  9.3 18  70   M    M  10 12     23  70
10  45  41  43   3  22   0 0.02  0.0    0 11.9 17 320   M    M  10 1      21 300
11  46  43  45   5  20   0 0.04  0.0    0 17.2 32 290   M    M  10 1      39 290
12  47  43  45   5  20   0 0.18  0.0    0  9.1 15 100   M    M  10 1      19 110
13  48  45  47   7  18   0 0.34  0.0    0 11.6 17  90   M    M  10 1      20  90
14  45  40  43   4  22   0 0.25  0.0    0 14.2 24  60   M    M   9 1      29  60
15  47  39  43   4  22   0 0.00  0.0    0  6.3 14  70   M    M  10 18     16  70
16  44  39  42   3  23   0 0.00  0.0    0 14.1 21 360   M    M   6        26 360
================================================================================
SM  747  662       330   0  1.96     0.0 211.0          M      149
================================================================================
AV 46.7 41.4                              13.2 FASTST   M    M   9    MAX(MPH)
                                 MISC ---->  # 38 270               # 48  260
================================================================================
NOTES:
# LAST OF SEVERAL OCCURRENCES

COLUMN 17 PEAK WIND IN M.P.H.

PRELIMINARY LOCAL CLIMATOLOGICAL DATA (WS FORM: F-6) , PAGE 2

                                          STATION:  UTQIAGVIK (BARROW) AK
                                          MONTH:    AUGUST
                                          YEAR:     2019
                                          LATITUDE:   71 17 N
                                          LONGITUDE: 156 47 W

[TEMPERATURE DATA]      [PRECIPITATION DATA]       SYMBOLS USED IN COLUMN 16

AVERAGE MONTHLY: 44.0   TOTAL FOR MONTH:   1.96    1 = FOG OR MIST
DPTR FM NORMAL:   4.2   DPTR FM NORMAL:    1.41    2 = FOG REDUCING VISIBILITY
HIGHEST:    52 ON  7    GRTST 24HR  0.48 ON  8- 8      TO 1/4 MILE OR LESS
LOWEST:     39 ON 16,15                            3 = THUNDER
                        SNOW, ICE PELLETS, HAIL    4 = ICE PELLETS
                        TOTAL MONTH:   0.0 INCH    5 = HAIL
                        GRTST 24HR     0.0         6 = FREEZING RAIN OR DRIZZLE
                        GRTST DEPTH:   0           7 = DUSTSTORM OR SANDSTORM:
                                                       VSBY 1/2 MILE OR LESS
                                                   8 = SMOKE OR HAZE
[NO. OF DAYS WITH]      [WEATHER - DAYS WITH]      9 = BLOWING SNOW
                                                   X = TORNADO
MAX 32 OR BELOW:   0    0.01 INCH OR MORE:  10
MAX 90 OR ABOVE:   0    0.10 INCH OR MORE:   6
MIN 32 OR BELOW:   0    0.50 INCH OR MORE:   0
MIN  0 OR BELOW:   0    1.00 INCH OR MORE:   0

[HDD (BASE 65) ]
TOTAL THIS MO.   330    CLEAR  (SCALE 0-3)   0
DPTR FM NORMAL   -73    PTCLDY (SCALE 4-7)   2
TOTAL FM JUL 1   839    CLOUDY (SCALE 8-10) 14
DPTR FM NORMAL  -313

[CDD (BASE 65) ]
TOTAL THIS MO.     0
DPTR FM NORMAL     0    [PRESSURE DATA]
TOTAL FM JAN 1     0    HIGHEST SLP M ON M
DPTR FM NORMAL     0    LOWEST  SLP 29.35 ON  1

[REMARKS]
