000
CXAK56 PAFG 250941
CF6BRW
PRELIMINARY LOCAL CLIMATOLOGICAL DATA (WS FORM: F-6)

                                          STATION:   UTQIAGVIK (BARROW) AK
                                          MONTH:     APRIL
                                          YEAR:      2019
                                          LATITUDE:   71 17 N
                                          LONGITUDE: 156 47 W

  TEMPERATURE IN F:       :PCPN:    SNOW:  WIND      :SUNSHINE: SKY     :PK WND
================================================================================
1   2   3   4   5  6A  6B    7    8   9   10  11  12  13   14  15   16   17  18
                                     12Z  AVG MX 2MIN
DY MAX MIN AVG DEP HDD CDD  WTR  SNW DPTH SPD SPD DIR MIN PSBL S-S WX    SPD DR
================================================================================

 1   6   0   3  11  62   0 0.00  0.0   11  8.7 16  50   M    M   2 18     18  60
 2   2  -9  -3   4  68   0 0.00  0.0   11 11.7 15  60   M    M   0 1      18  40
 3   1 -12  -5   1  70   0 0.00  0.0   11 10.9 15  70   M    M   0 1      18  70
 4   5 -11  -3   3  68   0 0.00  0.0   10 11.3 13  60   M    M   1 1      16  50
 5   5  -9  -2   3  67   0    T    T   10 11.6 16  50   M    M   1 18     20  60
 6   7  -4   2   7  63   0 0.00  0.0   10 14.2 20  40   M    M   2 18     23  40
 7   8  -2   3   7  62   0 0.00  0.0   10 11.1 15  30   M    M   2 1      18  30
 8   3  -8  -2   1  67   0 0.00  0.0   10  7.5 15  50   M    M   1 18     17  50
 9   2  -9  -3   0  68   0 0.00  0.0    9 14.1 20  60   M    M   6 1      23  50
10   7  -1   3   5  62   0    T    T    9 18.7 23  80   M    M   8 189    27  80
11  11   2   7   8  58   0 0.12    M    M 23.0 30  70   M    M   9 129    39  70
12   6  -2   2   3  63   0    T  0.0    9 24.9 33  60   M    M   3 189    38  50
13   7   0   4   4  61   0 0.01  0.0    9 21.4 29  70   M    M  10 19     33  70
14  10   6   8   7  57   0    T    T    9 10.0 18  80   M    M  10 189    20  80
15  14   9  12  11  53   0 0.01    M    9  3.5  8  40   M    M  10 1      10  40
16  13   8  11   9  54   0 0.02  0.2    9 10.4 18  30   M    M   8 18     21  20
17  13   2   8   5  57   0    M    M    9 17.4 26  30   M    M   5 19     32  30
18   6  -3   2  -1  63   0    T    T    9 14.9 20  30   M    M   4 18     23  30
19  11   2   7   3  58   0    T    T    9  7.4 13  70   M    M   4 1      14  70
20  14   1   8   3  57   0 0.02    M    M  6.0 10  70   M    M   8 12     12  40
21  14  -1   7   1  58   0 0.00  0.0    M  7.7 14  40   M    M   3 12     16  40
22  22   3  13   7  52   0 0.03    M    M 20.1 30  60   M    M   7 1      35  60
23  16   7  12   5  53   0 0.00  0.0    9 21.2 28  60   M    M   0        33  50
24  17   0   9   1  56   0 0.00  0.0    9 17.8 26  80   M    M   1        32  70
================================================================================
SM  220  -31      1457   0  0.21     0.2 325.5          M      105
================================================================================
AV  9.2 -1.3                              13.6 FASTST   M    M   4    MAX(MPH)
                                 MISC ---->  # 33  60               # 39   70
================================================================================
NOTES:
# LAST OF SEVERAL OCCURRENCES

COLUMN 17 PEAK WIND IN M.P.H.

PRELIMINARY LOCAL CLIMATOLOGICAL DATA (WS FORM: F-6) , PAGE 2

                                          STATION:  UTQIAGVIK (BARROW) AK
                                          MONTH:    APRIL
                                          YEAR:     2019
                                          LATITUDE:   71 17 N
                                          LONGITUDE: 156 47 W

[TEMPERATURE DATA]      [PRECIPITATION DATA]       SYMBOLS USED IN COLUMN 16

AVERAGE MONTHLY:  3.9   TOTAL FOR MONTH:   0.21    1 = FOG OR MIST
DPTR FM NORMAL:     M   DPTR FM NORMAL:    0.08    2 = FOG REDUCING VISIBILITY
HIGHEST:    22 ON 22    GRTST 24HR  0.12 ON 11-11      TO 1/4 MILE OR LESS
LOWEST:    -12 ON  3                               3 = THUNDER
                        SNOW, ICE PELLETS, HAIL    4 = ICE PELLETS
                        TOTAL MONTH:   0.2 INCH    5 = HAIL
                        GRTST 24HR   0.2 ON 16-16  6 = FREEZING RAIN OR DRIZZLE
                        GRTST DEPTH:  11 ON  3, 2  7 = DUSTSTORM OR SANDSTORM:
                                                       VSBY 1/2 MILE OR LESS
                                                   8 = SMOKE OR HAZE
[NO. OF DAYS WITH]      [WEATHER - DAYS WITH]      9 = BLOWING SNOW
                                                   X = TORNADO
MAX 32 OR BELOW:  24    0.01 INCH OR MORE:   6
MAX 90 OR ABOVE:   0    0.10 INCH OR MORE:   1
MIN 32 OR BELOW:  24    0.50 INCH OR MORE:   0
MIN  0 OR BELOW:  15    1.00 INCH OR MORE:   0

[HDD (BASE 65) ]
TOTAL THIS MO.  1457    CLEAR  (SCALE 0-3)  10
DPTR FM NORMAL  -108    PTCLDY (SCALE 4-7)  10
TOTAL FM JUL 1 14764    CLOUDY (SCALE 8-10)  4
DPTR FM NORMAL -2065

[CDD (BASE 65) ]
TOTAL THIS MO.     0
DPTR FM NORMAL     0    [PRESSURE DATA]
TOTAL FM JAN 1     0    HIGHEST SLP M ON M
DPTR FM NORMAL     0    LOWEST  SLP 29.79 ON M

[REMARKS]
