000
CXUS53 KGRR 191017
CF6BTL
PRELIMINARY LOCAL CLIMATOLOGICAL DATA (WS FORM: F-6)

                                          STATION:   BATTLE CREEK
                                          MONTH:     APRIL
                                          YEAR:      2019
                                          LATITUDE:   42 17 N
                                          LONGITUDE:  85 14 W

  TEMPERATURE IN F:       :PCPN:    SNOW:  WIND      :SUNSHINE: SKY     :PK WND
================================================================================
1   2   3   4   5  6A  6B    7    8   9   10  11  12  13   14  15   16   17  18
                                     12Z  AVG MX 2MIN
DY MAX MIN AVG DEP HDD CDD  WTR  SNW DPTH SPD SPD DIR MIN PSBL S-S WX    SPD DR
================================================================================

 1  45  20  33  -9  32   0 0.00    M    M 11.1 23 220   M    M   2        29 220
 2  58  34  46   3  19   0    T    M    M 13.6 28 220   M    M   5        42 260
 3  54  38  46   3  19   0 0.00    M    M 14.1 26 310   M    M   0        38 310
 4  48  36  42  -2  23   0 0.01    M    M  9.5 17 110   M    M   9        23 110
 5  54  35  45   1  20   0 0.02    M    M  3.4 12  90   M    M   8 1      17  90
 6  66  34  50   6  15   0 0.00    M    M  2.8 12 150   M    M   5 128    15 150
 7  72  44  58  13   7   0 0.02    M    M 10.0 21 200   M    M   2        31 210
 8  70  51  61  16   4   0 0.00    M    M 10.1 22 280   M    M   5        30 260
 9  63  44  54   8  11   0 0.00    M    M 14.0 28 300   M    M   2        37 300
10  45  34  40  -6  25   0 0.09    M    M 10.3 18  70   M    M   8 1      26  70
11  52  33  43  -3  22   0 0.00    M    M 16.1 25 100   M    M   5        40  90
12  58  43  51   4  14   0 0.32    M    M 14.5 35 220   M    M   6 138    49 230
13  52  34  43  -4  22   0 0.00    M    M 12.6 24 250   M    M   0        32 240
14  39  32  36 -12  29   0 0.57    M    0 12.8 23  40   M    M   9 13     35  40
15  52  32  42  -6  23   0    T    M    M 10.7 20 320   M    M   4        29 340
16  69  42  56   8   9   0    T    M    M  8.3 17 210   M    M   7        23 210
17  65  48  57   8   8   0 0.05    M    0 10.6 22 150   M    M   7 3      29 140
18  65  41  53   4  12   0 0.54    M    0 14.2 31 200   M    M   9 13     41 200
================================================================================
SM 1027  675       314   0  1.62    M    198.7          M       93
================================================================================
AV 57.1 37.5                              11.0 FASTST   M    M   5    MAX(MPH)
                                 MISC ---->  # 35 220               # 49  230
================================================================================
NOTES:
# LAST OF SEVERAL OCCURRENCES

COLUMN 17 PEAK WIND IN M.P.H.

PRELIMINARY LOCAL CLIMATOLOGICAL DATA (WS FORM: F-6) , PAGE 2

                                          STATION:  BATTLE CREEK
                                          MONTH:    APRIL
                                          YEAR:     2019
                                          LATITUDE:   42 17 N
                                          LONGITUDE:  85 14 W

[TEMPERATURE DATA]      [PRECIPITATION DATA]       SYMBOLS USED IN COLUMN 16

AVERAGE MONTHLY: 47.3   TOTAL FOR MONTH:   1.62    1 = FOG OR MIST
DPTR FM NORMAL:   1.5   DPTR FM NORMAL:   -0.04    2 = FOG REDUCING VISIBILITY
HIGHEST:    72 ON  7    GRTST 24HR  0.57 ON 14-14      TO 1/4 MILE OR LESS
LOWEST:     20 ON  1                               3 = THUNDER
                        SNOW, ICE PELLETS, HAIL    4 = ICE PELLETS
                        TOTAL MONTH:    M          5 = HAIL
                        GRTST 24HR    M  ON   M    6 = FREEZING RAIN OR DRIZZLE
                        GRTST DEPTH:   0           7 = DUSTSTORM OR SANDSTORM:
                                                       VSBY 1/2 MILE OR LESS
                                                   8 = SMOKE OR HAZE
[NO. OF DAYS WITH]      [WEATHER - DAYS WITH]      9 = BLOWING SNOW
                                                   X = TORNADO
MAX 32 OR BELOW:   0    0.01 INCH OR MORE:   8
MAX 90 OR ABOVE:   0    0.10 INCH OR MORE:   3
MIN 32 OR BELOW:   3    0.50 INCH OR MORE:   2
MIN  0 OR BELOW:   0    1.00 INCH OR MORE:   0

[HDD (BASE 65) ]
TOTAL THIS MO.   314    CLEAR  (SCALE 0-3)   5
DPTR FM NORMAL   -33    PTCLDY (SCALE 4-7)   9
TOTAL FM JUL 1  6019    CLOUDY (SCALE 8-10)  4
DPTR FM NORMAL  -203

[CDD (BASE 65) ]
TOTAL THIS MO.     0
DPTR FM NORMAL     0    [PRESSURE DATA]
TOTAL FM JAN 1     0    HIGHEST SLP M ON M
DPTR FM NORMAL     0    LOWEST  SLP 29.50 ON 18

[REMARKS]
