000
CXUS55 KMSO 230900
CF6BTM
PRELIMINARY LOCAL CLIMATOLOGICAL DATA (WS FORM: F-6)

                                          STATION:   BUTTE MT
                                          MONTH:     AUGUST
                                          YEAR:      2019
                                          LATITUDE:   45 57 N
                                          LONGITUDE: 112 30 W

  TEMPERATURE IN F:       :PCPN:    SNOW:  WIND      :SUNSHINE: SKY     :PK WND
================================================================================
1   2   3   4   5  6A  6B    7    8   9   10  11  12  13   14  15   16   17  18
                                     12Z  AVG MX 2MIN
DY MAX MIN AVG DEP HDD CDD  WTR  SNW DPTH SPD SPD DIR MIN PSBL S-S WX    SPD DR
================================================================================

 1  88  48  68   4   0   3    T    M    M  6.7 37 140   M    M   1 3      62 130
 2  85  46  66   2   0   1 0.11    M    M  6.6 39 190   M    M   3 3      50 200
 3  86  46  66   2   0   1 0.00    M    M  6.0 18 280   M    M   1        25 260
 4  90  49  70   6   0   5 0.00    M    M  5.3 20 330   M    M   1        24 330
 5  89  52  71   7   0   6    T    M    M  7.5 23 320   M    M   2 3      30 300
 6  86  49  68   4   0   3 0.00    M    M  4.0 24 330   M    M   2        31 330
 7  87  48  68   4   0   3    T    M    M  3.9 24 230   M    M   1 3      38 250
 8  87  50  69   5   0   4    T    M    M  4.9 21 150   M    M   4        23 300
 9  71  56  64   0   1   0 0.09    M    M  3.9 13 190   M    M   7 3      17 180
10  79  51  65   2   0   0 0.73    M    M  5.4 29 260   M    M   5 13     39 260
11  62  48  55  -8  10   0 0.12    M    M  6.5 24 300   M    M   6 3      31 300
12  70  44  57  -6   8   0 0.00    M    M  5.6 16 330   M    M   4        23 330
13  79  40  60  -3   5   0 0.00    M    M  4.8 14 310   M    M   1        18 320
14  78  43  61  -1   4   0 0.00    M    M  6.0 16 310   M    M   2        22 320
15  75  47  61  -1   4   0 0.04    M    M  4.8 32 340   M    M   2 38     42 340
16  75  40  58  -4   7   0 0.00    M    M  5.8 16 330   M    M   1        23 330
17  68  48  58  -4   7   0 0.00    M    M  5.8 17 310   M    M   3        23 310
18  82  40  61  -1   4   0 0.00    M    M  5.8 16 250   M    M   0        22 260
19  89  43  66   5   0   1 0.00    M    M  6.7 20 260   M    M   0        27 270
20  88  46  67   6   0   2    T    M    M  4.6 22 160   M    M   1 3      26 160
21  87  48  68   7   0   3 0.00    M    M  4.1 12 140   M    M   0        15 150
22  68  53  61   0   4   0 0.24    M    M  6.3 17 280   M    M   6 1      24 270
================================================================================
SM 1769 1035        54  32  1.33    M    121.0          M       53
================================================================================
AV 80.4 47.1                               5.5 FASTST   M    M   2    MAX(MPH)
                                 MISC ---->  # 39 190               # 62  130
================================================================================
NOTES:
# LAST OF SEVERAL OCCURRENCES

COLUMN 17 PEAK WIND IN M.P.H.

PRELIMINARY LOCAL CLIMATOLOGICAL DATA (WS FORM: F-6) , PAGE 2

                                          STATION:  BUTTE MT
                                          MONTH:    AUGUST
                                          YEAR:     2019
                                          LATITUDE:   45 57 N
                                          LONGITUDE: 112 30 W

[TEMPERATURE DATA]      [PRECIPITATION DATA]       SYMBOLS USED IN COLUMN 16

AVERAGE MONTHLY: 63.7   TOTAL FOR MONTH:   1.33    1 = FOG OR MIST
DPTR FM NORMAL:   0.9   DPTR FM NORMAL:    0.36    2 = FOG REDUCING VISIBILITY
HIGHEST:    90 ON  4    GRTST 24HR  0.73 ON 10-10      TO 1/4 MILE OR LESS
LOWEST:     40 ON 18,16                            3 = THUNDER
                        SNOW, ICE PELLETS, HAIL    4 = ICE PELLETS
                        TOTAL MONTH:    M          5 = HAIL
                        GRTST 24HR    M  ON   M    6 = FREEZING RAIN OR DRIZZLE
                        GRTST DEPTH:  M  ON   M    7 = DUSTSTORM OR SANDSTORM:
                                                       VSBY 1/2 MILE OR LESS
                                                   8 = SMOKE OR HAZE
[NO. OF DAYS WITH]      [WEATHER - DAYS WITH]      9 = BLOWING SNOW
                                                   X = TORNADO
MAX 32 OR BELOW:   0    0.01 INCH OR MORE:   6
MAX 90 OR ABOVE:   1    0.10 INCH OR MORE:   4
MIN 32 OR BELOW:   0    0.50 INCH OR MORE:   1
MIN  0 OR BELOW:   0    1.00 INCH OR MORE:   0

[HDD (BASE 65) ]
TOTAL THIS MO.    54    CLEAR  (SCALE 0-3)  16
DPTR FM NORMAL   -17    PTCLDY (SCALE 4-7)   6
TOTAL FM JUL 1   131    CLOUDY (SCALE 8-10)  0
DPTR FM NORMAL   -40

[CDD (BASE 65) ]
TOTAL THIS MO.    32
DPTR FM NORMAL     8    [PRESSURE DATA]
TOTAL FM JAN 1    80    HIGHEST SLP M ON M
DPTR FM NORMAL     5    LOWEST  SLP 29.66 ON 21

[REMARKS]
