000
CXUS55 KLIX 251000
CF6BTR
PRELIMINARY LOCAL CLIMATOLOGICAL DATA (WS FORM: F-6)

                                          STATION:   BATON ROUGE  ASOS
                                          MONTH:     APRIL
                                          YEAR:      2019
                                          LATITUDE:   30 31 N
                                          LONGITUDE:  91  9 W

  TEMPERATURE IN F:       :PCPN:    SNOW:  WIND      :SUNSHINE: SKY     :PK WND
================================================================================
1   2   3   4   5  6A  6B    7    8   9   10  11  12  13   14  15   16   17  18
                                     12Z  AVG MX 2MIN
DY MAX MIN AVG DEP HDD CDD  WTR  SNW DPTH SPD SPD DIR MIN PSBL S-S WX    SPD DR
================================================================================

 1  67  38  53 -12  12   0 0.00  0.0    0  6.7 18 280   M    M   2        27 280
 2  69  39  54 -11  11   0 0.00  0.0    0  4.0 13 260   M    M   0        17 260
 3  75  42  59  -6   6   0    T  0.0    0  8.0 17 140   M    M   3        23 130
 4  63  61  62  -3   3   0 2.00  0.0    0  8.6 26 110   M    M   9 13     33 110
 5  79  62  71   5   0   6    T  0.0    0  4.6  8  80   M    M   9 1      11  70
 6  86  68  77  11   0  12 0.03  0.0    0 11.2 22 170   M    M   6 128    28 180
 7  86  65  76  10   0  11 1.69  0.0    0 11.5 35 270   M    M   8 138    43 260
 8  77  63  70   4   0   5 0.07  0.0    0 10.5 23 200   M    M   8 1      29 200
 9  84  60  72   6   0   7 0.00  0.0    0  6.1 16 310   M    M   3 128    25 320
10  85  55  70   3   0   5 0.00  0.0    0  6.0 16 220   M    M   0 1      20 180
11  84  62  73   6   0   8 0.00  0.0    0 10.7 23 170   M    M   2 18     29 180
12  80  64  72   5   0   7    T  0.0    0  7.8 16  80   M    M   7        22  80
13  85  66  76   9   0  11 1.09  0.0    0 17.2 37 150   M    M   9 138    48 140
14  66  48  57 -11   8   0 0.00  0.0    0 11.8 29 270   M    M   4        36 270
15  77  46  62  -6   3   0 0.00  0.0    0  2.9 14 220   M    M   0        17 220
16  81  49  65  -3   0   0 0.00  0.0    0  6.2 16 140   M    M   0        25 150
17  82  60  71   3   0   6 0.00  0.0    0  7.9 16 120   M    M   2        22 110
18  76  59  68  -1   0   3 4.82  0.0    0  9.6 23 350   M    M   8 123    33 360
19  68  52  60  -9   5   0 0.03  0.0    0  9.5 26 270   M    M   4 3      33 270
20  72  49  61  -8   4   0 0.00  0.0    0  6.7 17 270   M    M   0        22 270
21  80  47  64  -5   1   0 0.00  0.0    0  4.4 16 190   M    M   0        19 190
22  81  49  65  -5   0   0 0.00  0.0    0  6.4 14 150   M    M   0        22 180
23  79  59  69  -1   0   4 0.00  0.0    0  4.9 14 100   M    M   0        17 100
24  83  64  74   4   0   9    T  0.0    0  9.0 20 160   M    M   5        25 160
================================================================================
SM 1865 1327        53  94  9.73     0.0 192.2          M       89
================================================================================
AV 77.7 55.3                               8.0 FASTST   M    M   4    MAX(MPH)
                                 MISC ---->  # 37 150               # 48  140
================================================================================
NOTES:
# LAST OF SEVERAL OCCURRENCES

COLUMN 17 PEAK WIND IN M.P.H.

PRELIMINARY LOCAL CLIMATOLOGICAL DATA (WS FORM: F-6) , PAGE 2

                                          STATION:  BATON ROUGE  ASOS
                                          MONTH:    APRIL
                                          YEAR:     2019
                                          LATITUDE:   30 31 N
                                          LONGITUDE:  91  9 W

[TEMPERATURE DATA]      [PRECIPITATION DATA]       SYMBOLS USED IN COLUMN 16

AVERAGE MONTHLY: 66.5   TOTAL FOR MONTH:   9.73    1 = FOG OR MIST
DPTR FM NORMAL:  -0.8   DPTR FM NORMAL:    6.10    2 = FOG REDUCING VISIBILITY
HIGHEST:    86 ON  7, 6 GRTST 24HR  4.82 ON 18-18      TO 1/4 MILE OR LESS
LOWEST:     38 ON  1                               3 = THUNDER
                        SNOW, ICE PELLETS, HAIL    4 = ICE PELLETS
                        TOTAL MONTH:   0.0 INCH    5 = HAIL
                        GRTST 24HR     0.0         6 = FREEZING RAIN OR DRIZZLE
                        GRTST DEPTH:   0           7 = DUSTSTORM OR SANDSTORM:
                                                       VSBY 1/2 MILE OR LESS
                                                   8 = SMOKE OR HAZE
[NO. OF DAYS WITH]      [WEATHER - DAYS WITH]      9 = BLOWING SNOW
                                                   X = TORNADO
MAX 32 OR BELOW:   0    0.01 INCH OR MORE:   7
MAX 90 OR ABOVE:   0    0.10 INCH OR MORE:   4
MIN 32 OR BELOW:   0    0.50 INCH OR MORE:   4
MIN  0 OR BELOW:   0    1.00 INCH OR MORE:   4

[HDD (BASE 65) ]
TOTAL THIS MO.    53    CLEAR  (SCALE 0-3)  12
DPTR FM NORMAL     5    PTCLDY (SCALE 4-7)   9
TOTAL FM JUL 1  1391    CLOUDY (SCALE 8-10)  3
DPTR FM NORMAL  -159

[CDD (BASE 65) ]
TOTAL THIS MO.    94
DPTR FM NORMAL    -9    [PRESSURE DATA]
TOTAL FM JAN 1   226    HIGHEST SLP M ON M
DPTR FM NORMAL    34    LOWEST  SLP 29.54 ON 13

[REMARKS]
