000
CXAK56 PAFG 250945
CF6BTT
PRELIMINARY LOCAL CLIMATOLOGICAL DATA (WS FORM: F-6)

                                          STATION:   BETTLES AK
                                          MONTH:     JUNE
                                          YEAR:      2019
                                          LATITUDE:   66 55 N
                                          LONGITUDE: 151 31 W

  TEMPERATURE IN F:       :PCPN:    SNOW:  WIND      :SUNSHINE: SKY     :PK WND
================================================================================
1   2   3   4   5  6A  6B    7    8   9   10  11  12  13   14  15   16   17  18
                                     12Z  AVG MX 2MIN
DY MAX MIN AVG DEP HDD CDD  WTR  SNW DPTH SPD SPD DIR MIN PSBL S-S WX    SPD DR
================================================================================

 1  74  44  59   6   6   0 0.00  0.0    0  1.8  9  20   M    M   6        14  10
 2  76  48  62   8   3   0 0.00  0.0    0  4.6 14 170   M    M   3        21 150
 3  71  47  59   5   6   0 0.00  0.0    0  4.1 10 230   M    M   5        14 170
 4  68  49  59   4   6   0 0.04  0.0    0  4.4 13 100   M    M   5 3      20 330
 5  69  47  58   3   7   0 0.56    T    0  5.7 17  20   M    M   6 1358   25  30
 6  68  48  58   2   7   0 0.00  0.0    0  4.9 69 190   M    M   6 3      69 190
 7  68  46  57   1   8   0 0.03  0.0    0  2.4 12 250   M    M   6 3      17 260
 8  72  45  59   3   6   0    T  0.0    0  3.6 14 250   M    M   4 3      20 220
 9  73  46  60   3   5   0 0.04  0.0    0  3.6 10 210   M    M   4 3       M  M
10  73  44  59   2   6   0 0.29  0.0    0  4.3 15 240   M    M   5 13     21 210
11  69  44  57  -1   8   0 0.02  0.0    0  4.2 17 260   M    M   4        22 240
12  74  43  59   1   6   0 0.00  0.0    0  5.1 16 270   M    M   7        22 260
13  77  46  62   4   3   0 0.00  0.0    0  3.7 14 270   M    M   6        19 280
14  65  43  54  -5  11   0 0.02  0.0    0  4.9 14  30   M    M   8        21  20
15  71  46  59   0   6   0 0.08  0.0    0  4.3 16  30   M    M   6 1      27  20
16  78  42  60   1   5   0 0.00  0.0    0  2.0 12 340   M    M   3        19 330
17  71  50  61   1   4   0 0.02  0.0    0  8.4 17  40   M    M   7        27  20
18  77  47  62   2   3   0 0.00  0.0    0  5.0 13  40   M    M   2        18  40
19  81  51  66   6   0   1 0.00  0.0    0  2.9  9 210   M    M   2        15 200
20  83  57  70  10   0   5 0.00  0.0    0  3.9 12 220   M    M   3        16 240
21  83  54  69   9   0   4 0.00  0.0    0  4.4 14 270   M    M   4        18 210
22  79  50  65   5   0   0 0.00  0.0    0  4.2  8 230   M    M   4         M  M
23  74  52  63   2   2   0 0.00  0.0    0  8.1 16 240   M    M   4        22 240
24  72  49  61   0   4   0    T  0.0    0  5.6 15 220   M    M   6 3      24 350
================================================================================
SM 1766 1138       112  10  1.10    T    106.1          M      116
================================================================================
AV 73.6 47.4                               4.4 FASTST   M    M   5    MAX(MPH)
                                 MISC ---->  # 69 190               # 69  190
================================================================================
NOTES:
# LAST OF SEVERAL OCCURRENCES

COLUMN 17 PEAK WIND IN M.P.H.

PRELIMINARY LOCAL CLIMATOLOGICAL DATA (WS FORM: F-6) , PAGE 2

                                          STATION:  BETTLES AK
                                          MONTH:    JUNE
                                          YEAR:     2019
                                          LATITUDE:   66 55 N
                                          LONGITUDE: 151 31 W

[TEMPERATURE DATA]      [PRECIPITATION DATA]       SYMBOLS USED IN COLUMN 16

AVERAGE MONTHLY: 60.5   TOTAL FOR MONTH:   1.10    1 = FOG OR MIST
DPTR FM NORMAL:   2.8   DPTR FM NORMAL:    0.00    2 = FOG REDUCING VISIBILITY
HIGHEST:    83 ON 21,20 GRTST 24HR  0.56 ON  5- 5      TO 1/4 MILE OR LESS
LOWEST:     42 ON 16                               3 = THUNDER
                        SNOW, ICE PELLETS, HAIL    4 = ICE PELLETS
                        TOTAL MONTH:    T          5 = HAIL
                        GRTST 24HR    T  ON  5- 5  6 = FREEZING RAIN OR DRIZZLE
                        GRTST DEPTH:   0           7 = DUSTSTORM OR SANDSTORM:
                                                       VSBY 1/2 MILE OR LESS
                                                   8 = SMOKE OR HAZE
[NO. OF DAYS WITH]      [WEATHER - DAYS WITH]      9 = BLOWING SNOW
                                                   X = TORNADO
MAX 32 OR BELOW:   0    0.01 INCH OR MORE:   9
MAX 90 OR ABOVE:   0    0.10 INCH OR MORE:   2
MIN 32 OR BELOW:   0    0.50 INCH OR MORE:   1
MIN  0 OR BELOW:   0    1.00 INCH OR MORE:   0

[HDD (BASE 65) ]
TOTAL THIS MO.   112    CLEAR  (SCALE 0-3)   4
DPTR FM NORMAL   -70    PTCLDY (SCALE 4-7)  20
TOTAL FM JUL 1 13193    CLOUDY (SCALE 8-10)  0
DPTR FM NORMAL -1955

[CDD (BASE 65) ]
TOTAL THIS MO.    10
DPTR FM NORMAL     3    [PRESSURE DATA]
TOTAL FM JAN 1    10    HIGHEST SLP M ON M
DPTR FM NORMAL     2    LOWEST  SLP 29.67 ON 13

[REMARKS]
