000
CXAK56 PAFG 250941
CF6BTT
PRELIMINARY LOCAL CLIMATOLOGICAL DATA (WS FORM: F-6)

                                          STATION:   BETTLES AK
                                          MONTH:     APRIL
                                          YEAR:      2019
                                          LATITUDE:   66 55 N
                                          LONGITUDE: 151 31 W

  TEMPERATURE IN F:       :PCPN:    SNOW:  WIND      :SUNSHINE: SKY     :PK WND
================================================================================
1   2   3   4   5  6A  6B    7    8   9   10  11  12  13   14  15   16   17  18
                                     12Z  AVG MX 2MIN
DY MAX MIN AVG DEP HDD CDD  WTR  SNW DPTH SPD SPD DIR MIN PSBL S-S WX    SPD DR
================================================================================

 1  46  15  31  19  34   0 0.00  0.0   40  4.8  9 350   M    M   1        13 350
 2  34  14  24  11  41   0 0.00  0.0   40  6.2 15  30   M    M   4        18  30
 3  26   1  14   0  51   0 0.00  0.0   40  7.2 15  50   M    M   0        20  60
 4  32   2  17   3  48   0 0.00  0.0   40  6.6 16  50   M    M   0        26  80
 5  33  -4  15   0  50   0 0.00  0.0   40  4.2 13  80   M    M   1        21  70
 6  33  -2  16   0  49   0 0.00  0.0   40  5.5 15  50   M    M   3        21  40
 7  28   7  18   1  47   0 0.00  0.0   39  7.5 12 310   M    M   8        15 310
 8  37   8  23   5  42   0 0.00  0.0   39  7.3 13  30   M    M   4        18  10
 9  40  14  27   9  38   0 0.01  0.2   38  4.5 10 320   M    M   5 1      13 310
10  40   5  23   4  42   0 0.00  0.0   38  3.2  8  30   M    M   4 1      11  30
11  44  19  32  12  33   0    M    M   38  7.8 13  50   M    M   2        25  50
12  39  28  34  13  31   0 0.04  0.9   38  3.6 12  60   M    M   8 1      19  70
13  37  27  32  11  33   0 0.05  0.2   37  2.1 13  50   M    M   9 18     16  40
14  39  29  34  12  31   0    T    T   37  3.7  7 130   M    M  10 16      9 130
15  36  27  32   9  33   0    T    T   36  4.6 12 130   M    M  10        17 120
16  35  23  29   5  36   0 0.02  0.4   36  9.0 16  40   M    M  10 1      22  50
17  34  19  27   3  38   0 0.09  1.7   37  4.9 10 360   M    M  10 1      16 350
18  32  19  26   1  39   0 0.02  0.4   38  9.0 18  10   M    M   8 1      24  30
19  35  14  25  -1  40   0 0.06  0.9   37  3.5 13  20   M    M   9 1      17  10
20  36  14  25  -2  40   0 0.00  0.0   38  3.3  7 150   M    M   7 1      10 150
21  42  10  26  -2  39   0 0.00  0.0   37 11.2 22  30   M    M   5 1      32  30
22  44  26  35   7  30   0 0.00  0.0   36 11.2 23  40   M    M   9        34  40
23  39  23  31   2  34   0 0.09  1.3   36  5.4 12 260   M    M  10 1      17  20
24  35  21  28  -2  37   0 0.03  1.1   37  3.6 10 140   M    M  10 1      13 140
================================================================================
SM  876  359       936   0  0.41     7.1 139.9          M      147
================================================================================
AV 36.5 15.0                               5.8 FASTST   M    M   6    MAX(MPH)
                                 MISC ---->  # 23  40               # 34   40
================================================================================
NOTES:
# LAST OF SEVERAL OCCURRENCES

COLUMN 17 PEAK WIND IN M.P.H.

PRELIMINARY LOCAL CLIMATOLOGICAL DATA (WS FORM: F-6) , PAGE 2

                                          STATION:  BETTLES AK
                                          MONTH:    APRIL
                                          YEAR:     2019
                                          LATITUDE:   66 55 N
                                          LONGITUDE: 151 31 W

[TEMPERATURE DATA]      [PRECIPITATION DATA]       SYMBOLS USED IN COLUMN 16

AVERAGE MONTHLY: 25.7   TOTAL FOR MONTH:   0.41    1 = FOG OR MIST
DPTR FM NORMAL:   4.7   DPTR FM NORMAL:   -0.06    2 = FOG REDUCING VISIBILITY
HIGHEST:    46 ON  1    GRTST 24HR  0.09 ON 23-23      TO 1/4 MILE OR LESS
LOWEST:     -4 ON  5                               3 = THUNDER
                        SNOW, ICE PELLETS, HAIL    4 = ICE PELLETS
                        TOTAL MONTH:   7.1 INCHES  5 = HAIL
                        GRTST 24HR   1.7 ON 17-17  6 = FREEZING RAIN OR DRIZZLE
                        GRTST DEPTH:  40 ON  6, 5  7 = DUSTSTORM OR SANDSTORM:
                                                       VSBY 1/2 MILE OR LESS
                                                   8 = SMOKE OR HAZE
[NO. OF DAYS WITH]      [WEATHER - DAYS WITH]      9 = BLOWING SNOW
                                                   X = TORNADO
MAX 32 OR BELOW:   4    0.01 INCH OR MORE:   9
MAX 90 OR ABOVE:   0    0.10 INCH OR MORE:   0
MIN 32 OR BELOW:  24    0.50 INCH OR MORE:   0
MIN  0 OR BELOW:   2    1.00 INCH OR MORE:   0

[HDD (BASE 65) ]
TOTAL THIS MO.   936    CLEAR  (SCALE 0-3)   6
DPTR FM NORMAL  -120    PTCLDY (SCALE 4-7)   8
TOTAL FM JUL 1 12320    CLOUDY (SCALE 8-10) 10
DPTR FM NORMAL -1811

[CDD (BASE 65) ]
TOTAL THIS MO.     0
DPTR FM NORMAL     0    [PRESSURE DATA]
TOTAL FM JAN 1     0    HIGHEST SLP M ON M
DPTR FM NORMAL     0    LOWEST  SLP 29.79 ON M

[REMARKS]
