000
CXUS51 KBTV 220700
CF6BTV
PRELIMINARY LOCAL CLIMATOLOGICAL DATA (WS FORM: F-6)

                                          STATION:   BURLINGTON VT
                                          MONTH:     AUGUST
                                          YEAR:      2019
                                          LATITUDE:   44 28 N
                                          LONGITUDE:  73  9 W

  TEMPERATURE IN F:       :PCPN:    SNOW:  WIND      :SUNSHINE: SKY     :PK WND
================================================================================
1   2   3   4   5  6A  6B    7    8   9   10  11  12  13   14  15   16   17  18
                                     12Z  AVG MX 2MIN
DY MAX MIN AVG DEP HDD CDD  WTR  SNW DPTH SPD SPD DIR MIN PSBL S-S WX    SPD DR
================================================================================

 1  82  59  71   1   0   6 0.00  0.0    0  4.0 13 350   M    M   1        19 330
 2  85  55  70   0   0   5 0.00  0.0    0  3.5 10 190   M    M   1        14 170
 3  88  57  73   3   0   8    T  0.0    0  4.4 18 340   M    M   5        22 340
 4  78  57  68  -2   0   3    T  0.0    0  6.8 14 350   M    M   4        19 360
 5  82  52  67  -3   0   2 0.00  0.0    0  4.3 12 190   M    M   1        17 160
 6  89  60  75   5   0  10 0.03  0.0    0  9.5 23 280   M    M   4 3      32 290
 7  85  70  78   8   0  13 1.00  0.0    0  7.3 14 190   M    M   7 13     18 190
 8  85  69  77   7   0  12 0.27  0.0    0  7.6 14 290   M    M   7 1      23 290
 9  84  62  73   3   0   8 0.04  0.0    0  7.9 25 300   M    M   6 3      34 280
10  73  56  65  -5   0   0 0.06  0.0    0  8.1 28 330   M    M   5 3      36 320
11  81  54  68  -2   0   3 0.00  0.0    0  5.6 16 290   M    M   5        21 280
12  83  65  74   4   0   9 0.00  0.0    0  8.4 15 190   M    M   5        20 200
13  82  62  72   3   0   7 0.00  0.0    0  5.4 17 360   M    M   6        21 360
14  78  57  68  -1   0   3 0.00  0.0    0  4.6 14 330   M    M   2        20 340
15  80  56  68  -1   0   3 0.00  0.0    0  3.6 10 330   M    M   3        19 320
16  79  65  72   3   0   7 0.01  0.0    0  6.9 16 190   M    M   7        21 130
17  85  66  76   7   0  11 0.23  0.0    0  7.8 17 190   M    M   7 13     22 180
18  84  64  74   5   0   9 0.00  0.0    0  6.7 15 180   M    M   6        19 200
19  87  68  78   9   0  13 0.07  0.0    0  9.4 20 190   M    M   4        26 190
20  84  60  72   4   0   7 0.00  0.0    0  3.6 14 180   M    M   0        18 180
21  77  61  69   1   0   4 0.72  0.0    0  5.1 24 190   M    M   5 13     33 190
================================================================================
SM 1731 1275         0 143  2.43     0.0 130.5          M       91
================================================================================
AV 82.4 60.7                               6.2 FASTST   M    M   4    MAX(MPH)
                                 MISC ---->  # 28 330               # 36  320
================================================================================
NOTES:
# LAST OF SEVERAL OCCURRENCES

COLUMN 17 PEAK WIND IN M.P.H.

PRELIMINARY LOCAL CLIMATOLOGICAL DATA (WS FORM: F-6) , PAGE 2

                                          STATION:  BURLINGTON VT
                                          MONTH:    AUGUST
                                          YEAR:     2019
                                          LATITUDE:   44 28 N
                                          LONGITUDE:  73  9 W

[TEMPERATURE DATA]      [PRECIPITATION DATA]       SYMBOLS USED IN COLUMN 16

AVERAGE MONTHLY: 71.6   TOTAL FOR MONTH:   2.43    1 = FOG OR MIST
DPTR FM NORMAL:   2.1   DPTR FM NORMAL:   -0.36    2 = FOG REDUCING VISIBILITY
HIGHEST:    89 ON  6    GRTST 24HR  1.00 ON  7- 7      TO 1/4 MILE OR LESS
LOWEST:     52 ON  5                               3 = THUNDER
                        SNOW, ICE PELLETS, HAIL    4 = ICE PELLETS
                        TOTAL MONTH:   0.0 INCH    5 = HAIL
                        GRTST 24HR     0.0         6 = FREEZING RAIN OR DRIZZLE
                        GRTST DEPTH:   0           7 = DUSTSTORM OR SANDSTORM:
                                                       VSBY 1/2 MILE OR LESS
                                                   8 = SMOKE OR HAZE
[NO. OF DAYS WITH]      [WEATHER - DAYS WITH]      9 = BLOWING SNOW
                                                   X = TORNADO
MAX 32 OR BELOW:   0    0.01 INCH OR MORE:   9
MAX 90 OR ABOVE:   0    0.10 INCH OR MORE:   4
MIN 32 OR BELOW:   0    0.50 INCH OR MORE:   2
MIN  0 OR BELOW:   0    1.00 INCH OR MORE:   1

[HDD (BASE 65) ]
TOTAL THIS MO.     0    CLEAR  (SCALE 0-3)   6
DPTR FM NORMAL   -17    PTCLDY (SCALE 4-7)  15
TOTAL FM JUL 1     0    CLOUDY (SCALE 8-10)  0
DPTR FM NORMAL   -30

[CDD (BASE 65) ]
TOTAL THIS MO.   143
DPTR FM NORMAL    35    [PRESSURE DATA]
TOTAL FM JAN 1   551    HIGHEST SLP M ON M
DPTR FM NORMAL   140    LOWEST  SLP 29.65 ON  9

[REMARKS]
