000
CXUS51 KBTV 210700
CF6BTV
PRELIMINARY LOCAL CLIMATOLOGICAL DATA (WS FORM: F-6)

                                          STATION:   BURLINGTON VT
                                          MONTH:     APRIL
                                          YEAR:      2019
                                          LATITUDE:   44 28 N
                                          LONGITUDE:  73  9 W

  TEMPERATURE IN F:       :PCPN:    SNOW:  WIND      :SUNSHINE: SKY     :PK WND
================================================================================
1   2   3   4   5  6A  6B    7    8   9   10  11  12  13   14  15   16   17  18
                                     12Z  AVG MX 2MIN
DY MAX MIN AVG DEP HDD CDD  WTR  SNW DPTH SPD SPD DIR MIN PSBL S-S WX    SPD DR
================================================================================

 1  39  26  33  -5  32   0    T  0.1    T 13.2 24 330   M    M   4 1      30 330
 2  51  28  40   2  25   0 0.00  0.0    T 11.3 24 180   M    M   5        32 200
 3  56  35  46   7  19   0    T    T    0 13.7 32 260   M    M   5        52 280
 4  40  28  34  -6  31   0 0.00  0.0    0 14.4 28 320   M    M   2        39 320
 5  44  20  32  -8  33   0 0.10  0.8    0  9.1 21 160   M    M   6 18     28 200
 6  52  33  43   3  22   0    T  0.0    0  6.6 18 190   M    M   8        27 190
 7  54  30  42   1  23   0 0.07  0.0    0  2.4 10 340   M    M   8        12 350
 8  49  34  42   1  23   0 0.20  0.0    0  8.9 21 150   M    M  10 18     28 140
 9  39  30  35  -7  30   0 0.21  0.1    0  7.1 17 350   M    M  10 146    22 350
10  39  30  35  -7  30   0 0.01  0.2    0  9.6 20 330   M    M   9 1      24 320
11  48  28  38  -5  27   0 0.00  0.0    0  4.4 14 330   M    M   3        18  20
12  62  34  48   5  17   0 0.09  0.0    0 12.2 30 180   M    M   9 1      42 160
13  72  49  61  17   4   0 0.02  0.0    0 10.0 23 250   M    M   5 1      32 250
14  54  36  45   1  20   0 0.24  0.0    0  5.1 13 120   M    M   6 1      18 340
15  56  37  47   2  18   0 0.30  0.0    0 11.5 23 310   M    M  10 1      34 280
16  49  37  43  -2  22   0 0.00  0.0    0 11.5 24 310   M    M   9        35 280
17  59  31  45  -1  20   0 0.00  0.0    0  3.6 12 330   M    M   2        20 330
18  59  34  47   1  18   0    T  0.0    0 17.4 36 190   M    M   9        47 200
19  73  42  58  12   7   0 0.33  0.0    0 14.9 28 180   M    M   7 1      37 180
20  54  42  48   1  17   0 0.74  0.0    0  5.6 12 190   M    M   9 12     15 190
================================================================================
SM 1049  664       438   0  2.31     1.2 192.5          M      136
================================================================================
AV 52.5 33.2                               9.6 FASTST   M    M   7    MAX(MPH)
                                 MISC ---->  # 36 190               # 52  280
================================================================================
NOTES:
# LAST OF SEVERAL OCCURRENCES

COLUMN 17 PEAK WIND IN M.P.H.

PRELIMINARY LOCAL CLIMATOLOGICAL DATA (WS FORM: F-6) , PAGE 2

                                          STATION:  BURLINGTON VT
                                          MONTH:    APRIL
                                          YEAR:     2019
                                          LATITUDE:   44 28 N
                                          LONGITUDE:  73  9 W

[TEMPERATURE DATA]      [PRECIPITATION DATA]       SYMBOLS USED IN COLUMN 16

AVERAGE MONTHLY: 42.8   TOTAL FOR MONTH:   2.31    1 = FOG OR MIST
DPTR FM NORMAL:   0.3   DPTR FM NORMAL:    0.47    2 = FOG REDUCING VISIBILITY
HIGHEST:    73 ON 19    GRTST 24HR  0.74 ON 20-20      TO 1/4 MILE OR LESS
LOWEST:     20 ON  5                               3 = THUNDER
                        SNOW, ICE PELLETS, HAIL    4 = ICE PELLETS
                        TOTAL MONTH:   1.2 INCHES  5 = HAIL
                        GRTST 24HR   0.8 ON  5- 5  6 = FREEZING RAIN OR DRIZZLE
                        GRTST DEPTH:   0           7 = DUSTSTORM OR SANDSTORM:
                                                       VSBY 1/2 MILE OR LESS
                                                   8 = SMOKE OR HAZE
[NO. OF DAYS WITH]      [WEATHER - DAYS WITH]      9 = BLOWING SNOW
                                                   X = TORNADO
MAX 32 OR BELOW:   0    0.01 INCH OR MORE:  11
MAX 90 OR ABOVE:   0    0.10 INCH OR MORE:   7
MIN 32 OR BELOW:   9    0.50 INCH OR MORE:   1
MIN  0 OR BELOW:   0    1.00 INCH OR MORE:   0

[HDD (BASE 65) ]
TOTAL THIS MO.   438    CLEAR  (SCALE 0-3)   2
DPTR FM NORMAL   -13    PTCLDY (SCALE 4-7)  10
TOTAL FM JUL 1  6892    CLOUDY (SCALE 8-10)  8
DPTR FM NORMAL   -23

[CDD (BASE 65) ]
TOTAL THIS MO.     0
DPTR FM NORMAL     0    [PRESSURE DATA]
TOTAL FM JAN 1     0    HIGHEST SLP M ON M
DPTR FM NORMAL     0    LOWEST  SLP 29.21 ON 15

[REMARKS]
