000
CXUS51 KBTV 230700
CF6BTV
PRELIMINARY LOCAL CLIMATOLOGICAL DATA (WS FORM: F-6)

                                          STATION:   BURLINGTON VT
                                          MONTH:     FEBRUARY
                                          YEAR:      2019
                                          LATITUDE:   44 28 N
                                          LONGITUDE:  73  9 W

  TEMPERATURE IN F:       :PCPN:    SNOW:  WIND      :SUNSHINE: SKY     :PK WND
================================================================================
1   2   3   4   5  6A  6B    7    8   9   10  11  12  13   14  15   16   17  18
                                     12Z  AVG MX 2MIN
DY MAX MIN AVG DEP HDD CDD  WTR  SNW DPTH SPD SPD DIR MIN PSBL S-S WX    SPD DR
================================================================================

 1  19  -1   9 -10  56   0 0.00  0.0   13  7.1 14 280   M    M   3        18 280
 2  21  -5   8 -11  57   0 0.09  1.5   13  6.1 20 190   M    M   7 18     26 190
 3  41  17  29  10  36   0 0.11  0.1   14  3.2 16 190   M    M  10 168    24 190
 4  50  33  42  23  23   0 0.01  0.0   10  6.4 14 190   M    M   8 1       M  M
 5  53  20  37  17  28   0 0.06  0.0    5 13.8 25 290   M    M   7        34 290
 6  35  16  26   6  39   0 0.34  0.2    5  6.5 16 160   M    M   7 146    21 170
 7  39  27  33  13  32   0 0.07    T    4  5.5 16 160   M    M   9 1      22 170
 8  47  22  35  15  30   0    T  0.0    4 17.2 31 180   M    M   7 1      44 180
 9  25  17  21   1  44   0 0.00  0.0    4 12.8 28 290   M    M   4        38 290
10  28  16  22   2  43   0 0.00  0.0    4  7.8 17 290   M    M   3        23 290
11  20   9  15  -6  50   0 0.00  0.0    4  6.1 16 350   M    M   4        19 340
12  20   4  12  -9  53   0 0.51  4.9    3  2.7 10 200   M    M   7 12     12 220
13  34  20  27   6  38   0 0.35  4.6    9  3.6 20 250   M    M  10 128    28 240
14  33  17  25   4  40   0    T    T   10  6.4 17 260   M    M   5        23 280
15  43  26  35  14  30   0 0.12    T    9  7.8 18 300   M    M   9 1      26 310
16  34  18  26   4  39   0    T    T    8 10.3 22 320   M    M   6        26 320
17  20   9  15  -7  50   0 0.00  0.0    7  4.6 10 360   M    M   5        13 350
18  16   1   9 -13  56   0 0.11  3.4    7  7.6 18 320   M    M   9 12     21 330
19  20   2  11 -11  54   0 0.00  0.0   10  4.8 13 350   M    M   2        17 340
20  26  -2  12 -11  53   0 0.02  0.3   10  5.4 15 190   M    M   7 1      20 180
21  41  22  32   9  33   0 0.14  0.8   10 12.7 26 280   M    M  10 1      38 280
22  35  20  28   5  37   0    T    T    9  5.9 15 350   M    M   7        18 320
================================================================================
SM  700  308       921   0  1.93    15.8 164.3          M      146
================================================================================
AV 31.8 14.0                               7.5 FASTST   M    M   7    MAX(MPH)
                                 MISC ---->  # 31 180               # 44  180
================================================================================
NOTES:
# LAST OF SEVERAL OCCURRENCES

COLUMN 17 PEAK WIND IN M.P.H.

PRELIMINARY LOCAL CLIMATOLOGICAL DATA (WS FORM: F-6) , PAGE 2

                                          STATION:  BURLINGTON VT
                                          MONTH:    FEBRUARY
                                          YEAR:     2019
                                          LATITUDE:   44 28 N
                                          LONGITUDE:  73  9 W

[TEMPERATURE DATA]      [PRECIPITATION DATA]       SYMBOLS USED IN COLUMN 16

AVERAGE MONTHLY: 22.9   TOTAL FOR MONTH:   1.93    1 = FOG OR MIST
DPTR FM NORMAL:   2.1   DPTR FM NORMAL:    0.56    2 = FOG REDUCING VISIBILITY
HIGHEST:    53 ON  5    GRTST 24HR  0.51 ON 12-12      TO 1/4 MILE OR LESS
LOWEST:     -5 ON  2                               3 = THUNDER
                        SNOW, ICE PELLETS, HAIL    4 = ICE PELLETS
                        TOTAL MONTH:  15.8 INCHES  5 = HAIL
                        GRTST 24HR   4.9 ON 12-12  6 = FREEZING RAIN OR DRIZZLE
                        GRTST DEPTH:  14 ON  3     7 = DUSTSTORM OR SANDSTORM:
                                                       VSBY 1/2 MILE OR LESS
                                                   8 = SMOKE OR HAZE
[NO. OF DAYS WITH]      [WEATHER - DAYS WITH]      9 = BLOWING SNOW
                                                   X = TORNADO
MAX 32 OR BELOW:  10    0.01 INCH OR MORE:  12
MAX 90 OR ABOVE:   0    0.10 INCH OR MORE:   7
MIN 32 OR BELOW:  21    0.50 INCH OR MORE:   1
MIN  0 OR BELOW:   3    1.00 INCH OR MORE:   0

[HDD (BASE 65) ]
TOTAL THIS MO.   921    CLEAR  (SCALE 0-3)   3
DPTR FM NORMAL   -51    PTCLDY (SCALE 4-7)  13
TOTAL FM JUL 1  5117    CLOUDY (SCALE 8-10)  6
DPTR FM NORMAL   -49

[CDD (BASE 65) ]
TOTAL THIS MO.     0
DPTR FM NORMAL     0    [PRESSURE DATA]
TOTAL FM JAN 1     0    HIGHEST SLP M ON M
DPTR FM NORMAL     0    LOWEST  SLP 29.51 ON 13

[REMARKS]
