000
CXUS54 KTSA 230840
CF6BVO
PRELIMINARY LOCAL CLIMATOLOGICAL DATA (WS FORM: F-6)

                                          STATION:   BARTLESVILLE OKLAHOMA
                                          MONTH:     APRIL
                                          YEAR:      2019
                                          LATITUDE:   36 45 N
                                          LONGITUDE:  96  0 W

  TEMPERATURE IN F:       :PCPN:    SNOW:  WIND      :SUNSHINE: SKY     :PK WND
================================================================================
1   2   3   4   5  6A  6B    7    8   9   10  11  12  13   14  15   16   17  18
                                     12Z  AVG MX 2MIN
DY MAX MIN AVG DEP HDD CDD  WTR  SNW DPTH SPD SPD DIR MIN PSBL S-S WX    SPD DR
================================================================================

 1  56  27  42 -12  23   0 0.00  0.0    0  2.6 13 220   M    M   2 8      18 170
 2  72  30  51  -3  14   0 0.00  0.0    0  4.6 17 220   M    M   0        25 210
 3  71  45  58   3   7   0 0.21  0.0    0 11.5 28 160   M    M   2 1      33 160
 4  65  45  55   0  10   0 0.23  0.0    0  3.2 14  10   M    M   8 13     17  10
 5  73  39  56   1   9   0 0.00  0.0    0  2.0 13 120   M    M   2 12     15 110
 6  72  48  60   4   5   0 0.00  0.0    0  8.2 21 160   M    M   5 1      26 160
 7  79  53  66  10   0   1 0.00  0.0    0  4.1 12 170   M    M   4 18     16 170
 8  83  49  66  10   0   1 0.00  0.0    0  3.0 14  40   M    M   1 128    18  40
 9  89  44  67  10   0   2 0.00  0.0    0  4.1 12 260   M    M   0 18     20 260
10  90  63  77  20   0  12 0.00  0.0    0 16.4 31 170   M    M   0 8      46 160
11  77  39  58   1   7   0 0.00  0.0    0 11.4 23 260   M    M   1        35 180
12  60  34  47 -11  18   0 0.00  0.0    0  3.4 12 230   M    M   2 18     15 280
13  53  40  47 -11  18   0 0.17  0.0    0 14.3 31  30   M    M   6 18     45  10
14  66  40  53  -5  12   0 0.04  0.0    0  5.5 16  20   M    M   2        21  20
15  80  39  60   1   5   0 0.00  0.0    0 12.3 24 170   M    M   0        35 170
16  80  61  71  12   0   6 0.00  0.0    0 13.5 25 170   M    M   0        32 190
17  81  58  70  11   0   5 0.14  0.0    0 13.3 25 200   M    M   8 13     33 190
18  69  52  61   1   4   0    T  0.0    0  9.0 25  10   M    M   4 1      37  10
19  68  40  54  -6  11   0 0.00  0.0    0  5.3 22  10   M    M   2        28 360
20  80  34  57  -3   8   0 0.00  0.0    0  5.3 17 170   M    M   0 1      23 180
21  84  53  69   8   0   4 0.00  0.0    0 14.6 32 160   M    M   0        40 160
22  72  57  65   4   0   0 0.00  0.0    0  6.5 16 200   M    M   7        22 210
================================================================================
SM 1620  990       151  31  0.79     0.0 174.1          M       56
================================================================================
AV 73.6 45.0                               7.9 FASTST   M    M   3    MAX(MPH)
                                 MISC ---->  # 32 160               # 46  160
================================================================================
NOTES:
# LAST OF SEVERAL OCCURRENCES

COLUMN 17 PEAK WIND IN M.P.H.

PRELIMINARY LOCAL CLIMATOLOGICAL DATA (WS FORM: F-6) , PAGE 2

                                          STATION:  BARTLESVILLE OKLAHOMA
                                          MONTH:    APRIL
                                          YEAR:     2019
                                          LATITUDE:   36 45 N
                                          LONGITUDE:  96  0 W

[TEMPERATURE DATA]      [PRECIPITATION DATA]       SYMBOLS USED IN COLUMN 16

AVERAGE MONTHLY: 59.3   TOTAL FOR MONTH:   0.79    1 = FOG OR MIST
DPTR FM NORMAL:   1.8   DPTR FM NORMAL:   -1.88    2 = FOG REDUCING VISIBILITY
HIGHEST:    90 ON 10    GRTST 24HR  0.23 ON  4- 4      TO 1/4 MILE OR LESS
LOWEST:     27 ON  1                               3 = THUNDER
                        SNOW, ICE PELLETS, HAIL    4 = ICE PELLETS
                        TOTAL MONTH:   0.0 INCH    5 = HAIL
                        GRTST 24HR     0.0         6 = FREEZING RAIN OR DRIZZLE
                        GRTST DEPTH:   0           7 = DUSTSTORM OR SANDSTORM:
                                                       VSBY 1/2 MILE OR LESS
                                                   8 = SMOKE OR HAZE
[NO. OF DAYS WITH]      [WEATHER - DAYS WITH]      9 = BLOWING SNOW
                                                   X = TORNADO
MAX 32 OR BELOW:   0    0.01 INCH OR MORE:   5
MAX 90 OR ABOVE:   1    0.10 INCH OR MORE:   4
MIN 32 OR BELOW:   2    0.50 INCH OR MORE:   0
MIN  0 OR BELOW:   0    1.00 INCH OR MORE:   0

[HDD (BASE 65) ]
TOTAL THIS MO.   151    CLEAR  (SCALE 0-3)  15
DPTR FM NORMAL   -39    PTCLDY (SCALE 4-7)   6
TOTAL FM JUL 1  4260    CLOUDY (SCALE 8-10)  1
DPTR FM NORMAL   284

[CDD (BASE 65) ]
TOTAL THIS MO.    31
DPTR FM NORMAL     6    [PRESSURE DATA]
TOTAL FM JAN 1    31    HIGHEST SLP M ON M
DPTR FM NORMAL     0    LOWEST  SLP 29.27 ON 10

[REMARKS]
