000
CXUS54 KTSA 200840
CF6BVO
PRELIMINARY LOCAL CLIMATOLOGICAL DATA (WS FORM: F-6)

                                          STATION:   BARTLESVILLE OKLAHOMA
                                          MONTH:     AUGUST
                                          YEAR:      2019
                                          LATITUDE:   36 45 N
                                          LONGITUDE:  96  0 W

  TEMPERATURE IN F:       :PCPN:    SNOW:  WIND      :SUNSHINE: SKY     :PK WND
================================================================================
1   2   3   4   5  6A  6B    7    8   9   10  11  12  13   14  15   16   17  18
                                     12Z  AVG MX 2MIN
DY MAX MIN AVG DEP HDD CDD  WTR  SNW DPTH SPD SPD DIR MIN PSBL S-S WX    SPD DR
================================================================================

 1  90  70  80  -1   0  15 0.35  0.0    0  6.9 16 160   M    M   1 13     21 160
 2  79  73  76  -5   0  11 0.71  0.0    0  2.9 10 150   M    M   3 13     13 140
 3  87  73  80  -1   0  15 0.02  0.0    0  2.3 12  60   M    M   7 1      16  40
 4  90  70  80  -1   0  15 0.00  0.0    0  2.1  8  70   M    M   6 12     11  60
 5  92  67  80  -1   0  15 0.00  0.0    0  0.8  7 120   M    M   1 1       9  20
 6  98  70  84   3   0  19 0.00  0.0    0  1.2 17  60   M    M   0 1      21  60
 7  91  70  81   0   0  16 0.00  0.0    0  7.0 23  10   M    M   1 1      30  40
 8  80  68  74  -7   0   9 1.85  0.0    0  6.2 24  30   M    M   7 13     38  20
 9  83  70  77  -4   0  12 0.02  0.0    0  1.2  7  90   M    M   7 1       9  80
10  94  72  83   2   0  18 0.00  0.0    0  3.6 12 120   M    M   2 12     15 140
11  95  75  85   4   0  20 0.00  0.0    0  5.4 14 150   M    M   1        18 170
12  98  72  85   4   0  20 0.22  0.0    0  7.5 22 220   M    M   1 13     36 250
13  91  73  82   1   0  17    T  0.0    0  3.3 13 220   M    M   2 3      17 260
14  92  68  80  -1   0  15 0.00  0.0    0  2.4  9  30   M    M   0        14  20
15  93  65  79  -2   0  14 0.00  0.0    0  3.3 12 170   M    M   0        16 170
16  90  73  82   1   0  17 0.11  0.0    0  7.9 23 160   M    M   3 13     31 160
17  91  70  81   1   0  16 0.37  0.0    0  7.9 21 360   M    M   2 13     33 350
18  90  70  80   0   0  15 0.01  0.0    0  5.4 21 130   M    M   4 13     27 130
19  97  75  86   6   0  21 0.00  0.0    0  6.4 13 160   M    M   1        17 170
================================================================================
SM 1721 1344         0 300  3.66     0.0  83.7          M       49
================================================================================
AV 90.6 70.7                               4.4 FASTST   M    M   3    MAX(MPH)
                                 MISC ---->  # 24  30               # 38   20
================================================================================
NOTES:
# LAST OF SEVERAL OCCURRENCES

COLUMN 17 PEAK WIND IN M.P.H.

PRELIMINARY LOCAL CLIMATOLOGICAL DATA (WS FORM: F-6) , PAGE 2

                                          STATION:  BARTLESVILLE OKLAHOMA
                                          MONTH:    AUGUST
                                          YEAR:     2019
                                          LATITUDE:   36 45 N
                                          LONGITUDE:  96  0 W

[TEMPERATURE DATA]      [PRECIPITATION DATA]       SYMBOLS USED IN COLUMN 16

AVERAGE MONTHLY: 80.7   TOTAL FOR MONTH:   3.66    1 = FOG OR MIST
DPTR FM NORMAL:  -0.2   DPTR FM NORMAL:    1.75    2 = FOG REDUCING VISIBILITY
HIGHEST:    98 ON 12, 6 GRTST 24HR  1.85 ON  8- 8      TO 1/4 MILE OR LESS
LOWEST:     65 ON 15                               3 = THUNDER
                        SNOW, ICE PELLETS, HAIL    4 = ICE PELLETS
                        TOTAL MONTH:   0.0 INCH    5 = HAIL
                        GRTST 24HR     0.0         6 = FREEZING RAIN OR DRIZZLE
                        GRTST DEPTH:   0           7 = DUSTSTORM OR SANDSTORM:
                                                       VSBY 1/2 MILE OR LESS
                                                   8 = SMOKE OR HAZE
[NO. OF DAYS WITH]      [WEATHER - DAYS WITH]      9 = BLOWING SNOW
                                                   X = TORNADO
MAX 32 OR BELOW:   0    0.01 INCH OR MORE:   9
MAX 90 OR ABOVE:  15    0.10 INCH OR MORE:   6
MIN 32 OR BELOW:   0    0.50 INCH OR MORE:   2
MIN  0 OR BELOW:   0    1.00 INCH OR MORE:   1

[HDD (BASE 65) ]
TOTAL THIS MO.     0    CLEAR  (SCALE 0-3)  13
DPTR FM NORMAL     0    PTCLDY (SCALE 4-7)   6
TOTAL FM JUL 1     0    CLOUDY (SCALE 8-10)  0
DPTR FM NORMAL     0

[CDD (BASE 65) ]
TOTAL THIS MO.   300
DPTR FM NORMAL    -1    [PRESSURE DATA]
TOTAL FM JAN 1  1235    HIGHEST SLP M ON M
DPTR FM NORMAL   -85    LOWEST  SLP 29.69 ON 17

[REMARKS]
