000
CXUS54 KTSA 210940
CF6BVO
PRELIMINARY LOCAL CLIMATOLOGICAL DATA (WS FORM: F-6)

                                          STATION:   BARTLESVILLE OKLAHOMA
                                          MONTH:     FEBRUARY
                                          YEAR:      2019
                                          LATITUDE:   36 45 N
                                          LONGITUDE:  96  0 W

  TEMPERATURE IN F:       :PCPN:    SNOW:  WIND      :SUNSHINE: SKY     :PK WND
================================================================================
1   2   3   4   5  6A  6B    7    8   9   10  11  12  13   14  15   16   17  18
                                     12Z  AVG MX 2MIN
DY MAX MIN AVG DEP HDD CDD  WTR  SNW DPTH SPD SPD DIR MIN PSBL S-S WX    SPD DR
================================================================================

 1  54  30  42   5  23   0 0.00  0.0    0  3.4 14 160   M    M   9 12     17 160
 2  65  38  52  15  13   0 0.00  0.0    0  8.8 18 180   M    M   9 12     26 210
 3  70  56  63  26   2   0 0.00  0.0    0 13.7 28 170   M    M   8 1      37 170
 4  62  35  49  12  16   0 0.00  0.0    0  8.0 16  20   M    M   7 1      26 350
 5  35  30  33  -4  32   0 0.02    M    0  8.4 14  30   M    M  10 14     19  40
 6  33  30  32  -6  33   0 0.54    M    0  8.5 17  30   M    M  10 136    23  30
 7  31  13  22 -16  43   0 0.28    M    0  4.8 22  10   M    M   6 136    27  10
 8  26   9  18 -20  47   0 0.00  0.0    0  2.7 14  20   M    M   0        17  20
 9  36  15  26 -12  39   0 0.00  0.0    0  4.0 10 130   M    M   8        14 130
10  42  33  38   0  27   0 0.01    M    0  6.2 15 170   M    M  10 1      21 170
11  49  38  44   5  21   0 0.17  0.0    0  5.1 12 180   M    M  10 12     15 150
12  52  26  39   0  26   0 0.00  0.0    0  4.6 13 270   M    M   3        21 280
13  62  24  43   4  22   0 0.00  0.0    0 10.2 26 210   M    M   0        35 210
14  70  31  51  11  14   0 0.00  0.0    0 12.0 25  10   M    M   0        31  10
15  31  21  26 -14  39   0 0.04    M    0 13.8 21  30   M    M   8 16     27  20
16  31  21  26 -14  39   0 0.00  0.0    0  6.4 14  40   M    M  10 1      17  20
17  44  23  34  -6  31   0 0.00  0.0    0  5.1 13 280   M    M   5 1      22 280
18  37  17  27 -14  38   0 0.00  0.0    0  7.7 15  20   M    M   3        19  10
19  40  27  34  -7  31   0 0.20    M    0  7.6 15  80   M    M   8 168    19  80
20  45  25  35  -6  30   0 0.00  0.0    0  5.1 16 220   M    M   6 18     20 280
================================================================================
SM  915  542       566   0  1.26     0.0 146.1          M      130
================================================================================
AV 45.8 27.1                               7.3 FASTST   M    M   7    MAX(MPH)
                                 MISC ---->  # 28 170               # 37  170
================================================================================
NOTES:
# LAST OF SEVERAL OCCURRENCES

COLUMN 17 PEAK WIND IN M.P.H.

PRELIMINARY LOCAL CLIMATOLOGICAL DATA (WS FORM: F-6) , PAGE 2

                                          STATION:  BARTLESVILLE OKLAHOMA
                                          MONTH:    FEBRUARY
                                          YEAR:     2019
                                          LATITUDE:   36 45 N
                                          LONGITUDE:  96  0 W

[TEMPERATURE DATA]      [PRECIPITATION DATA]       SYMBOLS USED IN COLUMN 16

AVERAGE MONTHLY: 36.4   TOTAL FOR MONTH:   1.26    1 = FOG OR MIST
DPTR FM NORMAL:  -2.3   DPTR FM NORMAL:   -0.03    2 = FOG REDUCING VISIBILITY
HIGHEST:    70 ON 14, 3 GRTST 24HR  0.54 ON  6- 6      TO 1/4 MILE OR LESS
LOWEST:      9 ON  8                               3 = THUNDER
                        SNOW, ICE PELLETS, HAIL    4 = ICE PELLETS
                        TOTAL MONTH:   0.0 INCH    5 = HAIL
                        GRTST 24HR     0.0         6 = FREEZING RAIN OR DRIZZLE
                        GRTST DEPTH:   0           7 = DUSTSTORM OR SANDSTORM:
                                                       VSBY 1/2 MILE OR LESS
                                                   8 = SMOKE OR HAZE
[NO. OF DAYS WITH]      [WEATHER - DAYS WITH]      9 = BLOWING SNOW
                                                   X = TORNADO
MAX 32 OR BELOW:   4    0.01 INCH OR MORE:   7
MAX 90 OR ABOVE:   0    0.10 INCH OR MORE:   4
MIN 32 OR BELOW:  15    0.50 INCH OR MORE:   1
MIN  0 OR BELOW:   0    1.00 INCH OR MORE:   0

[HDD (BASE 65) ]
TOTAL THIS MO.   566    CLEAR  (SCALE 0-3)   4
DPTR FM NORMAL    40    PTCLDY (SCALE 4-7)   9
TOTAL FM JUL 1  3267    CLOUDY (SCALE 8-10)  7
DPTR FM NORMAL   169

[CDD (BASE 65) ]
TOTAL THIS MO.     0
DPTR FM NORMAL     0    [PRESSURE DATA]
TOTAL FM JAN 1     0    HIGHEST SLP M ON M
DPTR FM NORMAL     0    LOWEST  SLP 29.53 ON 14

[REMARKS]
