000
CXUS54 KLZK 191130
CF6BVX
PRELIMINARY LOCAL CLIMATOLOGICAL DATA (WS FORM: F-6)

                                          STATION:   Batesville Regional Airport
                                          MONTH:     AUGUST
                                          YEAR:      2019
                                          LATITUDE:   35 43 N
                                          LONGITUDE:  91 39 W

  TEMPERATURE IN F:       :PCPN:    SNOW:  WIND      :SUNSHINE: SKY     :PK WND
================================================================================
1   2   3   4   5  6A  6B    7    8   9   10  11  12  13   14  15   16   17  18
                                     12Z  AVG MX 2MIN
DY MAX MIN AVG DEP HDD CDD  WTR  SNW DPTH SPD SPD DIR MIN PSBL S-S WX    SPD DR
================================================================================

 1  86  72  79  -2   0  14    T    M    M  2.3  6  70   M    M   5 8       M  M
 2  87  66  77  -4   0  12 0.00    M    M  2.2  8 110   M    M   2 12      M  M
 3  90  65  78  -3   0  13 0.00    M    M  2.7  6 110   M    M   2 128     M  M
 4  91  70  81   0   0  16 0.14    M    M  3.5  7  80   M    M   3         M  M
 5  91  69  80  -1   0  15 0.00    M    M  2.4  9 100   M    M   2 12      M  M
 6  95  75  85   4   0  20 0.00    M    M  5.5 13 240   M    M   2         M  M
 7  96  71  84   3   0  19 0.23    M    M  2.3  8 260   M    M   1 3      16 260
 8  81  71  76  -5   0  11 3.04    M    M  2.6  8 230   M    M   4 123     M  M
 9  84  73  79  -2   0  14 0.62    M    M  1.9  6 140   M    M   8 123     M  M
10  87  73  80   0   0  15 0.00    M    M  2.5  7 130   M    M   5 128     M  M
11  86  75  81   1   0  16 0.04    M    M  1.9  5 140   M    M   3         M  M
12  96  75  86   6   0  21 0.00    M    M  5.0 13 240   M    M   0 18      M  M
13  96  76  86   6   0  21 0.00    M    M  4.1  9 240   M    M   0 38      M  M
14  91  72  82   2   0  17    M    M    M  2.4  7 280   M    M   1         M  M
15  91  68  80   0   0  15    M    M    M  3.7  6 140   M    M   0         M  M
16  91  70  81   1   0  16    M    M    M  3.4 10 220   M    M   0         M  M
17  93  74  84   4   0  19    M    M    M  4.9  8 140   M    M   0 8       M  M
18  91  75  83   3   0  18    M    M    M  5.1 10 230   M    M   1         M  M
================================================================================
SM 1623 1290         0 292  4.07    M     58.4          M       39
================================================================================
AV 90.2 71.7                               3.2 FASTST   M    M   2    MAX(MPH)
                                 MISC ---->  # 13 240               # 16  260
================================================================================
NOTES:
# LAST OF SEVERAL OCCURRENCES

COLUMN 17 PEAK WIND IN M.P.H.

PRELIMINARY LOCAL CLIMATOLOGICAL DATA (WS FORM: F-6) , PAGE 2

                                          STATION:  Batesville Regional Airport
                                          MONTH:    AUGUST
                                          YEAR:     2019
                                          LATITUDE:   35 43 N
                                          LONGITUDE:  91 39 W

[TEMPERATURE DATA]      [PRECIPITATION DATA]       SYMBOLS USED IN COLUMN 16

AVERAGE MONTHLY: 80.9   TOTAL FOR MONTH:   4.07    1 = FOG OR MIST
DPTR FM NORMAL:   0.4   DPTR FM NORMAL:    2.33    2 = FOG REDUCING VISIBILITY
HIGHEST:    96 ON 13,12 GRTST 24HR  3.04 ON  8- 8      TO 1/4 MILE OR LESS
LOWEST:     65 ON  3                               3 = THUNDER
                        SNOW, ICE PELLETS, HAIL    4 = ICE PELLETS
                        TOTAL MONTH:    M          5 = HAIL
                        GRTST 24HR    M  ON   M    6 = FREEZING RAIN OR DRIZZLE
                        GRTST DEPTH:  M  ON   M    7 = DUSTSTORM OR SANDSTORM:
                                                       VSBY 1/2 MILE OR LESS
                                                   8 = SMOKE OR HAZE
[NO. OF DAYS WITH]      [WEATHER - DAYS WITH]      9 = BLOWING SNOW
                                                   X = TORNADO
MAX 32 OR BELOW:   0    0.01 INCH OR MORE:   5
MAX 90 OR ABOVE:  12    0.10 INCH OR MORE:   4
MIN 32 OR BELOW:   0    0.50 INCH OR MORE:   2
MIN  0 OR BELOW:   0    1.00 INCH OR MORE:   1

[HDD (BASE 65) ]
TOTAL THIS MO.     0    CLEAR  (SCALE 0-3)  12
DPTR FM NORMAL     0    PTCLDY (SCALE 4-7)   6
TOTAL FM JUL 1     0    CLOUDY (SCALE 8-10)  0
DPTR FM NORMAL     0

[CDD (BASE 65) ]
TOTAL THIS MO.   292
DPTR FM NORMAL    12    [PRESSURE DATA]
TOTAL FM JAN 1  1291    HIGHEST SLP M ON M
DPTR FM NORMAL    -7    LOWEST  SLP 29.81 ON 12

[REMARKS]
