000
CXUS53 KLMK 240800
CF6BWG
PRELIMINARY LOCAL CLIMATOLOGICAL DATA (WS FORM: F-6)

                                          STATION:   BOWLING GREEN KY
                                          MONTH:     APRIL
                                          YEAR:      2019
                                          LATITUDE:   36 58 N
                                          LONGITUDE:  86 26 W

  TEMPERATURE IN F:       :PCPN:    SNOW:  WIND      :SUNSHINE: SKY     :PK WND
================================================================================
1   2   3   4   5  6A  6B    7    8   9   10  11  12  13   14  15   16   17  18
                                     12Z  AVG MX 2MIN
DY MAX MIN AVG DEP HDD CDD  WTR  SNW DPTH SPD SPD DIR MIN PSBL S-S WX    SPD DR
================================================================================

 1  51  27  39 -14  26   0 0.00  0.0    0  6.7 18  80   M    M   0        24  80
 2  61  37  49  -5  16   0 0.00  0.0    0  5.1 17 220   M    M   0        24 260
 3  70  37  54   0  11   0 0.00  0.0    0  2.4 13 220   M    M   0        17 230
 4  71  43  57   3   8   0 0.22  0.0    0  6.5 22 180   M    M   3 1      30 190
 5  63  53  58   4   7   0 0.00  0.0    0  2.6  9 280   M    M  10 18     12 270
 6  75  46  61   6   4   0 0.00  0.0    0  2.2 10  60   M    M   4 12     14 110
 7  72  58  65  10   0   0 0.39  0.0    0  9.6 23 230   M    M   5 13     36 220
 8  72  55  64   9   1   0 0.41  0.0    0  3.5 12 150   M    M   6 12     15 170
 9  81  52  67  11   0   2 0.00  0.0    0  3.8 15 280   M    M   2 128    23 320
10  81  47  64   8   1   0 0.00  0.0    0  3.6 13  90   M    M   0        17 120
11  84  57  71  15   0   6 0.00  0.0    0 13.2 28 180   M    M   1        39 190
12  76  52  64   7   1   0 0.11  0.0    0  8.8 28 260   M    M   2 1      38 260
13  64  49  57   0   8   0 0.81  0.0    0  3.9 14  60   M    M   7 1      19  70
14  76  40  58   1   7   0 0.46  0.0    0 16.7 32 250   M    M   8 1      50 260
15  63  36  50  -8  15   0 0.00  0.0    0  4.8 13 280   M    M   1        19 320
16  80  41  61   3   4   0 0.00  0.0    0  8.4 21 220   M    M   0        29 240
17  79  53  66   8   0   1 0.00  0.0    0  9.1 20 190   M    M   1        27 200
18  79  59  69  11   0   4 0.64  0.0    0 11.9 26 180   M    M   5 1      38 170
19  61  43  52  -7  13   0 1.15  0.0    0  7.3 16 310   M    M   9 18     27 310
20  49  39  44 -15  21   0 0.47  0.0    0  5.6 15 290   M    M   8 1      24 290
21  72  36  54  -5  11   0 0.00  0.0    0  1.5  9 190   M    M   3 12     13 190
22  81  43  62   2   3   0 0.00  0.0    0  3.5 12 240   M    M   0        23 280
23  81  56  69   9   0   4 0.00  0.0    0  6.5 18 220   M    M   0        26 210
================================================================================
SM 1642 1059       157  17  4.66     0.0 147.2          M       75
================================================================================
AV 71.4 46.0                               6.4 FASTST   M    M   3    MAX(MPH)
                                 MISC ---->  # 32 250               # 50  260
================================================================================
NOTES:
# LAST OF SEVERAL OCCURRENCES

COLUMN 17 PEAK WIND IN M.P.H.

PRELIMINARY LOCAL CLIMATOLOGICAL DATA (WS FORM: F-6) , PAGE 2

                                          STATION:  BOWLING GREEN KY
                                          MONTH:    APRIL
                                          YEAR:     2019
                                          LATITUDE:   36 58 N
                                          LONGITUDE:  86 26 W

[TEMPERATURE DATA]      [PRECIPITATION DATA]       SYMBOLS USED IN COLUMN 16

AVERAGE MONTHLY: 58.7   TOTAL FOR MONTH:   4.66    1 = FOG OR MIST
DPTR FM NORMAL:   2.1   DPTR FM NORMAL:    1.44    2 = FOG REDUCING VISIBILITY
HIGHEST:    84 ON 11    GRTST 24HR  1.15 ON 19-19      TO 1/4 MILE OR LESS
LOWEST:     27 ON  1                               3 = THUNDER
                        SNOW, ICE PELLETS, HAIL    4 = ICE PELLETS
                        TOTAL MONTH:   0.0 INCH    5 = HAIL
                        GRTST 24HR     0.0         6 = FREEZING RAIN OR DRIZZLE
                        GRTST DEPTH:   0           7 = DUSTSTORM OR SANDSTORM:
                                                       VSBY 1/2 MILE OR LESS
                                                   8 = SMOKE OR HAZE
[NO. OF DAYS WITH]      [WEATHER - DAYS WITH]      9 = BLOWING SNOW
                                                   X = TORNADO
MAX 32 OR BELOW:   0    0.01 INCH OR MORE:   9
MAX 90 OR ABOVE:   0    0.10 INCH OR MORE:   9
MIN 32 OR BELOW:   1    0.50 INCH OR MORE:   3
MIN  0 OR BELOW:   0    1.00 INCH OR MORE:   1

[HDD (BASE 65) ]
TOTAL THIS MO.   157    CLEAR  (SCALE 0-3)  13
DPTR FM NORMAL   -56    PTCLDY (SCALE 4-7)   8
TOTAL FM JUL 1  3698    CLOUDY (SCALE 8-10)  2
DPTR FM NORMAL  -233

[CDD (BASE 65) ]
TOTAL THIS MO.    17
DPTR FM NORMAL    -5    [PRESSURE DATA]
TOTAL FM JAN 1    19    HIGHEST SLP M ON M
DPTR FM NORMAL    -8    LOWEST  SLP 29.31 ON 14

[REMARKS]
