000
CXUS53 KLMK 170800
CF6BWG
PRELIMINARY LOCAL CLIMATOLOGICAL DATA (WS FORM: F-6)

                                          STATION:   BOWLING GREEN KY
                                          MONTH:     FEBRUARY
                                          YEAR:      2019
                                          LATITUDE:   36 58 N
                                          LONGITUDE:  86 26 W

  TEMPERATURE IN F:       :PCPN:    SNOW:  WIND      :SUNSHINE: SKY     :PK WND
================================================================================
1   2   3   4   5  6A  6B    7    8   9   10  11  12  13   14  15   16   17  18
                                     12Z  AVG MX 2MIN
DY MAX MIN AVG DEP HDD CDD  WTR  SNW DPTH SPD SPD DIR MIN PSBL S-S WX    SPD DR
================================================================================

 1  49  32  41   4  24   0 0.01  0.0    0  2.7 12 260   M    M   9 12     18 230
 2  62  34  48  11  17   0 0.00  0.0    0  2.1 10 220   M    M   9 1      15 220
 3  69  36  53  16  12   0 0.00  0.0    0  4.3 15 190   M    M   3        20 180
 4  63  38  51  14  14   0 0.09  0.0    0  8.6 20 190   M    M   8 1      28 180
 5  71  58  65  27   0   0 0.05  0.0    0  5.3 14 160   M    M   8 1      18 170
 6  66  58  62  24   3   0 1.78  0.0    0  6.1 23 270   M    M   9 1      32 270
 7  73  36  55  17  10   0 1.03  0.0    0 12.8 29 200   M    M   9 13     43 200
 8  36  23  30  -8  35   0 0.00  0.0    0  7.8 16 280   M    M   4        27 320
 9  39  20  30  -8  35   0 0.00  0.0    0  8.3 16  60   M    M   0        22  70
10  46  32  39   1  26   0 0.73  0.0    0  4.7  9 100   M    M  10 1      13  70
11  59  46  53  14  12   0 1.41  0.0    0  6.8 15 180   M    M  10 1      21 190
12  61  36  49  10  16   0 0.66  0.0    0 11.1 26 290   M    M   7 1      43 300
13  50  31  41   2  24   0 0.00  0.0    0  8.9 18 260   M    M   0        27 270
14  59  38  49   9  16   0 0.00  0.0    0 13.0 25 190   M    M   2        35 200
15  56  33  45   5  20   0 0.46    T    0  7.0 13  40   M    M   9 18     21 330
16  43  29  36  -4  29   0 0.09  0.3    T  6.9 14  50   M    M   3 1      18  50
================================================================================
SM  902  580       293   0  6.31     0.3 116.4          M      100
================================================================================
AV 56.4 36.3                               7.3 FASTST   M    M   6    MAX(MPH)
                                 MISC ---->  # 29 200               # 43  200
================================================================================
NOTES:
# LAST OF SEVERAL OCCURRENCES

COLUMN 17 PEAK WIND IN M.P.H.

PRELIMINARY LOCAL CLIMATOLOGICAL DATA (WS FORM: F-6) , PAGE 2

                                          STATION:  BOWLING GREEN KY
                                          MONTH:    FEBRUARY
                                          YEAR:     2019
                                          LATITUDE:   36 58 N
                                          LONGITUDE:  86 26 W

[TEMPERATURE DATA]      [PRECIPITATION DATA]       SYMBOLS USED IN COLUMN 16

AVERAGE MONTHLY: 46.3   TOTAL FOR MONTH:   6.31    1 = FOG OR MIST
DPTR FM NORMAL:   8.0   DPTR FM NORMAL:    4.01    2 = FOG REDUCING VISIBILITY
HIGHEST:    73 ON  7    GRTST 24HR  1.78 ON  6- 6      TO 1/4 MILE OR LESS
LOWEST:     20 ON  9                               3 = THUNDER
                        SNOW, ICE PELLETS, HAIL    4 = ICE PELLETS
                        TOTAL MONTH:   0.3 INCH    5 = HAIL
                        GRTST 24HR   0.3 ON 16-16  6 = FREEZING RAIN OR DRIZZLE
                        GRTST DEPTH:   T           7 = DUSTSTORM OR SANDSTORM:
                                                       VSBY 1/2 MILE OR LESS
                                                   8 = SMOKE OR HAZE
[NO. OF DAYS WITH]      [WEATHER - DAYS WITH]      9 = BLOWING SNOW
                                                   X = TORNADO
MAX 32 OR BELOW:   0    0.01 INCH OR MORE:  10
MAX 90 OR ABOVE:   0    0.10 INCH OR MORE:   6
MIN 32 OR BELOW:   6    0.50 INCH OR MORE:   5
MIN  0 OR BELOW:   0    1.00 INCH OR MORE:   3

[HDD (BASE 65) ]
TOTAL THIS MO.   293    CLEAR  (SCALE 0-3)   5
DPTR FM NORMAL  -134    PTCLDY (SCALE 4-7)   3
TOTAL FM JUL 1  2698    CLOUDY (SCALE 8-10)  8
DPTR FM NORMAL  -221

[CDD (BASE 65) ]
TOTAL THIS MO.     0
DPTR FM NORMAL     0    [PRESSURE DATA]
TOTAL FM JAN 1     0    HIGHEST SLP M ON M
DPTR FM NORMAL     0    LOWEST  SLP 29.56 ON 12

[REMARKS]
