000
CXUS51 KLWX 210620
CF6BWI
PRELIMINARY LOCAL CLIMATOLOGICAL DATA (WS FORM: F-6)

                                          STATION:   BALTIMORE MD
                                          MONTH:     APRIL
                                          YEAR:      2019
                                          LATITUDE:   39 10 N
                                          LONGITUDE:  76 40 W

  TEMPERATURE IN F:       :PCPN:    SNOW:  WIND      :SUNSHINE: SKY     :PK WND
================================================================================
1   2   3   4   5  6A  6B    7    8   9   10  11  12  13   14  15   16   17  18
                                     12Z  AVG MX 2MIN
DY MAX MIN AVG DEP HDD CDD  WTR  SNW DPTH SPD SPD DIR MIN PSBL S-S WX    SPD DR
================================================================================

 1  50  31  41  -8  24   0 0.00  0.0    0 10.1 24 310   M    M   3        31 310
 2  49  30  40  -9  25   0 0.03  0.0    0  5.2 15  70   M    M   9        18  70
 3  70  34  52   2  13   0 0.00  0.0    0 10.3 29 270   M    M   2        41 280
 4  67  40  54   4  11   0 0.00  0.0    0  4.1 15 290   M    M   7        20 290
 5  53  43  48  -2  17   0 0.02  0.0    0 11.3 20  90   M    M  10 1      24  70
 6  70  43  57   7   8   0    T  0.0    0  3.3 10  50   M    M   6 18     18  30
 7  71  43  57   6   8   0    T  0.0    0  5.3 18 110   M    M   8        26 110
 8  84  54  69  18   0   4 0.02  0.0    0  8.0 24 270   M    M   9 3      29 240
 9  80  61  71  19   0   6 0.00  0.0    0  9.4 22 270   M    M   7        29 270
10  69  44  57   5   8   0 0.00  0.0    0  7.6 22 290   M    M   4        30 280
11  58  45  52   0  13   0 0.00  0.0    0 11.5 20  70   M    M   8        25  90
12  72  47  60   7   5   0 0.04  0.0    0  6.9 17 130   M    M  10 1      24 150
13  77  61  69  16   0   4 0.10  0.0    0  3.5 10 220   M    M   9 1      15 250
14  73  57  65  12   0   0    T  0.0    0  6.5 15 150   M    M   9 1      22 130
15  71  43  57   3   8   0 0.40  0.0    0 17.3 37 280   M    M   6 13     49 300
16  69  42  56   2   9   0 0.00  0.0    0  8.7 20 290   M    M   4        24 280
17  67  49  58   4   7   0 0.00  0.0    0  8.8 15  80   M    M   8        21 110
18  79  53  66  12   0   1 0.00  0.0    0  7.4 15 140   M    M   9 1      24 150
19  77  64  71  16   0   6 0.35  0.0    0  9.3 17 150   M    M   9 1      25 150
20  74  59  67  12   0   2 0.01  0.0    0  9.4 18 170   M    M   8 1      31 160
================================================================================
SM 1380  943       156  23  0.97     0.0 163.9          M      145
================================================================================
AV 69.0 47.2                               8.2 FASTST   M    M   7    MAX(MPH)
                                 MISC ---->  # 37 280               # 49  300
================================================================================
NOTES:
# LAST OF SEVERAL OCCURRENCES

COLUMN 17 PEAK WIND IN M.P.H.

PRELIMINARY LOCAL CLIMATOLOGICAL DATA (WS FORM: F-6) , PAGE 2

                                          STATION:  BALTIMORE MD
                                          MONTH:    APRIL
                                          YEAR:     2019
                                          LATITUDE:   39 10 N
                                          LONGITUDE:  76 40 W

[TEMPERATURE DATA]      [PRECIPITATION DATA]       SYMBOLS USED IN COLUMN 16

AVERAGE MONTHLY: 58.1   TOTAL FOR MONTH:   0.97    1 = FOG OR MIST
DPTR FM NORMAL:   6.0   DPTR FM NORMAL:   -1.18    2 = FOG REDUCING VISIBILITY
HIGHEST:    84 ON  8    GRTST 24HR  0.40 ON 15-15      TO 1/4 MILE OR LESS
LOWEST:     30 ON  2                               3 = THUNDER
                        SNOW, ICE PELLETS, HAIL    4 = ICE PELLETS
                        TOTAL MONTH:   0.0 INCH    5 = HAIL
                        GRTST 24HR     0.0         6 = FREEZING RAIN OR DRIZZLE
                        GRTST DEPTH:   0           7 = DUSTSTORM OR SANDSTORM:
                                                       VSBY 1/2 MILE OR LESS
                                                   8 = SMOKE OR HAZE
[NO. OF DAYS WITH]      [WEATHER - DAYS WITH]      9 = BLOWING SNOW
                                                   X = TORNADO
MAX 32 OR BELOW:   0    0.01 INCH OR MORE:   8
MAX 90 OR ABOVE:   0    0.10 INCH OR MORE:   3
MIN 32 OR BELOW:   2    0.50 INCH OR MORE:   0
MIN  0 OR BELOW:   0    1.00 INCH OR MORE:   0

[HDD (BASE 65) ]
TOTAL THIS MO.   156    CLEAR  (SCALE 0-3)   1
DPTR FM NORMAL  -109    PTCLDY (SCALE 4-7)  10
TOTAL FM JUL 1  4245    CLOUDY (SCALE 8-10)  9
DPTR FM NORMAL  -281

[CDD (BASE 65) ]
TOTAL THIS MO.    23
DPTR FM NORMAL    21    [PRESSURE DATA]
TOTAL FM JAN 1    24    HIGHEST SLP M ON M
DPTR FM NORMAL    21    LOWEST  SLP 29.37 ON 15

[REMARKS]
